{"id":5984,"date":"2021-03-19T19:55:52","date_gmt":"2021-03-19T19:55:52","guid":{"rendered":"https:\/\/cp-rup.com\/?page_id=5984"},"modified":"2022-12-20T20:33:34","modified_gmt":"2022-12-20T20:33:34","slug":"annual-presidency","status":"publish","type":"page","link":"https:\/\/www.cp-rup.com\/en\/annual-presidency\/","title":{"rendered":"Annual Presidency"},"content":{"rendered":"<h1 style=\"text-align: left;\"><span id=\"result_box\" class=\"short_text\" lang=\"fr\"><img loading=\"lazy\" decoding=\"async\" class=\"size-medium wp-image-7620 alignleft\" src=\"https:\/\/cp-rup.com\/wp-content\/uploads\/2022\/12\/RUP-PERFIL-RRSS_Mesa-de-trabajo-1-3-300x300.png\" alt=\"\" width=\"300\" height=\"300\" srcset=\"https:\/\/www.cp-rup.com\/wp-content\/uploads\/2022\/12\/RUP-PERFIL-RRSS_Mesa-de-trabajo-1-3-300x300.png 300w, https:\/\/www.cp-rup.com\/wp-content\/uploads\/2022\/12\/RUP-PERFIL-RRSS_Mesa-de-trabajo-1-3-150x150.png 150w, https:\/\/www.cp-rup.com\/wp-content\/uploads\/2022\/12\/RUP-PERFIL-RRSS_Mesa-de-trabajo-1-3.png 750w\" sizes=\"auto, (max-width: 300px) 100vw, 300px\" \/>Annual Presidency<\/span><\/h1>\n<p>The Conference is chaired successively by each OR, for a period of at least one year. At the ordinary session held in the chair region, the Conference appoints the next Presidency of the Conference from among its members and decides on the duration of its mandate according to the European, national and regional agenda.<br \/>\nIn 2017, a provisional calendar of future presidencies was adopted for the up-coming years.<\/p>\n<p>&nbsp;<\/p>\n<table style=\"text-align: left; font-family: 'Calibri',sans-serif; font-size: 80%; color: #707173; height: 185px; width: 700px; margin: 0 auto;\" cellspacing=\"0\" cellpadding=\"2\">\n<tbody>\n<tr style=\"border-style: solid none; border-color: #ededed; border-width: 3px;\">\n<td style=\"border-style: solid none; border-color: #707173; color: #707173; font-weight: bold; text-align: center; width: 115.448px; height: 19px;\" valign=\"undefined\">CPRUP<\/td>\n<td style=\"border-style: solid none; border-color: #707173; font-weight: bold; text-align: center; color: #707173; width: 448.875px; height: 19px;\" valign=\"undefined\">YEARS<\/td>\n<td style=\"border-style: solid none; border-color: #707173; font-weight: bold; text-align: center; color: #707173; width: 121.677px; height: 19px;\" valign=\"undefined\">PRESIDENCY<\/td>\n<\/tr>\n<tr style=\"height: 19px;\">\n<td style=\"border-style: none none solid; border-color: grey; border-width: 1px; text-align: center; width: 115.448px; height: 19px;\" valign=\"undefined\">XXI<\/td>\n<td style=\"border-style: none none solid; border-color: grey; border-width: 1px; text-align: center; width: 448.875px; height: 19px;\" valign=\"undefined\">February 2015 &#8211; September 2016<\/td>\n<td style=\"border-style: none none solid; border-color: grey; border-width: 1px; text-align: center; width: 121.677px; height: 19px;\" valign=\"undefined\">Madeira<\/td>\n<\/tr>\n<tr style=\"height: 19px;\">\n<td style=\"border-style: none none solid; border-color: grey; border-width: 1px; text-align: center; width: 115.448px; height: 19px;\" valign=\"undefined\">XXII<\/td>\n<td style=\"border-style: none none solid; border-color: grey; border-width: 1px; text-align: center; width: 448.875px; height: 19px;\" valign=\"undefined\">September 2016 &#8211; October 2017<\/td>\n<td style=\"border-style: none none solid; border-color: grey; border-width: 1px; text-align: center; width: 121.677px; height: 19px;\" valign=\"undefined\">French Guiana<\/td>\n<\/tr>\n<tr style=\"height: 19px;\">\n<td style=\"border-style: none none solid; border-color: grey; border-width: 1px; text-align: center; width: 115.448px; height: 19px;\" valign=\"undefined\">XXIII<\/td>\n<td style=\"border-style: none none solid; border-color: grey; border-width: 1px; text-align: center; width: 448.875px; height: 19px;\" valign=\"undefined\">2017 \/ 2018<\/td>\n<td style=\"border-style: none none solid; border-color: grey; border-width: 1px; text-align: center; width: 121.677px; height: 19px;\" valign=\"undefined\">Canary Islands<\/td>\n<\/tr>\n<tr style=\"height: 19px;\">\n<td style=\"border-style: none none solid; border-color: grey; border-width: 1px; text-align: center; width: 115.448px; height: 19px;\" valign=\"undefined\">XXIV<\/td>\n<td style=\"border-style: none none solid; border-color: grey; border-width: 1px; text-align: center; width: 448.875px; height: 19px;\" valign=\"undefined\">2018 \/ 2019<\/td>\n<td style=\"border-style: none none solid; border-color: grey; border-width: 1px; text-align: center; width: 121.677px; height: 19px;\" valign=\"undefined\">Saint Martin<\/td>\n<\/tr>\n<tr style=\"height: 19px;\">\n<td style=\"border-style: none none solid; border-color: grey; border-width: 1px; text-align: center; width: 115.448px; height: 19px;\" valign=\"undefined\">XXV<\/td>\n<td style=\"border-style: none none solid; border-color: grey; border-width: 1px; text-align: center; width: 448.875px; height: 19px;\" valign=\"undefined\">2019 \/ 2020<\/td>\n<td style=\"border-style: none none solid; border-color: grey; border-width: 1px; text-align: center; width: 121.677px; height: 19px;\" valign=\"undefined\">Mayotte<\/td>\n<\/tr>\n<tr style=\"height: 38px;\">\n<td style=\"border-style: none none solid; border-color: grey; border-width: 1px; text-align: center; width: 115.448px; height: 38px;\" valign=\"undefined\">XXVI<\/td>\n<td style=\"border-style: none none solid; border-color: grey; border-width: 1px; text-align: center; width: 448.875px; height: 38px;\" valign=\"undefined\">2020 \/ 2021<br \/>\n(Portuguese Presidency of the Council from January to June 2021)<\/td>\n<td style=\"border-style: none none solid; border-color: grey; border-width: 1px; text-align: center; width: 121.677px; height: 38px;\" valign=\"undefined\">Azores<\/td>\n<\/tr>\n<tr style=\"height: 38px;\">\n<td style=\"border-style: none none solid; border-color: grey; border-width: 1px; text-align: center; width: 115.448px; height: 38px;\" valign=\"undefined\">XXVII<\/td>\n<td style=\"border-style: none none solid; border-color: grey; border-width: 1px; text-align: center; width: 448.875px; height: 38px;\" valign=\"undefined\">2021 \/ 2022<br \/>\n(French Presidency of the Council from January to June 2022)<\/td>\n<td style=\"border-style: none none solid; border-color: grey; border-width: 1px; text-align: center; width: 121.677px; height: 38px;\" valign=\"undefined\">Martinique<\/td>\n<\/tr>\n<tr style=\"height: 38px;\">\n<td style=\"border-style: none none solid; border-color: grey; border-width: 1px; text-align: center; width: 115.448px; height: 38px;\" valign=\"undefined\">XXVIII<\/td>\n<td style=\"border-style: none none solid; border-color: grey; border-width: 1px; text-align: center; width: 448.875px; height: 38px;\" valign=\"undefined\">2022 \/ 2023<br \/>\n(Spanish Presidency of the Council from July to December<br \/>\n2023)<\/td>\n<td style=\"border-style: none none solid; border-color: grey; border-width: 1px; text-align: center; width: 121.677px; height: 38px;\" valign=\"undefined\">Canary Islands<\/td>\n<\/tr>\n<tr style=\"height: 19px;\">\n<td style=\"border-style: none none solid; border-color: grey; border-width: 1px; text-align: center; width: 115.448px; height: 19px;\" valign=\"undefined\">XXIX<\/td>\n<td style=\"border-style: none none solid; border-color: grey; border-width: 1px; text-align: center; width: 448.875px; height: 19px;\" valign=\"undefined\">2023 \/ 2024<\/td>\n<td style=\"border-style: none none solid; border-color: grey; border-width: 1px; text-align: center; width: 121.677px; height: 19px;\" valign=\"undefined\">R\u00e9union Island<\/td>\n<\/tr>\n<tr style=\"height: 19px;\">\n<td style=\"border-style: none none solid; border-color: grey; border-width: 1px; text-align: center; width: 115.448px; height: 19px;\" valign=\"undefined\">XXX<\/td>\n<td style=\"border-style: none none solid; border-color: grey; border-width: 1px; text-align: center; width: 448.875px; height: 19px;\" valign=\"undefined\">2024 \/ 2025<\/td>\n<td style=\"border-style: none none solid; border-color: grey; border-width: 1px; text-align: center; width: 121.677px; height: 19px;\" valign=\"undefined\">Guadeloupe<\/td>\n<\/tr>\n<tr style=\"height: 19px;\">\n<td style=\"border-style: none none solid; border-color: grey; border-width: 1px; text-align: center; width: 115.448px; height: 19px;\" valign=\"undefined\">XXXI<\/td>\n<td style=\"border-style: none none solid; border-color: grey; border-width: 1px; text-align: center; width: 448.875px; height: 19px;\" valign=\"undefined\">2025 \/ 2026<\/td>\n<td style=\"border-style: none none solid; border-color: grey; border-width: 1px; text-align: center; width: 121.677px; height: 19px;\" valign=\"undefined\">Madeira<\/td>\n<\/tr>\n<\/tbody>\n<\/table>\n<p>&nbsp;<\/p>\n<p>&nbsp;<\/p>\n<p>Within the framework of the 27th Annual Conference of Presidents of the Outermost Regions, held on 15 and 16 November 2022 in Brussels, the presidency of Martinique was transferred to the Canary Islands, represented by its President, \u00c1ngel V\u00edctor TORRES P\u00c9REZ, who will hold the presidency of the Conference of Presidents of the Outermost Regions until November 2023.<\/p>\n<p>In accordance with the Memorandum of Cooperation signed by the Presidents, the President of the OR who chairs the Conference has to:<\/p>\n<ul>\n<li>Represent the Conference before European institutions, bodies and agencies;<\/li>\n<li>Coordinate actions and initiatives in favor of the outermost regions interests;<\/li>\n<li>Convene the meetings of the Conference;<\/li>\n<li>Chair the meetings of the Conference;<\/li>\n<li>Any other task assigned by the Conference.<\/li>\n<\/ul>\n<p>In addition, he is responsible for:<\/p>\n<ul>\n<li>Preparing and presenting the program of his presidency at the beginning of his term;<\/li>\n<li>Ensuring relations with the European institutions on behalf of the Conference;<\/li>\n<li>Coordinating the representation of outermost regions in European forums to to defend these regions;<\/li>\n<li>Participating in the Political Bureau of the Conference of Peripheral and Maritime Regions of Europe (CPMR);<\/li>\n<li>Transmitting the common positions of the Conference to the European institutions;<\/li>\n<li>Organizing the annual session of the Conference in its territory.<\/li>\n<\/ul>\n<p>&nbsp;<\/p>\n<div id=\"metaslider-id-2630\" style=\"max-width: 1200px;\" class=\"ml-slider-3-20-3 metaslider metaslider-flex metaslider-2630 ml-slider\">\n    <div id=\"metaslider_container_2630\">\n        <div id=\"metaslider_2630\">\n            <ul aria-live=\"polite\" class=\"slides\">\n                <li style=\"display: block; width: 100%;\" class=\"slide-7370 ms-image\"><img loading=\"lazy\" decoding=\"async\" src=\"https:\/\/www.cp-rup.com\/wp-content\/uploads\/2022\/01\/CPRUP-18.11.21_2-1200x400.jpg\" height=\"400\" width=\"1200\" alt=\"\" class=\"slider-2630 slide-7370\" title=\"CPRUP-18.11.21_2\" \/><\/li>\n                <li style=\"display: none; width: 100%;\" class=\"slide-7368 ms-image\"><img loading=\"lazy\" decoding=\"async\" src=\"https:\/\/www.cp-rup.com\/wp-content\/uploads\/2022\/01\/CPRUP-18.11.21_1-1200x400.jpg\" height=\"400\" width=\"1200\" alt=\"\" class=\"slider-2630 slide-7368\" title=\"CPRUP-18.11.21_1\" \/><\/li>\n                <li style=\"display: none; width: 100%;\" class=\"slide-7372 ms-image\"><img loading=\"lazy\" decoding=\"async\" src=\"https:\/\/www.cp-rup.com\/wp-content\/uploads\/2022\/01\/CPRUP-18.11.21_3-1200x400.jpg\" height=\"400\" width=\"1200\" alt=\"\" class=\"slider-2630 slide-7372\" title=\"CPRUP-18.11.21_3\" \/><\/li>\n                <li style=\"display: none; width: 100%;\" class=\"slide-7374 ms-image\"><img loading=\"lazy\" decoding=\"async\" src=\"https:\/\/www.cp-rup.com\/wp-content\/uploads\/2022\/01\/CPRUP-18.11.21_4-1200x400.jpg\" height=\"400\" width=\"1200\" alt=\"\" class=\"slider-2630 slide-7374\" title=\"CPRUP-18.11.21_4\" \/><\/li>\n                <li style=\"display: none; width: 100%;\" class=\"slide-7376 ms-image\"><img loading=\"lazy\" decoding=\"async\" src=\"https:\/\/www.cp-rup.com\/wp-content\/uploads\/2022\/01\/CPRUP-18.11.21_5-1200x400.jpg\" height=\"400\" width=\"1200\" alt=\"\" class=\"slider-2630 slide-7376\" title=\"CPRUP-18.11.21_5\" \/><\/li>\n            <\/ul>\n        <\/div>\n        \n    <\/div>\n<\/div>\n","protected":false},"excerpt":{"rendered":"<p>Annual Presidency The Conference is chaired successively by each OR, for a period of at least one year. At the ordinary session held in the chair region, the Conference appoints the next Presidency of the Conference from among its members and decides on the duration of its mandate according to the European, national and regional [&hellip;]<\/p>\n","protected":false},"author":37,"featured_media":0,"parent":0,"menu_order":0,"comment_status":"closed","ping_status":"closed","template":"page-static-rich.php","meta":{"_acf_changed":false,"footnotes":"","_links_to":"","_links_to_target":""},"class_list":["post-5984","page","type-page","status-publish","hentry"],"acf":[],"_links":{"self":[{"href":"https:\/\/www.cp-rup.com\/en\/wp-json\/wp\/v2\/pages\/5984","targetHints":{"allow":["GET"]}}],"collection":[{"href":"https:\/\/www.cp-rup.com\/en\/wp-json\/wp\/v2\/pages"}],"about":[{"href":"https:\/\/www.cp-rup.com\/en\/wp-json\/wp\/v2\/types\/page"}],"author":[{"embeddable":true,"href":"https:\/\/www.cp-rup.com\/en\/wp-json\/wp\/v2\/users\/37"}],"replies":[{"embeddable":true,"href":"https:\/\/www.cp-rup.com\/en\/wp-json\/wp\/v2\/comments?post=5984"}],"version-history":[{"count":9,"href":"https:\/\/www.cp-rup.com\/en\/wp-json\/wp\/v2\/pages\/5984\/revisions"}],"predecessor-version":[{"id":7787,"href":"https:\/\/www.cp-rup.com\/en\/wp-json\/wp\/v2\/pages\/5984\/revisions\/7787"}],"wp:attachment":[{"href":"https:\/\/www.cp-rup.com\/en\/wp-json\/wp\/v2\/media?parent=5984"}],"curies":[{"name":"wp","href":"https:\/\/api.w.org\/{rel}","templated":true}]}}

<h1 style="text-align: left;"><span id="result_box" class="short_text" lang="fr"><img loading="lazy" decoding="async" class="size-medium wp-image-7620 alignleft" src="https://cp-rup.com/wp-content/uploads/2022/12/RUP-PERFIL-RRSS_Mesa-de-trabajo-1-3-300x300.png" alt="" width="300" height="300" srcset="https://www.cp-rup.com/wp-content/uploads/2022/12/RUP-PERFIL-RRSS_Mesa-de-trabajo-1-3-300x300.png 300w, https://www.cp-rup.com/wp-content/uploads/2022/12/RUP-PERFIL-RRSS_Mesa-de-trabajo-1-3-150x150.png 150w, https://www.cp-rup.com/wp-content/uploads/2022/12/RUP-PERFIL-RRSS_Mesa-de-trabajo-1-3.png 750w" sizes="auto, (max-width: 300px) 100vw, 300px" />Annual Presidency</span></h1>
<p>The Conference is chaired successively by each OR, for a period of at least one year. At the ordinary session held in the chair region, the Conference appoints the next Presidency of the Conference from among its members and decides on the duration of its mandate according to the European, national and regional agenda.<br />
In 2017, a provisional calendar of future presidencies was adopted for the up-coming years.</p>
<p>&nbsp;</p>
<table style="text-align: left; font-family: 'Calibri',sans-serif; font-size: 80%; color: #707173; height: 185px; width: 700px; margin: 0 auto;" cellspacing="0" cellpadding="2">
<tbody>
<tr style="border-style: solid none; border-color: #ededed; border-width: 3px;">
<td style="border-style: solid none; border-color: #707173; color: #707173; font-weight: bold; text-align: center; width: 115.448px; height: 19px;" valign="undefined">CPRUP</td>
<td style="border-style: solid none; border-color: #707173; font-weight: bold; text-align: center; color: #707173; width: 448.875px; height: 19px;" valign="undefined">YEARS</td>
<td style="border-style: solid none; border-color: #707173; font-weight: bold; text-align: center; color: #707173; width: 121.677px; height: 19px;" valign="undefined">PRESIDENCY</td>
</tr>
<tr style="height: 19px;">
<td style="border-style: none none solid; border-color: grey; border-width: 1px; text-align: center; width: 115.448px; height: 19px;" valign="undefined">XXI</td>
<td style="border-style: none none solid; border-color: grey; border-width: 1px; text-align: center; width: 448.875px; height: 19px;" valign="undefined">February 2015 &#8211; September 2016</td>
<td style="border-style: none none solid; border-color: grey; border-width: 1px; text-align: center; width: 121.677px; height: 19px;" valign="undefined">Madeira</td>
</tr>
<tr style="height: 19px;">
<td style="border-style: none none solid; border-color: grey; border-width: 1px; text-align: center; width: 115.448px; height: 19px;" valign="undefined">XXII</td>
<td style="border-style: none none solid; border-color: grey; border-width: 1px; text-align: center; width: 448.875px; height: 19px;" valign="undefined">September 2016 &#8211; October 2017</td>
<td style="border-style: none none solid; border-color: grey; border-width: 1px; text-align: center; width: 121.677px; height: 19px;" valign="undefined">French Guiana</td>
</tr>
<tr style="height: 19px;">
<td style="border-style: none none solid; border-color: grey; border-width: 1px; text-align: center; width: 115.448px; height: 19px;" valign="undefined">XXIII</td>
<td style="border-style: none none solid; border-color: grey; border-width: 1px; text-align: center; width: 448.875px; height: 19px;" valign="undefined">2017 / 2018</td>
<td style="border-style: none none solid; border-color: grey; border-width: 1px; text-align: center; width: 121.677px; height: 19px;" valign="undefined">Canary Islands</td>
</tr>
<tr style="height: 19px;">
<td style="border-style: none none solid; border-color: grey; border-width: 1px; text-align: center; width: 115.448px; height: 19px;" valign="undefined">XXIV</td>
<td style="border-style: none none solid; border-color: grey; border-width: 1px; text-align: center; width: 448.875px; height: 19px;" valign="undefined">2018 / 2019</td>
<td style="border-style: none none solid; border-color: grey; border-width: 1px; text-align: center; width: 121.677px; height: 19px;" valign="undefined">Saint Martin</td>
</tr>
<tr style="height: 19px;">
<td style="border-style: none none solid; border-color: grey; border-width: 1px; text-align: center; width: 115.448px; height: 19px;" valign="undefined">XXV</td>
<td style="border-style: none none solid; border-color: grey; border-width: 1px; text-align: center; width: 448.875px; height: 19px;" valign="undefined">2019 / 2020</td>
<td style="border-style: none none solid; border-color: grey; border-width: 1px; text-align: center; width: 121.677px; height: 19px;" valign="undefined">Mayotte</td>
</tr>
<tr style="height: 38px;">
<td style="border-style: none none solid; border-color: grey; border-width: 1px; text-align: center; width: 115.448px; height: 38px;" valign="undefined">XXVI</td>
<td style="border-style: none none solid; border-color: grey; border-width: 1px; text-align: center; width: 448.875px; height: 38px;" valign="undefined">2020 / 2021<br />
(Portuguese Presidency of the Council from January to June 2021)</td>
<td style="border-style: none none solid; border-color: grey; border-width: 1px; text-align: center; width: 121.677px; height: 38px;" valign="undefined">Azores</td>
</tr>
<tr style="height: 38px;">
<td style="border-style: none none solid; border-color: grey; border-width: 1px; text-align: center; width: 115.448px; height: 38px;" valign="undefined">XXVII</td>
<td style="border-style: none none solid; border-color: grey; border-width: 1px; text-align: center; width: 448.875px; height: 38px;" valign="undefined">2021 / 2022<br />
(French Presidency of the Council from January to June 2022)</td>
<td style="border-style: none none solid; border-color: grey; border-width: 1px; text-align: center; width: 121.677px; height: 38px;" valign="undefined">Martinique</td>
</tr>
<tr style="height: 38px;">
<td style="border-style: none none solid; border-color: grey; border-width: 1px; text-align: center; width: 115.448px; height: 38px;" valign="undefined">XXVIII</td>
<td style="border-style: none none solid; border-color: grey; border-width: 1px; text-align: center; width: 448.875px; height: 38px;" valign="undefined">2022 / 2023<br />
(Spanish Presidency of the Council from July to December<br />
2023)</td>
<td style="border-style: none none solid; border-color: grey; border-width: 1px; text-align: center; width: 121.677px; height: 38px;" valign="undefined">Canary Islands</td>
</tr>
<tr style="height: 19px;">
<td style="border-style: none none solid; border-color: grey; border-width: 1px; text-align: center; width: 115.448px; height: 19px;" valign="undefined">XXIX</td>
<td style="border-style: none none solid; border-color: grey; border-width: 1px; text-align: center; width: 448.875px; height: 19px;" valign="undefined">2023 / 2024</td>
<td style="border-style: none none solid; border-color: grey; border-width: 1px; text-align: center; width: 121.677px; height: 19px;" valign="undefined">Réunion Island</td>
</tr>
<tr style="height: 19px;">
<td style="border-style: none none solid; border-color: grey; border-width: 1px; text-align: center; width: 115.448px; height: 19px;" valign="undefined">XXX</td>
<td style="border-style: none none solid; border-color: grey; border-width: 1px; text-align: center; width: 448.875px; height: 19px;" valign="undefined">2024 / 2025</td>
<td style="border-style: none none solid; border-color: grey; border-width: 1px; text-align: center; width: 121.677px; height: 19px;" valign="undefined">Guadeloupe</td>
</tr>
<tr style="height: 19px;">
<td style="border-style: none none solid; border-color: grey; border-width: 1px; text-align: center; width: 115.448px; height: 19px;" valign="undefined">XXXI</td>
<td style="border-style: none none solid; border-color: grey; border-width: 1px; text-align: center; width: 448.875px; height: 19px;" valign="undefined">2025 / 2026</td>
<td style="border-style: none none solid; border-color: grey; border-width: 1px; text-align: center; width: 121.677px; height: 19px;" valign="undefined">Madeira</td>
</tr>
</tbody>
</table>
<p>&nbsp;</p>
<p>&nbsp;</p>
<p>Within the framework of the 27th Annual Conference of Presidents of the Outermost Regions, held on 15 and 16 November 2022 in Brussels, the presidency of Martinique was transferred to the Canary Islands, represented by its President, Ángel Víctor TORRES PÉREZ, who will hold the presidency of the Conference of Presidents of the Outermost Regions until November 2023.</p>
<p>In accordance with the Memorandum of Cooperation signed by the Presidents, the President of the OR who chairs the Conference has to:</p>
<ul>
<li>Represent the Conference before European institutions, bodies and agencies;</li>
<li>Coordinate actions and initiatives in favor of the outermost regions interests;</li>
<li>Convene the meetings of the Conference;</li>
<li>Chair the meetings of the Conference;</li>
<li>Any other task assigned by the Conference.</li>
</ul>
<p>In addition, he is responsible for:</p>
<ul>
<li>Preparing and presenting the program of his presidency at the beginning of his term;</li>
<li>Ensuring relations with the European institutions on behalf of the Conference;</li>
<li>Coordinating the representation of outermost regions in European forums to to defend these regions;</li>
<li>Participating in the Political Bureau of the Conference of Peripheral and Maritime Regions of Europe (CPMR);</li>
<li>Transmitting the common positions of the Conference to the European institutions;</li>
<li>Organizing the annual session of the Conference in its territory.</li>
</ul>
<p>&nbsp;</p>
<div id="metaslider-id-2630" style="max-width: 1200px;" class="ml-slider-3-20-3 metaslider metaslider-flex metaslider-2630 ml-slider">
    <div id="metaslider_container_2630">
        <div id="metaslider_2630">
            <ul aria-live="polite" class="slides">
                <li style="display: block; width: 100%;" class="slide-7370 ms-image"><img loading="lazy" decoding="async" src="https://www.cp-rup.com/wp-content/uploads/2022/01/CPRUP-18.11.21_2-1200x400.jpg" height="400" width="1200" alt="" class="slider-2630 slide-7370" title="CPRUP-18.11.21_2" /></li>
                <li style="display: none; width: 100%;" class="slide-7368 ms-image"><img loading="lazy" decoding="async" src="https://www.cp-rup.com/wp-content/uploads/2022/01/CPRUP-18.11.21_1-1200x400.jpg" height="400" width="1200" alt="" class="slider-2630 slide-7368" title="CPRUP-18.11.21_1" /></li>
                <li style="display: none; width: 100%;" class="slide-7372 ms-image"><img loading="lazy" decoding="async" src="https://www.cp-rup.com/wp-content/uploads/2022/01/CPRUP-18.11.21_3-1200x400.jpg" height="400" width="1200" alt="" class="slider-2630 slide-7372" title="CPRUP-18.11.21_3" /></li>
                <li style="display: none; width: 100%;" class="slide-7374 ms-image"><img loading="lazy" decoding="async" src="https://www.cp-rup.com/wp-content/uploads/2022/01/CPRUP-18.11.21_4-1200x400.jpg" height="400" width="1200" alt="" class="slider-2630 slide-7374" title="CPRUP-18.11.21_4" /></li>
                <li style="display: none; width: 100%;" class="slide-7376 ms-image"><img loading="lazy" decoding="async" src="https://www.cp-rup.com/wp-content/uploads/2022/01/CPRUP-18.11.21_5-1200x400.jpg" height="400" width="1200" alt="" class="slider-2630 slide-7376" title="CPRUP-18.11.21_5" /></li>
            </ul>
        </div>
        
    </div>
</div>
