{"id":4208,"date":"2018-12-27T14:36:42","date_gmt":"2018-12-27T14:36:42","guid":{"rendered":"https:\/\/cp-rup.com\/?page_id=4208"},"modified":"2021-03-25T15:22:25","modified_gmt":"2021-03-25T15:22:25","slug":"celebracion-de-la-xxiii-conferencia-de-presidentes-rup-los-dias-22-y-23-de-noviembre-en-las-palmas-de-gran-canaria","status":"publish","type":"page","link":"https:\/\/www.cp-rup.com\/es\/celebracion-de-la-xxiii-conferencia-de-presidentes-rup-los-dias-22-y-23-de-noviembre-en-las-palmas-de-gran-canaria\/","title":{"rendered":"Celebraci\u00f3n de la XXIII Conferencia de Presidentes RUP, los d\u00edas 22 y 23 de noviembre en Las Palmas de Gran Canaria"},"content":{"rendered":"<p><img loading=\"lazy\" decoding=\"async\" class=\"wp-image-3775 aligncenter\" src=\"https:\/\/cp-rup.com\/wp-content\/uploads\/2018\/10\/LONA-RUP-8X3-v4_Mesa-de-trabajo-1-300x113.jpg\" alt=\"\" width=\"632\" height=\"238\" srcset=\"https:\/\/www.cp-rup.com\/wp-content\/uploads\/2018\/10\/LONA-RUP-8X3-v4_Mesa-de-trabajo-1-300x113.jpg 300w, https:\/\/www.cp-rup.com\/wp-content\/uploads\/2018\/10\/LONA-RUP-8X3-v4_Mesa-de-trabajo-1-768x288.jpg 768w, https:\/\/www.cp-rup.com\/wp-content\/uploads\/2018\/10\/LONA-RUP-8X3-v4_Mesa-de-trabajo-1-1024x384.jpg 1024w\" sizes=\"auto, (max-width: 632px) 100vw, 632px\" \/><\/p>\n<p>&nbsp;<\/p>\n<p>Durante los d\u00edas 22 y 23 de noviembre pasados ha tenido lugar en las Palmas de Gran Canaria, la XXIII Conferencia de Presidentes RUP, que reuni\u00f3 a los Presidentes y representantes de las nueve Regiones Ultraperif\u00e9ricas. Esta edici\u00f3n cont\u00f3 adem\u00e1s con la presencia del Jefe del Estado Espa\u00f1ol, S.M. Felipe VI, Rey de Espa\u00f1a, la Comisaria de Pol\u00edtica Regional, D\u00f1a. Corina Cretu, el Vicepresidente del Parlamento Europeo, D. Ram\u00f3n Luis Valc\u00e1rcel Siso, y \u00a0representantes de los tres Estados miembros, Espa\u00f1a, Francia y Portugal.<\/p>\n<p>Esta Conferencia ha puesto fin a la Presidencia de Canarias, que ha pasado el testigo a la Regi\u00f3n de San Mart\u00edn.<\/p>\n<p>Los d\u00edas previos, entre el 19 y el 21 de noviembre, se reuni\u00f3 el Comit\u00e9 de Seguimiento de la Conferencia para preparar el encuentro de Presidentes, llevando a cabo el tradicional trabajo de coordinaci\u00f3n y las negociaciones previas.<\/p>\n<p><img loading=\"lazy\" decoding=\"async\" class=\"wp-image-4193 aligncenter\" src=\"https:\/\/cp-rup.com\/wp-content\/uploads\/2018\/12\/CdS-19.11.2018-3-300x225.jpg\" alt=\"\" width=\"566\" height=\"425\" srcset=\"https:\/\/www.cp-rup.com\/wp-content\/uploads\/2018\/12\/CdS-19.11.2018-3-300x225.jpg 300w, https:\/\/www.cp-rup.com\/wp-content\/uploads\/2018\/12\/CdS-19.11.2018-3.jpg 525w\" sizes=\"auto, (max-width: 566px) 100vw, 566px\" \/><\/p>\n<p>La Conferencia cont\u00f3 con una primera Sesi\u00f3n Interna, celebrada el jueves 22 de noviembre, durante la cual los Presidentes pudieron abordar cuestiones de actualidad europea e intercambiar puntos de vista sobre la situaci\u00f3n de la ultraperiferia en el periodo post 2020.<\/p>\n<p><img loading=\"lazy\" decoding=\"async\" class=\"wp-image-4196 aligncenter\" src=\"https:\/\/cp-rup.com\/wp-content\/uploads\/2018\/12\/181122_gc_conferenciaRup-sesion-interna-300x181.jpg\" alt=\"\" width=\"572\" height=\"345\" srcset=\"https:\/\/www.cp-rup.com\/wp-content\/uploads\/2018\/12\/181122_gc_conferenciaRup-sesion-interna-300x181.jpg 300w, https:\/\/www.cp-rup.com\/wp-content\/uploads\/2018\/12\/181122_gc_conferenciaRup-sesion-interna-768x463.jpg 768w, https:\/\/www.cp-rup.com\/wp-content\/uploads\/2018\/12\/181122_gc_conferenciaRup-sesion-interna-1024x617.jpg 1024w, https:\/\/www.cp-rup.com\/wp-content\/uploads\/2018\/12\/181122_gc_conferenciaRup-sesion-interna.jpg 1800w\" sizes=\"auto, (max-width: 572px) 100vw, 572px\" \/><\/p>\n<p>Asimismo, se dio cuenta del informe de actividades del Comit\u00e9 de Seguimiento durante la Presidencia canaria<\/p>\n<p><img loading=\"lazy\" decoding=\"async\" class=\" wp-image-4206 aligncenter\" src=\"https:\/\/cp-rup.com\/wp-content\/uploads\/2018\/12\/181122_gc_conferenciaRup13-300x232.jpg\" alt=\"\" width=\"398\" height=\"308\" srcset=\"https:\/\/www.cp-rup.com\/wp-content\/uploads\/2018\/12\/181122_gc_conferenciaRup13-300x232.jpg 300w, https:\/\/www.cp-rup.com\/wp-content\/uploads\/2018\/12\/181122_gc_conferenciaRup13-768x595.jpg 768w, https:\/\/www.cp-rup.com\/wp-content\/uploads\/2018\/12\/181122_gc_conferenciaRup13-1024x793.jpg 1024w, https:\/\/www.cp-rup.com\/wp-content\/uploads\/2018\/12\/181122_gc_conferenciaRup13.jpg 1549w\" sizes=\"auto, (max-width: 398px) 100vw, 398px\" \/><\/p>\n<p>&nbsp;<\/p>\n<p>Finalmente, tras lo anterior, se realiz\u00f3 la adopci\u00f3n y firma de la Declaraci\u00f3n Final de la XXIII Conferencia de Presidentes en la que se trasladan importantes mensajes a todos los interlocutores implicados en el desarrollo de la estrategia europea en favor de las RUP.<\/p>\n<p>\t\t<div class=\"col-12 mb-5\">\n\t\t\t<div class=\"row widget_picture_with_floating_text\">\n\t\t\t\t<div class=\"col-8  widget_picture_with_floating_text__picture\" style=\"background-image: url('https:\/\/cp-rup.com\/wp-content\/uploads\/2018\/12\/181122_gc_RupRPFirma9.jpg');\"><\/div>\n\t\t\t\t<div class=\"col-6 widget_picture_with_floating_text__text widget_picture_with_floating_text__text--right\">\n\t\t\t\t\t<h3>Declaraci\u00f3n final<\/h3>\n\t\t\t\t\t<p>Adopci\u00f3n y firma de la Declaraci\u00f3n Final de la XXIII Conferencia de Presidentes <\/p>\n\t\t\t\t<\/div>\n\t\t\t<\/div>\n\t\t<\/div>\n\n.<\/p>\n<p>&nbsp;<\/p>\n<p><img loading=\"lazy\" decoding=\"async\" class=\"wp-image-4199 aligncenter\" src=\"https:\/\/cp-rup.com\/wp-content\/uploads\/2018\/12\/exposici\u00f3n-Plocan-300x169.jpg\" alt=\"\" width=\"641\" height=\"361\" srcset=\"https:\/\/www.cp-rup.com\/wp-content\/uploads\/2018\/12\/exposici\u00f3n-Plocan-300x169.jpg 300w, https:\/\/www.cp-rup.com\/wp-content\/uploads\/2018\/12\/exposici\u00f3n-Plocan-768x432.jpg 768w, https:\/\/www.cp-rup.com\/wp-content\/uploads\/2018\/12\/exposici\u00f3n-Plocan-1024x576.jpg 1024w, https:\/\/www.cp-rup.com\/wp-content\/uploads\/2018\/12\/exposici\u00f3n-Plocan.jpg 1400w\" sizes=\"auto, (max-width: 641px) 100vw, 641px\" \/><\/p>\n<p>&nbsp;<\/p>\n<p>Ese mismo d\u00eda, durante la tarde, se realiz\u00f3 una visita oficial a la Plataforma Oce\u00e1nica de Canarias, PLOCAN ubicada en el mar en la costa noreste de Gran Canaria, a 1,5 km y a unos 30 metros de profundidad, a la que asistieron adem\u00e1s del Presidente del Gobierno de Canarias y de los dem\u00e1s Presidentes y representantes de las RUP, la Comisaria de Pol\u00edtica Regional, la Secretaria de Estado de Asuntos Europeos de Portugal, el Vicepresidente del Parlamento Europeo, as\u00ed como el Consejero de Econom\u00eda, Industria, Comercio y Conocimiento y la Consejera de Hacienda del Gobierno de Canarias.<\/p>\n<p>\t\t<div class=\"col-12 mb-5\">\n\t\t\t<div class=\"row widget_picture_with_floating_text\">\n\t\t\t\t<div class=\"col-8 offset-4 widget_picture_with_floating_text__picture\" style=\"background-image: url('https:\/\/cp-rup.com\/wp-content\/uploads\/2018\/12\/Visita-Plocan-1.jpg');\"><\/div>\n\t\t\t\t<div class=\"col-6 widget_picture_with_floating_text__text widget_picture_with_floating_text__text--left\">\n\t\t\t\t\t<h3>Visita a PLOCAN<\/h3>\n\t\t\t\t\t<p>\u00a0Visita oficial a la Plataforma Oce\u00e1nica de Canarias, PLOCAN ubicada en el mar en la costa noreste de Gran Canaria . <\/p>\n\t\t\t\t<\/div>\n\t\t\t<\/div>\n\t\t<\/div>\n\n.<\/p>\n<p>&nbsp;<\/p>\n<p><img loading=\"lazy\" decoding=\"async\" class=\"wp-image-4213 aligncenter\" src=\"https:\/\/cp-rup.com\/wp-content\/uploads\/2018\/12\/181123_gc_RuoInauguraFelipeVI_10-300x178.jpg\" alt=\"\" width=\"669\" height=\"397\" srcset=\"https:\/\/www.cp-rup.com\/wp-content\/uploads\/2018\/12\/181123_gc_RuoInauguraFelipeVI_10-300x178.jpg 300w, https:\/\/www.cp-rup.com\/wp-content\/uploads\/2018\/12\/181123_gc_RuoInauguraFelipeVI_10-1024x606.jpg 1024w, https:\/\/www.cp-rup.com\/wp-content\/uploads\/2018\/12\/181123_gc_RuoInauguraFelipeVI_10.jpg 1800w\" sizes=\"auto, (max-width: 669px) 100vw, 669px\" \/><\/p>\n<p>&nbsp;<\/p>\n<p>El viernes 23, tuvo lugar la Sesi\u00f3n Asociativa, que cont\u00f3 con la presencia de S.M. el Rey y de representantes de los Gobiernos de Francia y Portugal. En ella tambi\u00e9n particip\u00f3 el Parlamento Europeo a trav\u00e9s de su Vicepresidente, quien dio un importante mensaje de apoyo a las RUP en sus pretensiones de cara a las actuales negociaciones que se est\u00e1n llevando a cabo entre el Consejo y el Parlamento Europeo, as\u00ed como los dos europarlamentarios canarios, D. Gabriel Mato y D. Juan Fernando L\u00f3pez Aguilar.<\/p>\n<p>&nbsp;<\/p>\n<p><img loading=\"lazy\" decoding=\"async\" class=\" wp-image-4151 aligncenter\" src=\"https:\/\/cp-rup.com\/wp-content\/uploads\/2018\/12\/1-Session-partenariale-CPRUP-23-11-18-1-300x153.jpg\" alt=\"\" width=\"649\" height=\"331\" srcset=\"https:\/\/www.cp-rup.com\/wp-content\/uploads\/2018\/12\/1-Session-partenariale-CPRUP-23-11-18-1-300x153.jpg 300w, https:\/\/www.cp-rup.com\/wp-content\/uploads\/2018\/12\/1-Session-partenariale-CPRUP-23-11-18-1-768x393.jpg 768w, https:\/\/www.cp-rup.com\/wp-content\/uploads\/2018\/12\/1-Session-partenariale-CPRUP-23-11-18-1-1024x524.jpg 1024w, https:\/\/www.cp-rup.com\/wp-content\/uploads\/2018\/12\/1-Session-partenariale-CPRUP-23-11-18-1.jpg 1400w\" sizes=\"auto, (max-width: 649px) 100vw, 649px\" \/><\/p>\n<p>&nbsp;<\/p>\n\t\t<div class=\"col-12 mb-5\">\n\t\t\t<div class=\"row widget_picture_with_floating_text\">\n\t\t\t\t<div class=\"col-8  widget_picture_with_floating_text__picture\" style=\"background-image: url('https:\/\/cp-rup.com\/wp-content\/uploads\/2018\/12\/181123_gc_RupTraspasoPresidencia2.jpg');\"><\/div>\n\t\t\t\t<div class=\"col-6 widget_picture_with_floating_text__text widget_picture_with_floating_text__text--right\">\n\t\t\t\t\t<h3>Traspaso de la Presidencia<\/h3>\n\t\t\t\t\t<p> En esta sesi\u00f3n se realiz\u00f3 el traspaso de la Presidencia de la Conferencia de Presidentes RUP a la Regi\u00f3n de San Mart\u00edn que la ostentar\u00e1 a lo largo de 2019. <\/p>\n\t\t\t\t<\/div>\n\t\t\t<\/div>\n\t\t<\/div>\n\n\n<p>En el marco de esta XXIII reuni\u00f3n de Presidentes, se dio la bienvenida formalmente al proyecto FORWARD, (Fostering Reserarch Excellence in EU Outermost Regions), dirigido a respaldar la excelencia en investigaci\u00f3n de las RUP y desbloquear su potencial innovador, as\u00ed como a fortalecer la participaci\u00f3n de las Regiones Ultraperif\u00e9ricas en los proyectos de innovaci\u00f3n y desarrollo que promuevan el crecimiento sostenible e inclusivo en sus territorios. Se trata del primer proyecto conjunto de las RUP en el \u00e1mbito de la investigaci\u00f3n y el desarrollo, respaldado por la Comisi\u00f3n Europea a trav\u00e9s del programa Horizonte 2020.<\/p>\n<p><img loading=\"lazy\" decoding=\"async\" class=\"wp-image-4212 aligncenter\" src=\"https:\/\/cp-rup.com\/wp-content\/uploads\/2018\/12\/181123_gc_RupForward_5-1-300x193.jpg\" alt=\"\" width=\"635\" height=\"408\" srcset=\"https:\/\/www.cp-rup.com\/wp-content\/uploads\/2018\/12\/181123_gc_RupForward_5-1-300x193.jpg 300w, https:\/\/www.cp-rup.com\/wp-content\/uploads\/2018\/12\/181123_gc_RupForward_5-1-768x494.jpg 768w, https:\/\/www.cp-rup.com\/wp-content\/uploads\/2018\/12\/181123_gc_RupForward_5-1-1024x658.jpg 1024w, https:\/\/www.cp-rup.com\/wp-content\/uploads\/2018\/12\/181123_gc_RupForward_5-1.jpg 1800w\" sizes=\"auto, (max-width: 635px) 100vw, 635px\" \/><\/p>\n","protected":false},"excerpt":{"rendered":"<p>&nbsp; Durante los d\u00edas 22 y 23 de noviembre pasados ha tenido lugar en las Palmas de Gran Canaria, la XXIII Conferencia de Presidentes RUP, que reuni\u00f3 a los Presidentes y representantes de las nueve Regiones Ultraperif\u00e9ricas. Esta edici\u00f3n cont\u00f3 adem\u00e1s con la presencia del Jefe del Estado Espa\u00f1ol, S.M. Felipe VI, Rey de Espa\u00f1a, [&hellip;]<\/p>\n","protected":false},"author":45,"featured_media":0,"parent":0,"menu_order":0,"comment_status":"closed","ping_status":"closed","template":"","meta":{"_acf_changed":false,"footnotes":"","_links_to":"","_links_to_target":""},"class_list":["post-4208","page","type-page","status-publish","hentry"],"acf":[],"_links":{"self":[{"href":"https:\/\/www.cp-rup.com\/es\/wp-json\/wp\/v2\/pages\/4208","targetHints":{"allow":["GET"]}}],"collection":[{"href":"https:\/\/www.cp-rup.com\/es\/wp-json\/wp\/v2\/pages"}],"about":[{"href":"https:\/\/www.cp-rup.com\/es\/wp-json\/wp\/v2\/types\/page"}],"author":[{"embeddable":true,"href":"https:\/\/www.cp-rup.com\/es\/wp-json\/wp\/v2\/users\/45"}],"replies":[{"embeddable":true,"href":"https:\/\/www.cp-rup.com\/es\/wp-json\/wp\/v2\/comments?post=4208"}],"version-history":[{"count":34,"href":"https:\/\/www.cp-rup.com\/es\/wp-json\/wp\/v2\/pages\/4208\/revisions"}],"predecessor-version":[{"id":6059,"href":"https:\/\/www.cp-rup.com\/es\/wp-json\/wp\/v2\/pages\/4208\/revisions\/6059"}],"wp:attachment":[{"href":"https:\/\/www.cp-rup.com\/es\/wp-json\/wp\/v2\/media?parent=4208"}],"curies":[{"name":"wp","href":"https:\/\/api.w.org\/{rel}","templated":true}]}}

Celebración de la XXIII Conferencia de Presidentes RUP, los días 22 y 23 de noviembre en Las Palmas de Gran Canaria

<p><img loading="lazy" decoding="async" class="wp-image-3775 aligncenter" src="https://cp-rup.com/wp-content/uploads/2018/10/LONA-RUP-8X3-v4_Mesa-de-trabajo-1-300x113.jpg" alt="" width="632" height="238" srcset="https://www.cp-rup.com/wp-content/uploads/2018/10/LONA-RUP-8X3-v4_Mesa-de-trabajo-1-300x113.jpg 300w, https://www.cp-rup.com/wp-content/uploads/2018/10/LONA-RUP-8X3-v4_Mesa-de-trabajo-1-768x288.jpg 768w, https://www.cp-rup.com/wp-content/uploads/2018/10/LONA-RUP-8X3-v4_Mesa-de-trabajo-1-1024x384.jpg 1024w" sizes="auto, (max-width: 632px) 100vw, 632px" /></p>
<p>&nbsp;</p>
<p>Durante los días 22 y 23 de noviembre pasados ha tenido lugar en las Palmas de Gran Canaria, la XXIII Conferencia de Presidentes RUP, que reunió a los Presidentes y representantes de las nueve Regiones Ultraperiféricas. Esta edición contó además con la presencia del Jefe del Estado Español, S.M. Felipe VI, Rey de España, la Comisaria de Política Regional, Dña. Corina Cretu, el Vicepresidente del Parlamento Europeo, D. Ramón Luis Valcárcel Siso, y  representantes de los tres Estados miembros, España, Francia y Portugal.</p>
<p>Esta Conferencia ha puesto fin a la Presidencia de Canarias, que ha pasado el testigo a la Región de San Martín.</p>
<p>Los días previos, entre el 19 y el 21 de noviembre, se reunió el Comité de Seguimiento de la Conferencia para preparar el encuentro de Presidentes, llevando a cabo el tradicional trabajo de coordinación y las negociaciones previas.</p>
<p><img loading="lazy" decoding="async" class="wp-image-4193 aligncenter" src="https://cp-rup.com/wp-content/uploads/2018/12/CdS-19.11.2018-3-300x225.jpg" alt="" width="566" height="425" srcset="https://www.cp-rup.com/wp-content/uploads/2018/12/CdS-19.11.2018-3-300x225.jpg 300w, https://www.cp-rup.com/wp-content/uploads/2018/12/CdS-19.11.2018-3.jpg 525w" sizes="auto, (max-width: 566px) 100vw, 566px" /></p>
<p>La Conferencia contó con una primera Sesión Interna, celebrada el jueves 22 de noviembre, durante la cual los Presidentes pudieron abordar cuestiones de actualidad europea e intercambiar puntos de vista sobre la situación de la ultraperiferia en el periodo post 2020.</p>
<p><img loading="lazy" decoding="async" class="wp-image-4196 aligncenter" src="https://cp-rup.com/wp-content/uploads/2018/12/181122_gc_conferenciaRup-sesion-interna-300x181.jpg" alt="" width="572" height="345" srcset="https://www.cp-rup.com/wp-content/uploads/2018/12/181122_gc_conferenciaRup-sesion-interna-300x181.jpg 300w, https://www.cp-rup.com/wp-content/uploads/2018/12/181122_gc_conferenciaRup-sesion-interna-768x463.jpg 768w, https://www.cp-rup.com/wp-content/uploads/2018/12/181122_gc_conferenciaRup-sesion-interna-1024x617.jpg 1024w, https://www.cp-rup.com/wp-content/uploads/2018/12/181122_gc_conferenciaRup-sesion-interna.jpg 1800w" sizes="auto, (max-width: 572px) 100vw, 572px" /></p>
<p>Asimismo, se dio cuenta del informe de actividades del Comité de Seguimiento durante la Presidencia canaria</p>
<p><img loading="lazy" decoding="async" class=" wp-image-4206 aligncenter" src="https://cp-rup.com/wp-content/uploads/2018/12/181122_gc_conferenciaRup13-300x232.jpg" alt="" width="398" height="308" srcset="https://www.cp-rup.com/wp-content/uploads/2018/12/181122_gc_conferenciaRup13-300x232.jpg 300w, https://www.cp-rup.com/wp-content/uploads/2018/12/181122_gc_conferenciaRup13-768x595.jpg 768w, https://www.cp-rup.com/wp-content/uploads/2018/12/181122_gc_conferenciaRup13-1024x793.jpg 1024w, https://www.cp-rup.com/wp-content/uploads/2018/12/181122_gc_conferenciaRup13.jpg 1549w" sizes="auto, (max-width: 398px) 100vw, 398px" /></p>
<p>&nbsp;</p>
<p>Finalmente, tras lo anterior, se realizó la adopción y firma de la Declaración Final de la XXIII Conferencia de Presidentes en la que se trasladan importantes mensajes a todos los interlocutores implicados en el desarrollo de la estrategia europea en favor de las RUP.</p>
<p>		<div class="col-12 mb-5">
			<div class="row widget_picture_with_floating_text">
				<div class="col-8  widget_picture_with_floating_text__picture" style="background-image: url('https://cp-rup.com/wp-content/uploads/2018/12/181122_gc_RupRPFirma9.jpg');"></div>
				<div class="col-6 widget_picture_with_floating_text__text widget_picture_with_floating_text__text--right">
					<h3>Declaración final</h3>
					<p>Adopción y firma de la Declaración Final de la XXIII Conferencia de Presidentes </p>
				</div>
			</div>
		</div>

.</p>
<p>&nbsp;</p>
<p><img loading="lazy" decoding="async" class="wp-image-4199 aligncenter" src="https://cp-rup.com/wp-content/uploads/2018/12/exposición-Plocan-300x169.jpg" alt="" width="641" height="361" srcset="https://www.cp-rup.com/wp-content/uploads/2018/12/exposición-Plocan-300x169.jpg 300w, https://www.cp-rup.com/wp-content/uploads/2018/12/exposición-Plocan-768x432.jpg 768w, https://www.cp-rup.com/wp-content/uploads/2018/12/exposición-Plocan-1024x576.jpg 1024w, https://www.cp-rup.com/wp-content/uploads/2018/12/exposición-Plocan.jpg 1400w" sizes="auto, (max-width: 641px) 100vw, 641px" /></p>
<p>&nbsp;</p>
<p>Ese mismo día, durante la tarde, se realizó una visita oficial a la Plataforma Oceánica de Canarias, PLOCAN ubicada en el mar en la costa noreste de Gran Canaria, a 1,5 km y a unos 30 metros de profundidad, a la que asistieron además del Presidente del Gobierno de Canarias y de los demás Presidentes y representantes de las RUP, la Comisaria de Política Regional, la Secretaria de Estado de Asuntos Europeos de Portugal, el Vicepresidente del Parlamento Europeo, así como el Consejero de Economía, Industria, Comercio y Conocimiento y la Consejera de Hacienda del Gobierno de Canarias.</p>
<p>		<div class="col-12 mb-5">
			<div class="row widget_picture_with_floating_text">
				<div class="col-8 offset-4 widget_picture_with_floating_text__picture" style="background-image: url('https://cp-rup.com/wp-content/uploads/2018/12/Visita-Plocan-1.jpg');"></div>
				<div class="col-6 widget_picture_with_floating_text__text widget_picture_with_floating_text__text--left">
					<h3>Visita a PLOCAN</h3>
					<p> Visita oficial a la Plataforma Oceánica de Canarias, PLOCAN ubicada en el mar en la costa noreste de Gran Canaria . </p>
				</div>
			</div>
		</div>

.</p>
<p>&nbsp;</p>
<p><img loading="lazy" decoding="async" class="wp-image-4213 aligncenter" src="https://cp-rup.com/wp-content/uploads/2018/12/181123_gc_RuoInauguraFelipeVI_10-300x178.jpg" alt="" width="669" height="397" srcset="https://www.cp-rup.com/wp-content/uploads/2018/12/181123_gc_RuoInauguraFelipeVI_10-300x178.jpg 300w, https://www.cp-rup.com/wp-content/uploads/2018/12/181123_gc_RuoInauguraFelipeVI_10-1024x606.jpg 1024w, https://www.cp-rup.com/wp-content/uploads/2018/12/181123_gc_RuoInauguraFelipeVI_10.jpg 1800w" sizes="auto, (max-width: 669px) 100vw, 669px" /></p>
<p>&nbsp;</p>
<p>El viernes 23, tuvo lugar la Sesión Asociativa, que contó con la presencia de S.M. el Rey y de representantes de los Gobiernos de Francia y Portugal. En ella también participó el Parlamento Europeo a través de su Vicepresidente, quien dio un importante mensaje de apoyo a las RUP en sus pretensiones de cara a las actuales negociaciones que se están llevando a cabo entre el Consejo y el Parlamento Europeo, así como los dos europarlamentarios canarios, D. Gabriel Mato y D. Juan Fernando López Aguilar.</p>
<p>&nbsp;</p>
<p><img loading="lazy" decoding="async" class=" wp-image-4151 aligncenter" src="https://cp-rup.com/wp-content/uploads/2018/12/1-Session-partenariale-CPRUP-23-11-18-1-300x153.jpg" alt="" width="649" height="331" srcset="https://www.cp-rup.com/wp-content/uploads/2018/12/1-Session-partenariale-CPRUP-23-11-18-1-300x153.jpg 300w, https://www.cp-rup.com/wp-content/uploads/2018/12/1-Session-partenariale-CPRUP-23-11-18-1-768x393.jpg 768w, https://www.cp-rup.com/wp-content/uploads/2018/12/1-Session-partenariale-CPRUP-23-11-18-1-1024x524.jpg 1024w, https://www.cp-rup.com/wp-content/uploads/2018/12/1-Session-partenariale-CPRUP-23-11-18-1.jpg 1400w" sizes="auto, (max-width: 649px) 100vw, 649px" /></p>
<p>&nbsp;</p>
		<div class="col-12 mb-5">
			<div class="row widget_picture_with_floating_text">
				<div class="col-8  widget_picture_with_floating_text__picture" style="background-image: url('https://cp-rup.com/wp-content/uploads/2018/12/181123_gc_RupTraspasoPresidencia2.jpg');"></div>
				<div class="col-6 widget_picture_with_floating_text__text widget_picture_with_floating_text__text--right">
					<h3>Traspaso de la Presidencia</h3>
					<p> En esta sesión se realizó el traspaso de la Presidencia de la Conferencia de Presidentes RUP a la Región de San Martín que la ostentará a lo largo de 2019. </p>
				</div>
			</div>
		</div>


<p>En el marco de esta XXIII reunión de Presidentes, se dio la bienvenida formalmente al proyecto FORWARD, (Fostering Reserarch Excellence in EU Outermost Regions), dirigido a respaldar la excelencia en investigación de las RUP y desbloquear su potencial innovador, así como a fortalecer la participación de las Regiones Ultraperiféricas en los proyectos de innovación y desarrollo que promuevan el crecimiento sostenible e inclusivo en sus territorios. Se trata del primer proyecto conjunto de las RUP en el ámbito de la investigación y el desarrollo, respaldado por la Comisión Europea a través del programa Horizonte 2020.</p>
<p><img loading="lazy" decoding="async" class="wp-image-4212 aligncenter" src="https://cp-rup.com/wp-content/uploads/2018/12/181123_gc_RupForward_5-1-300x193.jpg" alt="" width="635" height="408" srcset="https://www.cp-rup.com/wp-content/uploads/2018/12/181123_gc_RupForward_5-1-300x193.jpg 300w, https://www.cp-rup.com/wp-content/uploads/2018/12/181123_gc_RupForward_5-1-768x494.jpg 768w, https://www.cp-rup.com/wp-content/uploads/2018/12/181123_gc_RupForward_5-1-1024x658.jpg 1024w, https://www.cp-rup.com/wp-content/uploads/2018/12/181123_gc_RupForward_5-1.jpg 1800w" sizes="auto, (max-width: 635px) 100vw, 635px" /></p>

<p>&nbsp; Durante los días 22 y 23 de noviembre pasados ha tenido lugar en las Palmas de Gran Canaria, la XXIII Conferencia de Presidentes RUP, que reunió a los Presidentes y representantes de las nueve Regiones Ultraperiféricas. Esta edición contó además con la presencia del Jefe del Estado Español, S.M. Felipe VI, Rey de España, [&hellip;]</p>
