{"id":48,"date":"2017-09-20T08:47:38","date_gmt":"2017-09-20T08:47:38","guid":{"rendered":"http:\/\/rup.dev\/?page_id=48"},"modified":"2022-04-29T13:04:52","modified_gmt":"2022-04-29T13:04:52","slug":"parlamento-europeu","status":"publish","type":"page","link":"https:\/\/www.cp-rup.com\/es\/parlamento-europeu\/","title":{"rendered":"Parlamento Europeu"},"content":{"rendered":"<h1 style=\"text-align: center;\">Parlamento Europeu<\/h1>\n<h2>\u00a0<img loading=\"lazy\" decoding=\"async\" class=\"aligncenter wp-image-1216 size-full\" src=\"https:\/\/cp-rup.com\/wp-content\/uploads\/2018\/03\/ParlamentoEuropeo-w.jpg\" alt=\"\" width=\"800\" height=\"576\" \/><\/h2>\n<p>O Parlamento Europeu \u00e9 a institui\u00e7\u00e3o que, juntamente com o Conselho, tem poderes para adotar e alterar as propostas legislativas da Comiss\u00e3o Europeia e decidir sobre o or\u00e7amento da UE.<\/p>\n<p>Os deputados do Parlamento Europeu s\u00e3o eleitos por sufr\u00e1gio direto para representar os interesses dos cidad\u00e3os da UE e assegurar o funcionamento democr\u00e1tico das outras institui\u00e7\u00f5es da Uni\u00e3o. Tamb\u00e9m coopera com os parlamentos nacionais, especialmente na aplica\u00e7\u00e3o do princ\u00edpio da subsidiaridade.<\/p>\n<p>&nbsp;<\/p>\n<h2 style=\"text-align: center;\">\u00a0 Intergrupo Parlamentar das<\/h2>\n<h2 style=\"text-align: center;\">Regi\u00f5es Ultraperif\u00e9ricas<\/h2>\n<p>Dentro dele, os eurodeputados oriundos das RUP criaram um intergrupo informal dedicado \u00e0s Regi\u00f5es Ultraperif\u00e9ricas, com o objetivo de trocar pontos de vista sobre quest\u00f5es espec\u00edficas, debatendo as quest\u00f5es que afetam estas regi\u00f5es, que s\u00e3o tratadas nesta institui\u00e7\u00e3o no \u00e2mbito do processo legislativo ordin\u00e1rio.<\/p>\n<p>Desde 1997, o Parlamento Europeu aprovou diferentes Resolu\u00e7\u00f5es sobre as Regi\u00f5es Ultraperif\u00e9ricas, entre as quais podemos destacar:<\/p>\n<ul>\n<li><a href=\"https:\/\/cp-rup.com\/wp-content\/uploads\/2018\/06\/1997-Resoluci%C3%B3n-problemas-de-desarrollo-RUP-formato-html.pdf\" target=\"_blank\" rel=\"noopener noreferrer\">Resoluci\u00f3n sobre los problemas de desarrollo de las Regiones Ultraperif\u00e9ricas (1997)<\/a><\/li>\n<li><a href=\"https:\/\/cp-rup.com\/wp-content\/uploads\/2018\/06\/2000-Resoluci%C3%B3n-sobre-Informe-Comisi%C3%B3n-299-2-DOCE.pdf\" target=\"_blank\" rel=\"noopener noreferrer\">Resoluci\u00f3n sobre el informe de la Comisi\u00f3n relativo a las medidas destinadas a aplicar el art\u00edculo 292.2 referido a las RUP (2000)<\/a><\/li>\n<li><a href=\"https:\/\/cp-rup.com\/wp-content\/uploads\/2018\/06\/2005-Resoluci%C3%B3n-sobre-Asociaci%C3%B3n-m%C3%A1s-estrecha-con-RUP-DOUE.pdf\" target=\"_blank\" rel=\"noopener noreferrer\">Resoluci\u00f3n sobre una asociaci\u00f3n m\u00e1s estrecha con las Regiones Ultraperif\u00e9ricas (2005)<\/a><\/li>\n<li><a href=\"https:\/\/cp-rup.com\/wp-content\/uploads\/2018\/06\/2008-Resoluci%C3%B3n-sobre-estrategia-para-las-RUP.pdf\" target=\"_blank\" rel=\"noopener noreferrer\">Resoluci\u00f3n sobre la estrategia para las regiones ultraperif\u00e9ricas: balance y perspectivas (2008)<\/a><\/li>\n<li><a href=\"https:\/\/cp-rup.com\/wp-content\/uploads\/2018\/06\/2012-Resoluci%C3%B3n-sobre-el-papel-de-la-pol%C3%ADtica-de-cohesi%C3%B3n-en-las-RUP-en-el-contexto-de-Europa-2020.pdf\" target=\"_blank\" rel=\"noopener noreferrer\">Resoluci\u00f3n sobre el papel de la pol\u00edtica de cohesi\u00f3n en las Regiones Ultraperif\u00e9ricas de la Uni\u00f3n Europea en el contexto de Europa 2020 (2012<\/a>)<\/li>\n<li><a href=\"https:\/\/cp-rup.com\/wp-content\/uploads\/2018\/06\/2017-Informe-Omarjee-aplicaci%C3%B3n-art-349-TFUE.pdf\" target=\"_blank\" rel=\"noopener noreferrer\">Resoluci\u00f3n sobre el fomento de la cohesi\u00f3n y el desarrollo en las Regiones ULtraperif\u00e9ricas de la UE: aplicaci\u00f3n del art\u00edculo 349 del TFUE (2017<\/a>)<\/li>\n<li><a href=\"https:\/\/cp-rup.com\/wp-content\/uploads\/2022\/04\/2021-07-21-Relatorio-Bijoux_PT.pdf\">Relatorio Para un refor\u00e7o da parceria com as regi\u00f5es ultraperif\u00e9ricas da UE<\/a><\/li>\n<\/ul>\n<p>&nbsp;<\/p>\n<p><a href=\"https:\/\/cp-rup.com\/wp-content\/uploads\/2018\/03\/ep-strass-slid.jpg\"><img loading=\"lazy\" decoding=\"async\" class=\"aligncenter size-full wp-image-1218\" src=\"https:\/\/cp-rup.com\/wp-content\/uploads\/2018\/03\/ep-strass-slid.jpg\" alt=\"\" width=\"1000\" height=\"300\" srcset=\"https:\/\/www.cp-rup.com\/wp-content\/uploads\/2018\/03\/ep-strass-slid.jpg 1000w, https:\/\/www.cp-rup.com\/wp-content\/uploads\/2018\/03\/ep-strass-slid-300x90.jpg 300w, https:\/\/www.cp-rup.com\/wp-content\/uploads\/2018\/03\/ep-strass-slid-768x230.jpg 768w\" sizes=\"auto, (max-width: 1000px) 100vw, 1000px\" \/><\/a><\/p>\n<p>&nbsp;<\/p>\n","protected":false},"excerpt":{"rendered":"<p>Parlamento Europeu \u00a0 O Parlamento Europeu \u00e9 a institui\u00e7\u00e3o que, juntamente com o Conselho, tem poderes para adotar e alterar as propostas legislativas da Comiss\u00e3o Europeia e decidir sobre o or\u00e7amento da UE. Os deputados do Parlamento Europeu s\u00e3o eleitos por sufr\u00e1gio direto para representar os interesses dos cidad\u00e3os da UE e assegurar o funcionamento [&hellip;]<\/p>\n","protected":false},"author":45,"featured_media":0,"parent":0,"menu_order":4,"comment_status":"closed","ping_status":"closed","template":"","meta":{"_acf_changed":false,"footnotes":"","_links_to":"","_links_to_target":""},"class_list":["post-48","page","type-page","status-publish","hentry"],"acf":[],"_links":{"self":[{"href":"https:\/\/www.cp-rup.com\/es\/wp-json\/wp\/v2\/pages\/48","targetHints":{"allow":["GET"]}}],"collection":[{"href":"https:\/\/www.cp-rup.com\/es\/wp-json\/wp\/v2\/pages"}],"about":[{"href":"https:\/\/www.cp-rup.com\/es\/wp-json\/wp\/v2\/types\/page"}],"author":[{"embeddable":true,"href":"https:\/\/www.cp-rup.com\/es\/wp-json\/wp\/v2\/users\/45"}],"replies":[{"embeddable":true,"href":"https:\/\/www.cp-rup.com\/es\/wp-json\/wp\/v2\/comments?post=48"}],"version-history":[{"count":96,"href":"https:\/\/www.cp-rup.com\/es\/wp-json\/wp\/v2\/pages\/48\/revisions"}],"predecessor-version":[{"id":7400,"href":"https:\/\/www.cp-rup.com\/es\/wp-json\/wp\/v2\/pages\/48\/revisions\/7400"}],"wp:attachment":[{"href":"https:\/\/www.cp-rup.com\/es\/wp-json\/wp\/v2\/media?parent=48"}],"curies":[{"name":"wp","href":"https:\/\/api.w.org\/{rel}","templated":true}]}}

<h1 style="text-align: center;">Parlamento Europeu</h1>
<h2> <img loading="lazy" decoding="async" class="aligncenter wp-image-1216 size-full" src="https://cp-rup.com/wp-content/uploads/2018/03/ParlamentoEuropeo-w.jpg" alt="" width="800" height="576" /></h2>
<p>O Parlamento Europeu é a instituição que, juntamente com o Conselho, tem poderes para adotar e alterar as propostas legislativas da Comissão Europeia e decidir sobre o orçamento da UE.</p>
<p>Os deputados do Parlamento Europeu são eleitos por sufrágio direto para representar os interesses dos cidadãos da UE e assegurar o funcionamento democrático das outras instituições da União. Também coopera com os parlamentos nacionais, especialmente na aplicação do princípio da subsidiaridade.</p>
<p>&nbsp;</p>
<h2 style="text-align: center;">  Intergrupo Parlamentar das</h2>
<h2 style="text-align: center;">Regiões Ultraperiféricas</h2>
<p>Dentro dele, os eurodeputados oriundos das RUP criaram um intergrupo informal dedicado às Regiões Ultraperiféricas, com o objetivo de trocar pontos de vista sobre questões específicas, debatendo as questões que afetam estas regiões, que são tratadas nesta instituição no âmbito do processo legislativo ordinário.</p>
<p>Desde 1997, o Parlamento Europeu aprovou diferentes Resoluções sobre as Regiões Ultraperiféricas, entre as quais podemos destacar:</p>
<ul>
<li><a href="https://cp-rup.com/wp-content/uploads/2018/06/1997-Resoluci%C3%B3n-problemas-de-desarrollo-RUP-formato-html.pdf" target="_blank" rel="noopener noreferrer">Resolución sobre los problemas de desarrollo de las Regiones Ultraperiféricas (1997)</a></li>
<li><a href="https://cp-rup.com/wp-content/uploads/2018/06/2000-Resoluci%C3%B3n-sobre-Informe-Comisi%C3%B3n-299-2-DOCE.pdf" target="_blank" rel="noopener noreferrer">Resolución sobre el informe de la Comisión relativo a las medidas destinadas a aplicar el artículo 292.2 referido a las RUP (2000)</a></li>
<li><a href="https://cp-rup.com/wp-content/uploads/2018/06/2005-Resoluci%C3%B3n-sobre-Asociaci%C3%B3n-m%C3%A1s-estrecha-con-RUP-DOUE.pdf" target="_blank" rel="noopener noreferrer">Resolución sobre una asociación más estrecha con las Regiones Ultraperiféricas (2005)</a></li>
<li><a href="https://cp-rup.com/wp-content/uploads/2018/06/2008-Resoluci%C3%B3n-sobre-estrategia-para-las-RUP.pdf" target="_blank" rel="noopener noreferrer">Resolución sobre la estrategia para las regiones ultraperiféricas: balance y perspectivas (2008)</a></li>
<li><a href="https://cp-rup.com/wp-content/uploads/2018/06/2012-Resoluci%C3%B3n-sobre-el-papel-de-la-pol%C3%ADtica-de-cohesi%C3%B3n-en-las-RUP-en-el-contexto-de-Europa-2020.pdf" target="_blank" rel="noopener noreferrer">Resolución sobre el papel de la política de cohesión en las Regiones Ultraperiféricas de la Unión Europea en el contexto de Europa 2020 (2012</a>)</li>
<li><a href="https://cp-rup.com/wp-content/uploads/2018/06/2017-Informe-Omarjee-aplicaci%C3%B3n-art-349-TFUE.pdf" target="_blank" rel="noopener noreferrer">Resolución sobre el fomento de la cohesión y el desarrollo en las Regiones ULtraperiféricas de la UE: aplicación del artículo 349 del TFUE (2017</a>)</li>
<li><a href="https://cp-rup.com/wp-content/uploads/2022/04/2021-07-21-Relatorio-Bijoux_PT.pdf">Relatorio Para un reforço da parceria com as regiões ultraperiféricas da UE</a></li>
</ul>
<p>&nbsp;</p>
<p><a href="https://cp-rup.com/wp-content/uploads/2018/03/ep-strass-slid.jpg"><img loading="lazy" decoding="async" class="aligncenter size-full wp-image-1218" src="https://cp-rup.com/wp-content/uploads/2018/03/ep-strass-slid.jpg" alt="" width="1000" height="300" srcset="https://www.cp-rup.com/wp-content/uploads/2018/03/ep-strass-slid.jpg 1000w, https://www.cp-rup.com/wp-content/uploads/2018/03/ep-strass-slid-300x90.jpg 300w, https://www.cp-rup.com/wp-content/uploads/2018/03/ep-strass-slid-768x230.jpg 768w" sizes="auto, (max-width: 1000px) 100vw, 1000px" /></a></p>
<p>&nbsp;</p>

<p>Parlamento Europeu   O Parlamento Europeu é a instituição que, juntamente com o Conselho, tem poderes para adotar e alterar as propostas legislativas da Comissão Europeia e decidir sobre o orçamento da UE. Os deputados do Parlamento Europeu são eleitos por sufrágio direto para representar os interesses dos cidadãos da UE e assegurar o funcionamento [&hellip;]</p>
