{"id":5907,"date":"2021-03-19T19:15:30","date_gmt":"2021-03-19T19:15:30","guid":{"rendered":"https:\/\/cp-rup.com\/?page_id=5907"},"modified":"2023-01-11T14:39:53","modified_gmt":"2023-01-11T14:39:53","slug":"comision-europea","status":"publish","type":"page","link":"https:\/\/www.cp-rup.com\/es\/las-rup-en-la-ue-2\/comision-europea\/","title":{"rendered":"Comisi\u00f3n Europea"},"content":{"rendered":"<h1 style=\"text-align: center;\"><span id=\"result_box\" class=\"short_text\" lang=\"fr\">La Comisi\u00f3n Europea<\/span><\/h1>\n<p>La Comisi\u00f3n Europea, guardiana de los Tratados, es el \u00f3rgano ejecutivo y de iniciativa legislativa de la Uni\u00f3n. Se encarga de proponer la legislaci\u00f3n al Parlamento Europeo y al Consejo, de la aplicaci\u00f3n de las decisiones y de la defensa de los Tratados de la Uni\u00f3n.<\/p>\n<h3 style=\"text-align: center;\">La\u00a0Comisi\u00f3n Europea\u00a0y las\u00a0RUP<\/h3>\n<p>La Comisi\u00f3n ha establecido acciones en favor de las Regiones Ultraperif\u00e9ricas a trav\u00e9s de una serie de Comunicaciones sobre las mismas (<a href=\"https:\/\/cp-rup.com\/wp-content\/uploads\/2018\/09\/library_files\/01_COM(2000)_147_-_Informe_de_la_Comisi\u00f3n_13mar2000.pdf\" target=\"_blank\" rel=\"noopener noreferrer\">2000<\/a>, <a href=\"https:\/\/cp-rup.com\/wp-content\/uploads\/2018\/09\/library_files\/03_COM(2004)_343_-_Estrechar_la_asociaci\u00f3n_con_las_RUP.pdf\" target=\"_blank\" rel=\"noopener noreferrer\">2004<\/a>, <a href=\"https:\/\/cp-rup.com\/wp-content\/uploads\/2018\/09\/library_files\/08_COM(2008)_642_-_Las_RUP_una_ventaja_para_Europa.pdf\" target=\"_blank\" rel=\"noopener noreferrer\">2008<\/a>, <a href=\"https:\/\/cp-rup.com\/wp-content\/uploads\/2018\/09\/library_files\/08_COM(2008)_642_-_Las_RUP_una_ventaja_para_Europa.pdf\" target=\"_blank\" rel=\"noopener noreferrer\">2012,<\/a>\u00a0<a href=\"https:\/\/cp-rup.com\/wp-content\/uploads\/2018\/09\/library_files\/10_COM(2017)_623_asociaci\u00f3n_estrat\u00e9gica_renovada.pdf\" target=\"_blank\" rel=\"noopener noreferrer\">2017 <\/a>y <a href=\"https:\/\/cp-rup.com\/wp-content\/uploads\/2022\/12\/COM-2022_198-final_ES.pdf\">2022<\/a> ), lo que ha permitido a la Comisi\u00f3n formular propuestas de adaptaci\u00f3n normativa que tienen en cuenta las singularidades de las RUP en las distintas pol\u00edticas comunes.<\/p>\n<p>La Estrategia de la UE para las RUP se ha renovado y reforzado el 3 de mayo de 2022, mediante la adopci\u00f3n de la Comunicaci\u00f3n titulada \u00ab<em>Dar prioridad a las personas, asegurar el crecimiento sostenible e inclusivo y liberar el potencial de las regiones ultraperif\u00e9ricas de la UE<\/em>\u00ab, que refleja el compromiso de la Comisi\u00f3n con las RUP, de acuerdo con el art\u00edculo 349 del Tratado de Funcionamiento de la UE.<\/p>\n<p>En dicha <a href=\"https:\/\/cp-rup.com\/wp-content\/uploads\/2022\/12\/COM-2022_198-final_ES.pdf\">Comunicaci\u00f3n<\/a> se presentan las prioridades de la acci\u00f3n de la UE con y para las regiones ultraperif\u00e9ricas con el fin de fomentar su desarrollo, as\u00ed como recomendaciones de actuaci\u00f3n para las regiones ultraperif\u00e9ricas y sus Estados miembros: Francia, Portugal y Espa\u00f1a.<\/p>\n<p>Del mismo modo, la Comisi\u00f3n expone las medidas que estima necesarias para promover una recuperaci\u00f3n y un crecimiento sostenible en estas regiones, tras al fuerte impacto de la pandemia de coronavirus en las RUP.<\/p>\n<p>La estrategia, renovada y reforzada, muestra el compromiso inquebrantable de la Comisi\u00f3n con las RUP, consider\u00e1ndolo:<\/p>\n<ul>\n<li>una obligaci\u00f3n institucional, prevista en el art\u00edculo 349 TFUE,<\/li>\n<li>un imperativo pol\u00edtico, dados los 5 millones de ciudadanos europeos que viven en las RUP,<\/li>\n<li>una necesidad econ\u00f3mica por el potencial inexplotado en ellas, sobre todo para la econom\u00eda verde,<\/li>\n<li>y una inversi\u00f3n geoestrat\u00e9gica, potenciando el papel de estas regiones como puertas de entrada de la Uni\u00f3n Europea al resto del mundo.<\/li>\n<\/ul>\n\t\t<div class=\"col-12 mb-5\">\n\t\t\t<div class=\"row widget_picture_with_floating_text\">\n\t\t\t\t<div class=\"col-8  widget_picture_with_floating_text__picture\" style=\"background-image: url('https:\/\/cp-rup.com\/wp-content\/uploads\/2023\/01\/Berlaymont.jpg');\"><\/div>\n\t\t\t\t<div class=\"col-6 widget_picture_with_floating_text__text widget_picture_with_floating_text__text--right\">\n\t\t\t\t\t<h3>Pilares de la nueva Estrategia<\/h3>\n\t\t\t\t\t<p>\n<ul>\n<li>Aprovechar los activos \u00fanicos de cada regi\u00f3n;<\/li>\n<li>Apoyar una transformaci\u00f3n econ\u00f3mica sostenible;<\/li>\n<li>Reforzar la cooperaci\u00f3n regional con los pa\u00edses y territorios vecinos.<\/li>\n<li>Reforzar la asociaci\u00f3n, el di\u00e1logo y el apoyo a estas regiones.<\/p>\n\t\t\t\t<\/div>\n\t\t\t<\/div>\n\t\t<\/div>\n\n<\/li>\n<\/ul>\n<p>La Comunicaci\u00f3n va acompa\u00f1ada de un documento de trabajo de los servicios de la Comisi\u00f3n bajo el t\u00edtulo \u00ab<a href=\"https:\/\/cp-rup.com\/wp-content\/uploads\/2022\/12\/SWD-2022-133-final_ES.pdf\">Las regiones ultraperif\u00e9ricas de un vistazo: ventajas, retos y oportunidades<\/a>\u00bb \u00a0(SWD\/2022\/133 final) que ofrece una visi\u00f3n general de cada regi\u00f3n ultraperif\u00e9rica.<\/p>\n<p>Asimismo, se acompa\u00f1a tambi\u00e9n de un informe de s\u00edntesis denominado \u00ab<a href=\"https:\/\/cp-rup.com\/wp-content\/uploads\/2022\/12\/SWD-2022-134-final_EN.pdf\">Resultados de las actividades de consulta de la Comunicaci\u00f3n sobre las regiones ultraperif\u00e9ricas<\/a>\u00bb\u00a0 (SWD(2022) 134 final), en el que se ofrece un resumen del proceso de consulta p\u00fablica previo que se llev\u00f3 a cabo para preparar la Comunicaci\u00f3n.<\/p>\n<h3 style=\"text-align: center;\">Unidad RUP en la DG REGIO<\/h3>\n<p>Adem\u00e1s, la Comisi\u00f3n cuenta con una Unidad Regiones Ultraperif\u00e9ricas, integrada en la Direcci\u00f3n General de Pol\u00edtica Regional (DG REGIO), dependiente actualmente de la comisaria para esta pol\u00edtica, Elisa Ferreira. La Unidad RUP tiene como misi\u00f3n coordinar las actuaciones en favor de las RUP, velando por que los intereses y particularidades de estas regiones queden reflejados en las distintas normas sectoriales del Derecho europeo. Es adem\u00e1s la responsable de canalizar los contactos con las administraciones nacionales y regionales implicadas.<\/p>\n<h2 style=\"text-align: center;\"><img loading=\"lazy\" decoding=\"async\" class=\"alignnone wp-image-1035 size-full\" src=\"https:\/\/cp-rup.com\/wp-content\/uploads\/2018\/02\/ComisionEuropea2.jpg\" alt=\"\" width=\"1110\" height=\"400\" srcset=\"https:\/\/www.cp-rup.com\/wp-content\/uploads\/2018\/02\/ComisionEuropea2.jpg 1110w, https:\/\/www.cp-rup.com\/wp-content\/uploads\/2018\/02\/ComisionEuropea2-300x108.jpg 300w, https:\/\/www.cp-rup.com\/wp-content\/uploads\/2018\/02\/ComisionEuropea2-768x277.jpg 768w, https:\/\/www.cp-rup.com\/wp-content\/uploads\/2018\/02\/ComisionEuropea2-1024x369.jpg 1024w\" sizes=\"auto, (max-width: 1110px) 100vw, 1110px\" \/><\/h2>\n<p>&nbsp;<\/p>\n","protected":false},"excerpt":{"rendered":"<p>La Comisi\u00f3n Europea La Comisi\u00f3n Europea, guardiana de los Tratados, es el \u00f3rgano ejecutivo y de iniciativa legislativa de la Uni\u00f3n. Se encarga de proponer la legislaci\u00f3n al Parlamento Europeo y al Consejo, de la aplicaci\u00f3n de las decisiones y de la defensa de los Tratados de la Uni\u00f3n. La\u00a0Comisi\u00f3n Europea\u00a0y las\u00a0RUP La Comisi\u00f3n ha [&hellip;]<\/p>\n","protected":false},"author":37,"featured_media":0,"parent":5879,"menu_order":3,"comment_status":"closed","ping_status":"closed","template":"page-static-rich.php","meta":{"_acf_changed":false,"footnotes":"","_links_to":"","_links_to_target":""},"class_list":["post-5907","page","type-page","status-publish","hentry"],"acf":[],"_links":{"self":[{"href":"https:\/\/www.cp-rup.com\/es\/wp-json\/wp\/v2\/pages\/5907","targetHints":{"allow":["GET"]}}],"collection":[{"href":"https:\/\/www.cp-rup.com\/es\/wp-json\/wp\/v2\/pages"}],"about":[{"href":"https:\/\/www.cp-rup.com\/es\/wp-json\/wp\/v2\/types\/page"}],"author":[{"embeddable":true,"href":"https:\/\/www.cp-rup.com\/es\/wp-json\/wp\/v2\/users\/37"}],"replies":[{"embeddable":true,"href":"https:\/\/www.cp-rup.com\/es\/wp-json\/wp\/v2\/comments?post=5907"}],"version-history":[{"count":16,"href":"https:\/\/www.cp-rup.com\/es\/wp-json\/wp\/v2\/pages\/5907\/revisions"}],"predecessor-version":[{"id":7932,"href":"https:\/\/www.cp-rup.com\/es\/wp-json\/wp\/v2\/pages\/5907\/revisions\/7932"}],"up":[{"embeddable":true,"href":"https:\/\/www.cp-rup.com\/es\/wp-json\/wp\/v2\/pages\/5879"}],"wp:attachment":[{"href":"https:\/\/www.cp-rup.com\/es\/wp-json\/wp\/v2\/media?parent=5907"}],"curies":[{"name":"wp","href":"https:\/\/api.w.org\/{rel}","templated":true}]}}

Comisión Europea

<h1 style="text-align: center;"><span id="result_box" class="short_text" lang="fr">La Comisión Europea</span></h1>
<p>La Comisión Europea, guardiana de los Tratados, es el órgano ejecutivo y de iniciativa legislativa de la Unión. Se encarga de proponer la legislación al Parlamento Europeo y al Consejo, de la aplicación de las decisiones y de la defensa de los Tratados de la Unión.</p>
<h3 style="text-align: center;">La Comisión Europea y las RUP</h3>
<p>La Comisión ha establecido acciones en favor de las Regiones Ultraperiféricas a través de una serie de Comunicaciones sobre las mismas (<a href="https://cp-rup.com/wp-content/uploads/2018/09/library_files/01_COM(2000)_147_-_Informe_de_la_Comisión_13mar2000.pdf" target="_blank" rel="noopener noreferrer">2000</a>, <a href="https://cp-rup.com/wp-content/uploads/2018/09/library_files/03_COM(2004)_343_-_Estrechar_la_asociación_con_las_RUP.pdf" target="_blank" rel="noopener noreferrer">2004</a>, <a href="https://cp-rup.com/wp-content/uploads/2018/09/library_files/08_COM(2008)_642_-_Las_RUP_una_ventaja_para_Europa.pdf" target="_blank" rel="noopener noreferrer">2008</a>, <a href="https://cp-rup.com/wp-content/uploads/2018/09/library_files/08_COM(2008)_642_-_Las_RUP_una_ventaja_para_Europa.pdf" target="_blank" rel="noopener noreferrer">2012,</a> <a href="https://cp-rup.com/wp-content/uploads/2018/09/library_files/10_COM(2017)_623_asociación_estratégica_renovada.pdf" target="_blank" rel="noopener noreferrer">2017 </a>y <a href="https://cp-rup.com/wp-content/uploads/2022/12/COM-2022_198-final_ES.pdf">2022</a> ), lo que ha permitido a la Comisión formular propuestas de adaptación normativa que tienen en cuenta las singularidades de las RUP en las distintas políticas comunes.</p>
<p>La Estrategia de la UE para las RUP se ha renovado y reforzado el 3 de mayo de 2022, mediante la adopción de la Comunicación titulada «<em>Dar prioridad a las personas, asegurar el crecimiento sostenible e inclusivo y liberar el potencial de las regiones ultraperiféricas de la UE</em>«, que refleja el compromiso de la Comisión con las RUP, de acuerdo con el artículo 349 del Tratado de Funcionamiento de la UE.</p>
<p>En dicha <a href="https://cp-rup.com/wp-content/uploads/2022/12/COM-2022_198-final_ES.pdf">Comunicación</a> se presentan las prioridades de la acción de la UE con y para las regiones ultraperiféricas con el fin de fomentar su desarrollo, así como recomendaciones de actuación para las regiones ultraperiféricas y sus Estados miembros: Francia, Portugal y España.</p>
<p>Del mismo modo, la Comisión expone las medidas que estima necesarias para promover una recuperación y un crecimiento sostenible en estas regiones, tras al fuerte impacto de la pandemia de coronavirus en las RUP.</p>
<p>La estrategia, renovada y reforzada, muestra el compromiso inquebrantable de la Comisión con las RUP, considerándolo:</p>
<ul>
<li>una obligación institucional, prevista en el artículo 349 TFUE,</li>
<li>un imperativo político, dados los 5 millones de ciudadanos europeos que viven en las RUP,</li>
<li>una necesidad económica por el potencial inexplotado en ellas, sobre todo para la economía verde,</li>
<li>y una inversión geoestratégica, potenciando el papel de estas regiones como puertas de entrada de la Unión Europea al resto del mundo.</li>
</ul>
		<div class="col-12 mb-5">
			<div class="row widget_picture_with_floating_text">
				<div class="col-8  widget_picture_with_floating_text__picture" style="background-image: url('https://cp-rup.com/wp-content/uploads/2023/01/Berlaymont.jpg');"></div>
				<div class="col-6 widget_picture_with_floating_text__text widget_picture_with_floating_text__text--right">
					<h3>Pilares de la nueva Estrategia</h3>
					<p>
<ul>
<li>Aprovechar los activos únicos de cada región;</li>
<li>Apoyar una transformación económica sostenible;</li>
<li>Reforzar la cooperación regional con los países y territorios vecinos.</li>
<li>Reforzar la asociación, el diálogo y el apoyo a estas regiones.</p>
				</div>
			</div>
		</div>

</li>
</ul>
<p>La Comunicación va acompañada de un documento de trabajo de los servicios de la Comisión bajo el título «<a href="https://cp-rup.com/wp-content/uploads/2022/12/SWD-2022-133-final_ES.pdf">Las regiones ultraperiféricas de un vistazo: ventajas, retos y oportunidades</a>»  (SWD/2022/133 final) que ofrece una visión general de cada región ultraperiférica.</p>
<p>Asimismo, se acompaña también de un informe de síntesis denominado «<a href="https://cp-rup.com/wp-content/uploads/2022/12/SWD-2022-134-final_EN.pdf">Resultados de las actividades de consulta de la Comunicación sobre las regiones ultraperiféricas</a>»  (SWD(2022) 134 final), en el que se ofrece un resumen del proceso de consulta pública previo que se llevó a cabo para preparar la Comunicación.</p>
<h3 style="text-align: center;">Unidad RUP en la DG REGIO</h3>
<p>Además, la Comisión cuenta con una Unidad Regiones Ultraperiféricas, integrada en la Dirección General de Política Regional (DG REGIO), dependiente actualmente de la comisaria para esta política, Elisa Ferreira. La Unidad RUP tiene como misión coordinar las actuaciones en favor de las RUP, velando por que los intereses y particularidades de estas regiones queden reflejados en las distintas normas sectoriales del Derecho europeo. Es además la responsable de canalizar los contactos con las administraciones nacionales y regionales implicadas.</p>
<h2 style="text-align: center;"><img loading="lazy" decoding="async" class="alignnone wp-image-1035 size-full" src="https://cp-rup.com/wp-content/uploads/2018/02/ComisionEuropea2.jpg" alt="" width="1110" height="400" srcset="https://www.cp-rup.com/wp-content/uploads/2018/02/ComisionEuropea2.jpg 1110w, https://www.cp-rup.com/wp-content/uploads/2018/02/ComisionEuropea2-300x108.jpg 300w, https://www.cp-rup.com/wp-content/uploads/2018/02/ComisionEuropea2-768x277.jpg 768w, https://www.cp-rup.com/wp-content/uploads/2018/02/ComisionEuropea2-1024x369.jpg 1024w" sizes="auto, (max-width: 1110px) 100vw, 1110px" /></h2>
<p>&nbsp;</p>

<p>La Comisión Europea La Comisión Europea, guardiana de los Tratados, es el órgano ejecutivo y de iniciativa legislativa de la Unión. Se encarga de proponer la legislación al Parlamento Europeo y al Consejo, de la aplicación de las decisiones y de la defensa de los Tratados de la Unión. La Comisión Europea y las RUP La Comisión ha [&hellip;]</p>
