{"id":5935,"date":"2021-03-19T19:34:55","date_gmt":"2021-03-19T19:34:55","guid":{"rendered":"https:\/\/cp-rup.com\/?page_id=5935"},"modified":"2022-04-12T13:33:11","modified_gmt":"2022-04-12T13:33:11","slug":"consejo-economico-y-social-europeo","status":"publish","type":"page","link":"https:\/\/www.cp-rup.com\/es\/las-rup-en-la-ue-2\/consejo-economico-y-social-europeo\/","title":{"rendered":"Consejo Econo\u0301mico y Social Europeo"},"content":{"rendered":"<h1 style=\"text-align: center;\">El Consejo Econ\u00f3mico y Social Europeo<\/h1>\n<p>El Comit\u00e9 Econ\u00f3mico y Social Europeo (CESE) es, junto al Comit\u00e9 de las Regiones, uno de los \u00f3rganos consultivos de las instituciones europeas. Est\u00e1 compuesto por representantes de las organizaciones de trabajadores y empresarios y otros grupos de inter\u00e9s. Emite dict\u00e1menes sobre cuestiones relevantes de la UE y act\u00faa como puente entre las instituciones europeas implicadas en el proceso legislativo y los ciudadanos europeos.<\/p>\n<p>El CESE ha emitido dict\u00e1menes sobre cuestiones relacionadas con las RUP, reforzando en los \u00faltimos a\u00f1os su colaboraci\u00f3n con las RUP a trav\u00e9s de talleres y mesas redondas para tratar cuestiones espec\u00edficas que afectan a la sociedad civil de las RUP.<\/p>\n<p>Los dict\u00e1menes emitidos por el CESE, en relaci\u00f3n con las RUP, son los siguientes:<\/p>\n<ul>\n<li><a href=\"https:\/\/cp-rup.com\/wp-content\/uploads\/2018\/06\/02-Dictamen-CESE-2002-sobre-Estrategia-de-futuro-para-las-RUP-CESE-682-2002_DOCE.pdf\" target=\"_blank\" rel=\"noopener noreferrer\">Dictamen sobre el tema \u00abEstrategia de futuro para las Regiones Ultraperif\u00e9ricas de la Uni\u00f3n Europea\u00bb (2002)<\/a><\/li>\n<li><a href=\"https:\/\/cp-rup.com\/wp-content\/uploads\/2018\/06\/04-Dictamen-CESE-sobre-COM2004-343-CESE-847-2005_DOUE.pdf\" target=\"_blank\" rel=\"noopener noreferrer\">Dictamen sobre la \u00abComunicaci\u00f3n de la Comisi\u00f3n &#8211; Estrechar la asociaci\u00f3n con las Regiones Ultraperif\u00e9ricas\u00bb (2005)<\/a><\/li>\n<li><a href=\"https:\/\/cp-rup.com\/wp-content\/uploads\/2018\/06\/05-Dictamen-CESE-Las-perspectivas-de-la-agricultura-en-zonas-con-desventajas-naturales.pdf\" target=\"_blank\" rel=\"noopener noreferrer\">Dictamen sobre el tema \u00abLas perspectivas de futuro de la agricultura en zonas con desventajas naturales espec\u00edficas (regiones de monta\u00f1a, insulares y ultraperif\u00e9ricas)\u00bb (2006)<\/a><\/li>\n<li><a href=\"https:\/\/cp-rup.com\/wp-content\/uploads\/2018\/06\/08-Dictamen-CESE-sobre-COM2007-507-CESE-771-2008_DOUE.pdf\" target=\"_blank\" rel=\"noopener noreferrer\">Dictamen sobre el tema \u00abEstrategia para las Regiones Ultraperif\u00e9ricas: logros y perspectivas\u00bb (2007)<\/a><\/li>\n<li><a href=\"https:\/\/cp-rup.com\/wp-content\/uploads\/2018\/06\/ces2011-2012_00_00_tra_ac_es1.doc\" target=\"_blank\" rel=\"noopener noreferrer\">Dictamen sobre la Comunicaci\u00f3n de la Comisi\u00f3n &#8211; Las Regiones Ultraperif\u00e9ricas de la Uni\u00f3n Europea: hacia una asociaci\u00f3n en pos de un crecimiento inteligente, sostenible e integrador\u00bb (2012)<\/a><\/li>\n<li><a href=\"https:\/\/cp-rup.com\/wp-content\/uploads\/2022\/04\/10-Dictamen-CESE-Los-beneficios-que-representan-las-RUP-para-la-UE-ECO567.pdf\">Dictamen sobre \u00abLos beneficios que representan las regiones ultraperif\u00e9ricas (RUP) para la UE\u00bb (2022)<\/a><\/li>\n<\/ul>\n<p>&nbsp;<\/p>\n<p>&nbsp;<\/p>\n<p>&nbsp;<\/p>\n<p><a href=\"https:\/\/cp-rup.com\/wp-content\/uploads\/2018\/03\/CESE-w.jpg\"><img loading=\"lazy\" decoding=\"async\" class=\"aligncenter size-full wp-image-1390\" src=\"https:\/\/cp-rup.com\/wp-content\/uploads\/2018\/03\/CESE-w.jpg\" alt=\"\" width=\"1200\" height=\"400\" srcset=\"https:\/\/www.cp-rup.com\/wp-content\/uploads\/2018\/03\/CESE-w.jpg 1200w, https:\/\/www.cp-rup.com\/wp-content\/uploads\/2018\/03\/CESE-w-300x100.jpg 300w, https:\/\/www.cp-rup.com\/wp-content\/uploads\/2018\/03\/CESE-w-768x256.jpg 768w, https:\/\/www.cp-rup.com\/wp-content\/uploads\/2018\/03\/CESE-w-1024x341.jpg 1024w\" sizes=\"auto, (max-width: 1200px) 100vw, 1200px\" \/><\/a><\/p>\n<p>&nbsp;<\/p>\n","protected":false},"excerpt":{"rendered":"<p>El Consejo Econ\u00f3mico y Social Europeo El Comit\u00e9 Econ\u00f3mico y Social Europeo (CESE) es, junto al Comit\u00e9 de las Regiones, uno de los \u00f3rganos consultivos de las instituciones europeas. Est\u00e1 compuesto por representantes de las organizaciones de trabajadores y empresarios y otros grupos de inter\u00e9s. Emite dict\u00e1menes sobre cuestiones relevantes de la UE y act\u00faa [&hellip;]<\/p>\n","protected":false},"author":37,"featured_media":0,"parent":5879,"menu_order":7,"comment_status":"closed","ping_status":"closed","template":"page-static-rich.php","meta":{"_acf_changed":false,"footnotes":"","_links_to":"","_links_to_target":""},"class_list":["post-5935","page","type-page","status-publish","hentry"],"acf":[],"_links":{"self":[{"href":"https:\/\/www.cp-rup.com\/es\/wp-json\/wp\/v2\/pages\/5935","targetHints":{"allow":["GET"]}}],"collection":[{"href":"https:\/\/www.cp-rup.com\/es\/wp-json\/wp\/v2\/pages"}],"about":[{"href":"https:\/\/www.cp-rup.com\/es\/wp-json\/wp\/v2\/types\/page"}],"author":[{"embeddable":true,"href":"https:\/\/www.cp-rup.com\/es\/wp-json\/wp\/v2\/users\/37"}],"replies":[{"embeddable":true,"href":"https:\/\/www.cp-rup.com\/es\/wp-json\/wp\/v2\/comments?post=5935"}],"version-history":[{"count":5,"href":"https:\/\/www.cp-rup.com\/es\/wp-json\/wp\/v2\/pages\/5935\/revisions"}],"predecessor-version":[{"id":7417,"href":"https:\/\/www.cp-rup.com\/es\/wp-json\/wp\/v2\/pages\/5935\/revisions\/7417"}],"up":[{"embeddable":true,"href":"https:\/\/www.cp-rup.com\/es\/wp-json\/wp\/v2\/pages\/5879"}],"wp:attachment":[{"href":"https:\/\/www.cp-rup.com\/es\/wp-json\/wp\/v2\/media?parent=5935"}],"curies":[{"name":"wp","href":"https:\/\/api.w.org\/{rel}","templated":true}]}}

<h1 style="text-align: center;">El Consejo Económico y Social Europeo</h1>
<p>El Comité Económico y Social Europeo (CESE) es, junto al Comité de las Regiones, uno de los órganos consultivos de las instituciones europeas. Está compuesto por representantes de las organizaciones de trabajadores y empresarios y otros grupos de interés. Emite dictámenes sobre cuestiones relevantes de la UE y actúa como puente entre las instituciones europeas implicadas en el proceso legislativo y los ciudadanos europeos.</p>
<p>El CESE ha emitido dictámenes sobre cuestiones relacionadas con las RUP, reforzando en los últimos años su colaboración con las RUP a través de talleres y mesas redondas para tratar cuestiones específicas que afectan a la sociedad civil de las RUP.</p>
<p>Los dictámenes emitidos por el CESE, en relación con las RUP, son los siguientes:</p>
<ul>
<li><a href="https://cp-rup.com/wp-content/uploads/2018/06/02-Dictamen-CESE-2002-sobre-Estrategia-de-futuro-para-las-RUP-CESE-682-2002_DOCE.pdf" target="_blank" rel="noopener noreferrer">Dictamen sobre el tema «Estrategia de futuro para las Regiones Ultraperiféricas de la Unión Europea» (2002)</a></li>
<li><a href="https://cp-rup.com/wp-content/uploads/2018/06/04-Dictamen-CESE-sobre-COM2004-343-CESE-847-2005_DOUE.pdf" target="_blank" rel="noopener noreferrer">Dictamen sobre la «Comunicación de la Comisión &#8211; Estrechar la asociación con las Regiones Ultraperiféricas» (2005)</a></li>
<li><a href="https://cp-rup.com/wp-content/uploads/2018/06/05-Dictamen-CESE-Las-perspectivas-de-la-agricultura-en-zonas-con-desventajas-naturales.pdf" target="_blank" rel="noopener noreferrer">Dictamen sobre el tema «Las perspectivas de futuro de la agricultura en zonas con desventajas naturales específicas (regiones de montaña, insulares y ultraperiféricas)» (2006)</a></li>
<li><a href="https://cp-rup.com/wp-content/uploads/2018/06/08-Dictamen-CESE-sobre-COM2007-507-CESE-771-2008_DOUE.pdf" target="_blank" rel="noopener noreferrer">Dictamen sobre el tema «Estrategia para las Regiones Ultraperiféricas: logros y perspectivas» (2007)</a></li>
<li><a href="https://cp-rup.com/wp-content/uploads/2018/06/ces2011-2012_00_00_tra_ac_es1.doc" target="_blank" rel="noopener noreferrer">Dictamen sobre la Comunicación de la Comisión &#8211; Las Regiones Ultraperiféricas de la Unión Europea: hacia una asociación en pos de un crecimiento inteligente, sostenible e integrador» (2012)</a></li>
<li><a href="https://cp-rup.com/wp-content/uploads/2022/04/10-Dictamen-CESE-Los-beneficios-que-representan-las-RUP-para-la-UE-ECO567.pdf">Dictamen sobre «Los beneficios que representan las regiones ultraperiféricas (RUP) para la UE» (2022)</a></li>
</ul>
<p>&nbsp;</p>
<p>&nbsp;</p>
<p>&nbsp;</p>
<p><a href="https://cp-rup.com/wp-content/uploads/2018/03/CESE-w.jpg"><img loading="lazy" decoding="async" class="aligncenter size-full wp-image-1390" src="https://cp-rup.com/wp-content/uploads/2018/03/CESE-w.jpg" alt="" width="1200" height="400" srcset="https://www.cp-rup.com/wp-content/uploads/2018/03/CESE-w.jpg 1200w, https://www.cp-rup.com/wp-content/uploads/2018/03/CESE-w-300x100.jpg 300w, https://www.cp-rup.com/wp-content/uploads/2018/03/CESE-w-768x256.jpg 768w, https://www.cp-rup.com/wp-content/uploads/2018/03/CESE-w-1024x341.jpg 1024w" sizes="auto, (max-width: 1200px) 100vw, 1200px" /></a></p>
<p>&nbsp;</p>

<p>El Consejo Económico y Social Europeo El Comité Económico y Social Europeo (CESE) es, junto al Comité de las Regiones, uno de los órganos consultivos de las instituciones europeas. Está compuesto por representantes de las organizaciones de trabajadores y empresarios y otros grupos de interés. Emite dictámenes sobre cuestiones relevantes de la UE y actúa [&hellip;]</p>
