{"id":5965,"date":"2021-03-19T19:49:36","date_gmt":"2021-03-19T19:49:36","guid":{"rendered":"https:\/\/cp-rup.com\/?page_id=5965"},"modified":"2021-03-19T19:49:36","modified_gmt":"2021-03-19T19:49:36","slug":"redes-rup","status":"publish","type":"page","link":"https:\/\/www.cp-rup.com\/es\/conferencia-de-presidentes\/redes-rup\/","title":{"rendered":"Redes RUP"},"content":{"rendered":"<h1 style=\"text-align: center;\">\u00a0Redes RUP<\/h1>\n<h2 style=\"text-align: center;\">Red RIS3<\/h2>\n<p>&nbsp;<\/p>\n<p>La Comisi\u00f3n Europea fomenta, desde hace unos a\u00f1os, la transformaci\u00f3n del modelo econ\u00f3mico en Europa, reforzando los ecosistemas y procesos innovadores en los distintos territorios, a trav\u00e9s de \u201cestrategias de especializaci\u00f3n inteligentes\u201d (RIS, seg\u00fan sus siglas en ingl\u00e9s), que surgen del di\u00e1logo entre todos los actores implicados desde un enfoque ascendente.<\/p>\n<p>En este contexto, las RUP, impulsadas por la regi\u00f3n de Guadalupe, redactaron un posicionamiento com\u00fan sobre sus respectivas RIS3 que comunicaron a la Comisi\u00f3n Europea el 4 de agosto de 2017, donde afirmaban las ventajas de este enfoque, sus potencialidades en tanto que laboratorios de soluciones innovadoras y su deseo de trabajar juntas en el refuerzo de sus capacidades de investigaci\u00f3n e innovaci\u00f3n.<\/p>\n<p>Persiguiendo una mayor profundizaci\u00f3n de su cooperaci\u00f3n entes \u00e1mbito, la XXII Conferencia de Presidentes RUP, celebrada en Guayana, en octubre de 2017, adopt\u00f3 acuerdo de constituci\u00f3n formal de esta red de cooperaci\u00f3n tem\u00e1tica. La Red RIS3 RUP persigue los siguientes objetivos:<\/p>\n<ul>\n<li>Elaborar orientaciones y posicionamientos comunes, avalados por el Comit\u00e9 de Seguimiento RUP, con el fin de que el potencial de las RUP sea mejor tenido en cuenta en el seno de las pol\u00edticas europeas post-2020;<\/li>\n<li>Proponer adaptaciones de los textos legislativos y no legislativos de la UE a la realidad de la ultraperiferia, en los \u00e1mbitos de inter\u00e9s de la red;<\/li>\n<li>Movilizar los recursos materiales y humanos necesarios e identificar los dispositivos y las oportunidades de financiaci\u00f3n para la elaboraci\u00f3n y puesta en marcha de proyectos comunes resultantes de los trabajos de la red;<\/li>\n<li>Presentar proyectos a las convocatorias y manifestaciones de inter\u00e9s, as\u00ed como a las acciones piloto de las plataformas tem\u00e1ticas y otras iniciativas que ponga en marcha la UE.<\/li>\n<\/ul>\n<p>De entre los trabajos emprendidos por la RED RIS3 RUP desde su creaci\u00f3n, cabe destacar la participaci\u00f3n de la misma en el Proyecto FORWARD (Fostering Research Excellence in EU Outermost Regions), proyecto conjunto RUP que responde a la convocatoria espec\u00edfica para las regiones ultraperif\u00e9ricas en el \u00e1mbito de Horizonte 2020.<\/p>\n<h2 style=\"text-align: center;\"><span id=\"result_box\" class=\"short_text\" lang=\"es\">Red RUP empleo<\/span><\/h2>\n<p>En octubre de 2014, durante el III Foro de la Ultraperiferia, los presidentes de las Regiones Ultraperif\u00e9ricas firmaron el <a href=\"https:\/\/cp-rup.com\/wp-content\/uploads\/2018\/06\/ES-Acuerdo-de-creaci\u00f3n-de-la-Red-por-el-Empleo-entre-las-Regiones-Ultraperif\u00e9ricas-de-la-Uni\u00f3n-Europea-FIRMADO.pdf\">\u201cAcuerdo de creaci\u00f3n de la Red por el Empleo entre las Regiones Ultraperif\u00e9ricas de la Uni\u00f3n Europea\u00a0<\/a>\u201d. El objetivo general de la RED es proponer orientaciones y l\u00edneas estrat\u00e9gicas para establecer una cooperaci\u00f3n entre las RUP en materia de empleo, a fin de desarrollar, de manera conjunta, acciones y proyectos innovadores en los \u00e1mbitos vinculados al empleo.<\/p>\n<p>Gracias a su colaboraci\u00f3n se ha adoptado el primer Plan de empleos verdes y azules de las RUP, presentado en el transcurso del Seminario sobre el empleo en las RUP, organizado por el Comit\u00e9 Econ\u00f3mico y Social Europeo y la Comisi\u00f3n Europea, a finales de noviembre de 2015. Este Plan de Choque fue elaborado a partir de la situaci\u00f3n espec\u00edfica de cada regi\u00f3n y del an\u00e1lisis de los sectores de futuro en los que existe la posibilidad de crear potencialmente empleo: empleo verde y azul.<\/p>\n<p>La red tambi\u00e9n ha presentado proyectos a varias convocatorias europeas relacionadas con estos temas: Programa EaSI, <em>Sector Skills Alliance<\/em> dentro del Programa ERASMUS+; Programa H2020, Proyectos Pilotos del Parlamento Europeo o una convocatoria de la DG MARE sobre \u201cBlue Careers\u201d.<\/p>\n<p>Finalmente se logr\u00f3 la aprobaci\u00f3n del proyecto \u201cGrow RUP\u201d, con participaci\u00f3n de Azores, Madeira, Reuni\u00f3n, Canarias y Martinica, en la primera convocatoria del programa Interreg Europe.<\/p>\n<p>La Red ha participado tambi\u00e9n mediante la preparaci\u00f3n de respuestas a consultas p\u00fablicas lanzadas por la Comisi\u00f3n Europea en los \u00e1mbitos de su actividad.<\/p>\n<p style=\"text-align: center;\"><img loading=\"lazy\" decoding=\"async\" class=\"size-large wp-image-4342 aligncenter\" src=\"https:\/\/cp-rup.com\/wp-content\/uploads\/2019\/03\/Forum-energies-propres-Lanzarote-5-11-18-1024x750.jpg\" alt=\"\" width=\"640\" height=\"469\" srcset=\"https:\/\/www.cp-rup.com\/wp-content\/uploads\/2019\/03\/Forum-energies-propres-Lanzarote-5-11-18-1024x750.jpg 1024w, https:\/\/www.cp-rup.com\/wp-content\/uploads\/2019\/03\/Forum-energies-propres-Lanzarote-5-11-18-300x220.jpg 300w, https:\/\/www.cp-rup.com\/wp-content\/uploads\/2019\/03\/Forum-energies-propres-Lanzarote-5-11-18-768x563.jpg 768w, https:\/\/www.cp-rup.com\/wp-content\/uploads\/2019\/03\/Forum-energies-propres-Lanzarote-5-11-18.jpg 1093w\" sizes=\"auto, (max-width: 640px) 100vw, 640px\" \/><\/p>\n<h2 style=\"text-align: center;\">Red RUP Energ\u00eda<\/h2>\n<p>Durante la I Cumbre Internacional de Energ\u00edas Renovables, que tuvo lugar en Canarias en marzo de 2015, se impuls\u00f3 la creaci\u00f3n de una red RUP para la concertaci\u00f3n de los temas de energ\u00eda, que recibi\u00f3 el apoyo pol\u00edtico de la Conferencia de Presidentes de las RUP. La formalizaci\u00f3n de la misma tuvo lugar con la firma de su <a href=\"https:\/\/cp-rup.com\/wp-content\/uploads\/2018\/06\/40-Acuerdo-Red-RUP-Energ\u00eda-Firmado_ES.pdf\">Acuerdo de creaci\u00f3n<\/a> \u00a0por parte de los presidentes RUP durante la XXI Conferencia de Presidentes, celebrada en Funchal, Madeira, en septiembre de 2016.<\/p>\n<p>Desde entonces se ha trabajado para identificar los objetivos y futuras acciones de la Red y se han llevado a cabo una serie de actuaciones conjuntas tales como: la elaboraci\u00f3n de fichas de la situaci\u00f3n energ\u00e9tica de cada RUP, responder a las consultas p\u00fablicas de la Comisi\u00f3n Europea en materia de energ\u00eda, la puesta en marcha de una web de la Red, etc.<\/p>\n<p>Una de las primeras acciones de la Red ha sido solicitar a la DG REGIO y a la DG ENER que estudie junto con las RUP y los Estados miembros la mejor manera de financiar las energ\u00edas renovables y la eficiencia energ\u00e9tica en las RUP, tal y como se anuncia en su Comunicaci\u00f3n (2012) 287 final <em>\u201cLas regiones ultraperif\u00e9ricas de la Uni\u00f3n Europea: hacia una asociaci\u00f3n en post de un crecimiento inteligente, sostenible e integrador\u201d.<\/em><\/p>\n<p>En el marco de la red se est\u00e1n impulsando diferentes acciones frente a la Comisi\u00f3n y el Parlamento Europeo para que se tenga en cuenta la situaci\u00f3n energ\u00e9tica particular de las RUP en la futura legislaci\u00f3n de la Uni\u00f3n de la Energ\u00eda.<\/p>\n<p>Asimismo, se ha logrado impulsar de manera exitosa un proyecto conjunto en el marco de la tercera convocatoria de INTERREG Europa, denominado RESOR en el que participan activamente las siguientes RUP: Canarias, Madeira, Azores, Guadalupe, Martinica y Reuni\u00f3n. El proyecto cuenta tambi\u00e9n como socios con la griega de Epirus y la agencia de energ\u00eda de Chipre.<\/p>\n<p>Finalmente, la Red RUP Energ\u00eda ha sido reconocida por la Comisi\u00f3n Europea en la Comunicaci\u00f3n (2017) 623 final: \u201c<em>Una asociaci\u00f3n estrat\u00e9gica renovada y m\u00e1s fuerte con las regiones ultraperif\u00e9ricas de la Uni\u00f3n Europea<\/em>\u201d como un ente importante para cooperar en soluciones de energ\u00eda sostenible.<\/p>\n<p>La Red RUP de Energ\u00eda presentar\u00e1 sus actividades de cooperaci\u00f3n y los proyectos emblem\u00e1ticos de las RUP en la conferencia pol\u00edtica anual de la semana europea de la energ\u00eda de 2018.<\/p>\n","protected":false},"excerpt":{"rendered":"<p>\u00a0Redes RUP Red RIS3 &nbsp; La Comisi\u00f3n Europea fomenta, desde hace unos a\u00f1os, la transformaci\u00f3n del modelo econ\u00f3mico en Europa, reforzando los ecosistemas y procesos innovadores en los distintos territorios, a trav\u00e9s de \u201cestrategias de especializaci\u00f3n inteligentes\u201d (RIS, seg\u00fan sus siglas en ingl\u00e9s), que surgen del di\u00e1logo entre todos los actores implicados desde un enfoque [&hellip;]<\/p>\n","protected":false},"author":37,"featured_media":0,"parent":5943,"menu_order":4,"comment_status":"closed","ping_status":"closed","template":"page-static-rich.php","meta":{"_acf_changed":false,"footnotes":"","_links_to":"","_links_to_target":""},"class_list":["post-5965","page","type-page","status-publish","hentry"],"acf":[],"_links":{"self":[{"href":"https:\/\/www.cp-rup.com\/es\/wp-json\/wp\/v2\/pages\/5965","targetHints":{"allow":["GET"]}}],"collection":[{"href":"https:\/\/www.cp-rup.com\/es\/wp-json\/wp\/v2\/pages"}],"about":[{"href":"https:\/\/www.cp-rup.com\/es\/wp-json\/wp\/v2\/types\/page"}],"author":[{"embeddable":true,"href":"https:\/\/www.cp-rup.com\/es\/wp-json\/wp\/v2\/users\/37"}],"replies":[{"embeddable":true,"href":"https:\/\/www.cp-rup.com\/es\/wp-json\/wp\/v2\/comments?post=5965"}],"version-history":[{"count":1,"href":"https:\/\/www.cp-rup.com\/es\/wp-json\/wp\/v2\/pages\/5965\/revisions"}],"predecessor-version":[{"id":5966,"href":"https:\/\/www.cp-rup.com\/es\/wp-json\/wp\/v2\/pages\/5965\/revisions\/5966"}],"up":[{"embeddable":true,"href":"https:\/\/www.cp-rup.com\/es\/wp-json\/wp\/v2\/pages\/5943"}],"wp:attachment":[{"href":"https:\/\/www.cp-rup.com\/es\/wp-json\/wp\/v2\/media?parent=5965"}],"curies":[{"name":"wp","href":"https:\/\/api.w.org\/{rel}","templated":true}]}}

<h1 style="text-align: center;"> Redes RUP</h1>
<h2 style="text-align: center;">Red RIS3</h2>
<p>&nbsp;</p>
<p>La Comisión Europea fomenta, desde hace unos años, la transformación del modelo económico en Europa, reforzando los ecosistemas y procesos innovadores en los distintos territorios, a través de “estrategias de especialización inteligentes” (RIS, según sus siglas en inglés), que surgen del diálogo entre todos los actores implicados desde un enfoque ascendente.</p>
<p>En este contexto, las RUP, impulsadas por la región de Guadalupe, redactaron un posicionamiento común sobre sus respectivas RIS3 que comunicaron a la Comisión Europea el 4 de agosto de 2017, donde afirmaban las ventajas de este enfoque, sus potencialidades en tanto que laboratorios de soluciones innovadoras y su deseo de trabajar juntas en el refuerzo de sus capacidades de investigación e innovación.</p>
<p>Persiguiendo una mayor profundización de su cooperación entes ámbito, la XXII Conferencia de Presidentes RUP, celebrada en Guayana, en octubre de 2017, adoptó acuerdo de constitución formal de esta red de cooperación temática. La Red RIS3 RUP persigue los siguientes objetivos:</p>
<ul>
<li>Elaborar orientaciones y posicionamientos comunes, avalados por el Comité de Seguimiento RUP, con el fin de que el potencial de las RUP sea mejor tenido en cuenta en el seno de las políticas europeas post-2020;</li>
<li>Proponer adaptaciones de los textos legislativos y no legislativos de la UE a la realidad de la ultraperiferia, en los ámbitos de interés de la red;</li>
<li>Movilizar los recursos materiales y humanos necesarios e identificar los dispositivos y las oportunidades de financiación para la elaboración y puesta en marcha de proyectos comunes resultantes de los trabajos de la red;</li>
<li>Presentar proyectos a las convocatorias y manifestaciones de interés, así como a las acciones piloto de las plataformas temáticas y otras iniciativas que ponga en marcha la UE.</li>
</ul>
<p>De entre los trabajos emprendidos por la RED RIS3 RUP desde su creación, cabe destacar la participación de la misma en el Proyecto FORWARD (Fostering Research Excellence in EU Outermost Regions), proyecto conjunto RUP que responde a la convocatoria específica para las regiones ultraperiféricas en el ámbito de Horizonte 2020.</p>
<h2 style="text-align: center;"><span id="result_box" class="short_text" lang="es">Red RUP empleo</span></h2>
<p>En octubre de 2014, durante el III Foro de la Ultraperiferia, los presidentes de las Regiones Ultraperiféricas firmaron el <a href="https://cp-rup.com/wp-content/uploads/2018/06/ES-Acuerdo-de-creación-de-la-Red-por-el-Empleo-entre-las-Regiones-Ultraperiféricas-de-la-Unión-Europea-FIRMADO.pdf">“Acuerdo de creación de la Red por el Empleo entre las Regiones Ultraperiféricas de la Unión Europea </a>”. El objetivo general de la RED es proponer orientaciones y líneas estratégicas para establecer una cooperación entre las RUP en materia de empleo, a fin de desarrollar, de manera conjunta, acciones y proyectos innovadores en los ámbitos vinculados al empleo.</p>
<p>Gracias a su colaboración se ha adoptado el primer Plan de empleos verdes y azules de las RUP, presentado en el transcurso del Seminario sobre el empleo en las RUP, organizado por el Comité Económico y Social Europeo y la Comisión Europea, a finales de noviembre de 2015. Este Plan de Choque fue elaborado a partir de la situación específica de cada región y del análisis de los sectores de futuro en los que existe la posibilidad de crear potencialmente empleo: empleo verde y azul.</p>
<p>La red también ha presentado proyectos a varias convocatorias europeas relacionadas con estos temas: Programa EaSI, <em>Sector Skills Alliance</em> dentro del Programa ERASMUS+; Programa H2020, Proyectos Pilotos del Parlamento Europeo o una convocatoria de la DG MARE sobre “Blue Careers”.</p>
<p>Finalmente se logró la aprobación del proyecto “Grow RUP”, con participación de Azores, Madeira, Reunión, Canarias y Martinica, en la primera convocatoria del programa Interreg Europe.</p>
<p>La Red ha participado también mediante la preparación de respuestas a consultas públicas lanzadas por la Comisión Europea en los ámbitos de su actividad.</p>
<p style="text-align: center;"><img loading="lazy" decoding="async" class="size-large wp-image-4342 aligncenter" src="https://cp-rup.com/wp-content/uploads/2019/03/Forum-energies-propres-Lanzarote-5-11-18-1024x750.jpg" alt="" width="640" height="469" srcset="https://www.cp-rup.com/wp-content/uploads/2019/03/Forum-energies-propres-Lanzarote-5-11-18-1024x750.jpg 1024w, https://www.cp-rup.com/wp-content/uploads/2019/03/Forum-energies-propres-Lanzarote-5-11-18-300x220.jpg 300w, https://www.cp-rup.com/wp-content/uploads/2019/03/Forum-energies-propres-Lanzarote-5-11-18-768x563.jpg 768w, https://www.cp-rup.com/wp-content/uploads/2019/03/Forum-energies-propres-Lanzarote-5-11-18.jpg 1093w" sizes="auto, (max-width: 640px) 100vw, 640px" /></p>
<h2 style="text-align: center;">Red RUP Energía</h2>
<p>Durante la I Cumbre Internacional de Energías Renovables, que tuvo lugar en Canarias en marzo de 2015, se impulsó la creación de una red RUP para la concertación de los temas de energía, que recibió el apoyo político de la Conferencia de Presidentes de las RUP. La formalización de la misma tuvo lugar con la firma de su <a href="https://cp-rup.com/wp-content/uploads/2018/06/40-Acuerdo-Red-RUP-Energía-Firmado_ES.pdf">Acuerdo de creación</a>  por parte de los presidentes RUP durante la XXI Conferencia de Presidentes, celebrada en Funchal, Madeira, en septiembre de 2016.</p>
<p>Desde entonces se ha trabajado para identificar los objetivos y futuras acciones de la Red y se han llevado a cabo una serie de actuaciones conjuntas tales como: la elaboración de fichas de la situación energética de cada RUP, responder a las consultas públicas de la Comisión Europea en materia de energía, la puesta en marcha de una web de la Red, etc.</p>
<p>Una de las primeras acciones de la Red ha sido solicitar a la DG REGIO y a la DG ENER que estudie junto con las RUP y los Estados miembros la mejor manera de financiar las energías renovables y la eficiencia energética en las RUP, tal y como se anuncia en su Comunicación (2012) 287 final <em>“Las regiones ultraperiféricas de la Unión Europea: hacia una asociación en post de un crecimiento inteligente, sostenible e integrador”.</em></p>
<p>En el marco de la red se están impulsando diferentes acciones frente a la Comisión y el Parlamento Europeo para que se tenga en cuenta la situación energética particular de las RUP en la futura legislación de la Unión de la Energía.</p>
<p>Asimismo, se ha logrado impulsar de manera exitosa un proyecto conjunto en el marco de la tercera convocatoria de INTERREG Europa, denominado RESOR en el que participan activamente las siguientes RUP: Canarias, Madeira, Azores, Guadalupe, Martinica y Reunión. El proyecto cuenta también como socios con la griega de Epirus y la agencia de energía de Chipre.</p>
<p>Finalmente, la Red RUP Energía ha sido reconocida por la Comisión Europea en la Comunicación (2017) 623 final: “<em>Una asociación estratégica renovada y más fuerte con las regiones ultraperiféricas de la Unión Europea</em>” como un ente importante para cooperar en soluciones de energía sostenible.</p>
<p>La Red RUP de Energía presentará sus actividades de cooperación y los proyectos emblemáticos de las RUP en la conferencia política anual de la semana europea de la energía de 2018.</p>

<p> Redes RUP Red RIS3 &nbsp; La Comisión Europea fomenta, desde hace unos años, la transformación del modelo económico en Europa, reforzando los ecosistemas y procesos innovadores en los distintos territorios, a través de “estrategias de especialización inteligentes” (RIS, según sus siglas en inglés), que surgen del diálogo entre todos los actores implicados desde un enfoque [&hellip;]</p>
