{"id":5986,"date":"2021-03-19T19:56:09","date_gmt":"2021-03-19T19:56:09","guid":{"rendered":"https:\/\/cp-rup.com\/?page_id=5986"},"modified":"2022-12-20T12:07:05","modified_gmt":"2022-12-20T12:07:05","slug":"presidencia-anual","status":"publish","type":"page","link":"https:\/\/www.cp-rup.com\/es\/presidencia-anual\/","title":{"rendered":"Presidencia anual"},"content":{"rendered":"<h1 style=\"text-align: left;\"><span id=\"result_box\" class=\"short_text\" lang=\"fr\">Presidencia anual<img loading=\"lazy\" decoding=\"async\" class=\" wp-image-7612 alignleft\" src=\"https:\/\/cp-rup.com\/wp-content\/uploads\/2022\/12\/RUP-PERFIL-RRSS_Mesa-de-trabajo-1-300x300.png\" alt=\"\" width=\"323\" height=\"323\" srcset=\"https:\/\/www.cp-rup.com\/wp-content\/uploads\/2022\/12\/RUP-PERFIL-RRSS_Mesa-de-trabajo-1-300x300.png 300w, https:\/\/www.cp-rup.com\/wp-content\/uploads\/2022\/12\/RUP-PERFIL-RRSS_Mesa-de-trabajo-1-150x150.png 150w, https:\/\/www.cp-rup.com\/wp-content\/uploads\/2022\/12\/RUP-PERFIL-RRSS_Mesa-de-trabajo-1.png 750w\" sizes=\"auto, (max-width: 323px) 100vw, 323px\" \/><\/span><\/h1>\n<p>La presidencia de la Conferencia es ejercida de manera sucesiva por cada RUP, durante un mandato de al menos un a\u00f1o. Durante la sesi\u00f3n ordinaria celebrada en la regi\u00f3n que ostenta la presidencia de turno, la Conferencia designa de entre sus miembros al siguiente de la Conferencia y decide la duraci\u00f3n de su mandato en funci\u00f3n de la agenda europea, nacional y regional.<br \/>\nNo obstante lo anterior, en 2017 se adopt\u00f3 un calendario indicativo de presidencias para los pr\u00f3ximos a\u00f1os:<\/p>\n<div style=\"text-align: center;\">\n<table style=\"text-align: left; font-family: 'Calibri',sans-serif; font-size: 80%; color: #707173; height: 185px; width: 700px; margin: 0 auto;\" cellspacing=\"0\" cellpadding=\"2\">\n<tbody>\n<tr style=\"border-style: solid none; border-color: #ededed; border-width: 3px;\">\n<td style=\"border-style: solid none; border-color: #707173; color: #707173; font-weight: bold; text-align: center; width: 133px;\" valign=\"undefined\">CPRUP<\/td>\n<td style=\"border-style: solid none; border-color: #707173; font-weight: bold; text-align: center; color: #707173; width: 534px;\" valign=\"undefined\">A\u00d1OS<\/td>\n<td style=\"border-style: solid none; border-color: #707173; font-weight: bold; text-align: center; color: #707173; width: 133px;\" valign=\"undefined\">PRESIDENCIA<\/td>\n<\/tr>\n<tr>\n<td style=\"border-style: none none solid; border-color: grey; border-width: 1px; text-align: center; width: 87px;\" valign=\"undefined\">XXI<\/td>\n<td style=\"border-style: none none solid; border-color: grey; border-width: 1px; text-align: center; width: 534px;\" valign=\"undefined\">Febrero de 2015 &#8211; septiembre de 2016<\/td>\n<td style=\"border-style: none none solid; border-color: grey; border-width: 1px; text-align: center; width: 133px;\" valign=\"undefined\">Madeira<\/td>\n<\/tr>\n<tr>\n<td style=\"border-style: none none solid; border-color: grey; border-width: 1px; text-align: center; width: 87px;\" valign=\"undefined\">XXII<\/td>\n<td style=\"border-style: none none solid; border-color: grey; border-width: 1px; text-align: center; width: 534px;\" valign=\"undefined\">Septiembre de 2016 &#8211; octubre de 2017<\/td>\n<td style=\"border-style: none none solid; border-color: grey; border-width: 1px; text-align: center; width: 133px;\" valign=\"undefined\">Guayana<\/td>\n<\/tr>\n<tr>\n<td style=\"border-style: none none solid; border-color: grey; border-width: 1px; text-align: center; width: 87px;\" valign=\"undefined\">XXIII<\/td>\n<td style=\"border-style: none none solid; border-color: grey; border-width: 1px; text-align: center; width: 534px;\" valign=\"undefined\">2017 \/ 2018<\/td>\n<td style=\"border-style: none none solid; border-color: grey; border-width: 1px; text-align: center; width: 133px;\" valign=\"undefined\">Canarias<\/td>\n<\/tr>\n<tr>\n<td style=\"border-style: none none solid; border-color: grey; border-width: 1px; text-align: center; width: 87px;\" valign=\"undefined\">XXIV<\/td>\n<td style=\"border-style: none none solid; border-color: grey; border-width: 1px; text-align: center; width: 534px;\" valign=\"undefined\">2018 \/ 2019<\/td>\n<td style=\"border-style: none none solid; border-color: grey; border-width: 1px; text-align: center; width: 133px;\" valign=\"undefined\">San Mart\u00edn<\/td>\n<\/tr>\n<tr>\n<td style=\"border-style: none none solid; border-color: grey; border-width: 1px; text-align: center; width: 87px;\" valign=\"undefined\">XXV<\/td>\n<td style=\"border-style: none none solid; border-color: grey; border-width: 1px; text-align: center; width: 534px;\" valign=\"undefined\">2019 \/ 2020<\/td>\n<td style=\"border-style: none none solid; border-color: grey; border-width: 1px; text-align: center; width: 133px;\" valign=\"undefined\">Mayotte<\/td>\n<\/tr>\n<tr>\n<td style=\"border-style: none none solid; border-color: grey; border-width: 1px; text-align: center; width: 87px;\" valign=\"undefined\">XXVI<\/td>\n<td style=\"border-style: none none solid; border-color: grey; border-width: 1px; text-align: center; width: 534px;\" valign=\"undefined\">2020 \/ 2021<br \/>\n(Presidencia portuguesa del Consejo de enero a junio de 2021)<\/td>\n<td style=\"border-style: none none solid; border-color: grey; border-width: 1px; text-align: center; width: 133px;\" valign=\"undefined\">Azores<\/td>\n<\/tr>\n<tr>\n<td style=\"border-style: none none solid; border-color: grey; border-width: 1px; text-align: center; width: 87px;\" valign=\"undefined\">XXVII<\/td>\n<td style=\"border-style: none none solid; border-color: grey; border-width: 1px; text-align: center; width: 534px;\" valign=\"undefined\">2021 \/ 2022<br \/>\n(Presidencia francesa del Consejo de enero a junio de 2022)<\/td>\n<td style=\"border-style: none none solid; border-color: grey; border-width: 1px; text-align: center; width: 133px;\" valign=\"undefined\">Martinica<\/td>\n<\/tr>\n<tr>\n<td style=\"border-style: none none solid; border-color: grey; border-width: 1px; text-align: center; width: 87px;\" valign=\"undefined\">XXVIII<\/td>\n<td style=\"border-style: none none solid; border-color: grey; border-width: 1px; text-align: center; width: 534px;\" valign=\"undefined\">2022 \/ 2023<br \/>\n(Presidencia espa\u00f1ola del Consejo de julio a diciembre de 2023)<\/td>\n<td style=\"border-style: none none solid; border-color: grey; border-width: 1px; text-align: center; width: 133px;\" valign=\"undefined\">Canarias<\/td>\n<\/tr>\n<tr>\n<td style=\"border-style: none none solid; border-color: grey; border-width: 1px; text-align: center; width: 87px;\" valign=\"undefined\">XXIX<\/td>\n<td style=\"border-style: none none solid; border-color: grey; border-width: 1px; text-align: center; width: 534px;\" valign=\"undefined\">2023 \/ 2024<\/td>\n<td style=\"border-style: none none solid; border-color: grey; border-width: 1px; text-align: center; width: 133px;\" valign=\"undefined\">Reuni\u00f3n<\/td>\n<\/tr>\n<tr>\n<td style=\"border-style: none none solid; border-color: grey; border-width: 1px; text-align: center; width: 87px;\" valign=\"undefined\">XXX<\/td>\n<td style=\"border-style: none none solid; border-color: grey; border-width: 1px; text-align: center; width: 534px;\" valign=\"undefined\">2024 \/ 2025<\/td>\n<td style=\"border-style: none none solid; border-color: grey; border-width: 1px; text-align: center; width: 133px;\" valign=\"undefined\">Guadalupe<\/td>\n<\/tr>\n<tr>\n<td style=\"border-style: none none solid; border-color: grey; border-width: 1px; text-align: center; width: 87px;\" valign=\"undefined\">XXXI<\/td>\n<td style=\"border-style: none none solid; border-color: grey; border-width: 1px; text-align: center; width: 534px;\" valign=\"undefined\">2025 \/ 2026<\/td>\n<td style=\"border-style: none none solid; border-color: grey; border-width: 1px; text-align: center; width: 133px;\" valign=\"undefined\">Madeira<\/td>\n<\/tr>\n<\/tbody>\n<\/table>\n<\/div>\n<p>&nbsp;<\/p>\n<p>En el marco de la XXVII Conferencia Anual de Presidentes de las Regiones Ultraperif\u00e9ricas, celebrada los d\u00edas 15 y 16 de noviembre de 2022 en Bruselas, se traspas\u00f3 la presidencia de Martinica a Canarias, representada por su Presidente, \u00c1ngel V\u00edctor TORRES P\u00c9REZ, que ostentar\u00e1 la Presidencia de la Conferencia de Presidentes de las Regiones Ultraperif\u00e9ricas hasta noviembre de 2023.<\/p>\n<h2 style=\"text-align: center;\">\u00a0Funciones<\/h2>\n<p>El presidente de la RUP que asume la presidencia de la Conferencia, de acuerdo con el protocolo de cooperaci\u00f3n suscrito entre ellas, ejerce las siguientes funciones:<\/p>\n<ul>\n<li>Representar a la Conferencia ante las instituciones, los \u00f3rganos y los organismos europeos;<\/li>\n<li>Coordinar las acciones y las iniciativas en aras de la defensa de los intereses de las regiones ultraperif\u00e9ricas;<\/li>\n<li>Convocar las reuniones de la Conferencia;<\/li>\n<li>Presidir las reuniones de la Conferencia;<\/li>\n<li>Cualquier otra funci\u00f3n que le sea atribuida por la Conferencia.<\/li>\n<\/ul>\n<p>Asimismo, se encarga de:<\/p>\n<ul>\n<li>Elaborar y presentar el programa de su presidencia al inicio de su mandato;<\/li>\n<li>Asumir las relaciones con las instituciones europeas en nombre de la Conferencia;<\/li>\n<li>Coordinar la representaci\u00f3n de las regiones ultra perif\u00e9ricas en los foros europeos de todo tipo a fin de garantizar la defensa de la ultraperiferia;<\/li>\n<li>Participar en el Bur\u00f3 Pol\u00edtico de la Conferencia de Regiones Perif\u00e9ricas y Mar\u00edtimas de Europa (CRPM)<\/li>\n<li>Transmitir las posiciones conjuntas de la Conferencia a las instituciones europeas;<\/li>\n<li>Organizar la sesi\u00f3n anual de la Conferencia en su territorio.<\/li>\n<\/ul>\n<div id=\"metaslider-id-2630\" style=\"max-width: 1200px;\" class=\"ml-slider-3-20-3 metaslider metaslider-flex metaslider-2630 ml-slider\">\n    <div id=\"metaslider_container_2630\">\n        <div id=\"metaslider_2630\">\n            <ul aria-live=\"polite\" class=\"slides\">\n                <li style=\"display: block; width: 100%;\" class=\"slide-7370 ms-image\"><img loading=\"lazy\" decoding=\"async\" src=\"https:\/\/www.cp-rup.com\/wp-content\/uploads\/2022\/01\/CPRUP-18.11.21_2-1200x400.jpg\" height=\"400\" width=\"1200\" alt=\"\" class=\"slider-2630 slide-7370\" title=\"CPRUP-18.11.21_2\" \/><\/li>\n                <li style=\"display: none; width: 100%;\" class=\"slide-7368 ms-image\"><img loading=\"lazy\" decoding=\"async\" src=\"https:\/\/www.cp-rup.com\/wp-content\/uploads\/2022\/01\/CPRUP-18.11.21_1-1200x400.jpg\" height=\"400\" width=\"1200\" alt=\"\" class=\"slider-2630 slide-7368\" title=\"CPRUP-18.11.21_1\" \/><\/li>\n                <li style=\"display: none; width: 100%;\" class=\"slide-7372 ms-image\"><img loading=\"lazy\" decoding=\"async\" src=\"https:\/\/www.cp-rup.com\/wp-content\/uploads\/2022\/01\/CPRUP-18.11.21_3-1200x400.jpg\" height=\"400\" width=\"1200\" alt=\"\" class=\"slider-2630 slide-7372\" title=\"CPRUP-18.11.21_3\" \/><\/li>\n                <li style=\"display: none; width: 100%;\" class=\"slide-7374 ms-image\"><img loading=\"lazy\" decoding=\"async\" src=\"https:\/\/www.cp-rup.com\/wp-content\/uploads\/2022\/01\/CPRUP-18.11.21_4-1200x400.jpg\" height=\"400\" width=\"1200\" alt=\"\" class=\"slider-2630 slide-7374\" title=\"CPRUP-18.11.21_4\" \/><\/li>\n                <li style=\"display: none; width: 100%;\" class=\"slide-7376 ms-image\"><img loading=\"lazy\" decoding=\"async\" src=\"https:\/\/www.cp-rup.com\/wp-content\/uploads\/2022\/01\/CPRUP-18.11.21_5-1200x400.jpg\" height=\"400\" width=\"1200\" alt=\"\" class=\"slider-2630 slide-7376\" title=\"CPRUP-18.11.21_5\" \/><\/li>\n            <\/ul>\n        <\/div>\n        \n    <\/div>\n<\/div>\n","protected":false},"excerpt":{"rendered":"<p>Presidencia anual La presidencia de la Conferencia es ejercida de manera sucesiva por cada RUP, durante un mandato de al menos un a\u00f1o. Durante la sesi\u00f3n ordinaria celebrada en la regi\u00f3n que ostenta la presidencia de turno, la Conferencia designa de entre sus miembros al siguiente de la Conferencia y decide la duraci\u00f3n de su [&hellip;]<\/p>\n","protected":false},"author":37,"featured_media":0,"parent":0,"menu_order":0,"comment_status":"closed","ping_status":"closed","template":"page-static-rich.php","meta":{"_acf_changed":false,"footnotes":"","_links_to":"","_links_to_target":""},"class_list":["post-5986","page","type-page","status-publish","hentry"],"acf":[],"_links":{"self":[{"href":"https:\/\/www.cp-rup.com\/es\/wp-json\/wp\/v2\/pages\/5986","targetHints":{"allow":["GET"]}}],"collection":[{"href":"https:\/\/www.cp-rup.com\/es\/wp-json\/wp\/v2\/pages"}],"about":[{"href":"https:\/\/www.cp-rup.com\/es\/wp-json\/wp\/v2\/types\/page"}],"author":[{"embeddable":true,"href":"https:\/\/www.cp-rup.com\/es\/wp-json\/wp\/v2\/users\/37"}],"replies":[{"embeddable":true,"href":"https:\/\/www.cp-rup.com\/es\/wp-json\/wp\/v2\/comments?post=5986"}],"version-history":[{"count":7,"href":"https:\/\/www.cp-rup.com\/es\/wp-json\/wp\/v2\/pages\/5986\/revisions"}],"predecessor-version":[{"id":7765,"href":"https:\/\/www.cp-rup.com\/es\/wp-json\/wp\/v2\/pages\/5986\/revisions\/7765"}],"wp:attachment":[{"href":"https:\/\/www.cp-rup.com\/es\/wp-json\/wp\/v2\/media?parent=5986"}],"curies":[{"name":"wp","href":"https:\/\/api.w.org\/{rel}","templated":true}]}}

<h1 style="text-align: left;"><span id="result_box" class="short_text" lang="fr">Presidencia anual<img loading="lazy" decoding="async" class=" wp-image-7612 alignleft" src="https://cp-rup.com/wp-content/uploads/2022/12/RUP-PERFIL-RRSS_Mesa-de-trabajo-1-300x300.png" alt="" width="323" height="323" srcset="https://www.cp-rup.com/wp-content/uploads/2022/12/RUP-PERFIL-RRSS_Mesa-de-trabajo-1-300x300.png 300w, https://www.cp-rup.com/wp-content/uploads/2022/12/RUP-PERFIL-RRSS_Mesa-de-trabajo-1-150x150.png 150w, https://www.cp-rup.com/wp-content/uploads/2022/12/RUP-PERFIL-RRSS_Mesa-de-trabajo-1.png 750w" sizes="auto, (max-width: 323px) 100vw, 323px" /></span></h1>
<p>La presidencia de la Conferencia es ejercida de manera sucesiva por cada RUP, durante un mandato de al menos un año. Durante la sesión ordinaria celebrada en la región que ostenta la presidencia de turno, la Conferencia designa de entre sus miembros al siguiente de la Conferencia y decide la duración de su mandato en función de la agenda europea, nacional y regional.<br />
No obstante lo anterior, en 2017 se adoptó un calendario indicativo de presidencias para los próximos años:</p>
<div style="text-align: center;">
<table style="text-align: left; font-family: 'Calibri',sans-serif; font-size: 80%; color: #707173; height: 185px; width: 700px; margin: 0 auto;" cellspacing="0" cellpadding="2">
<tbody>
<tr style="border-style: solid none; border-color: #ededed; border-width: 3px;">
<td style="border-style: solid none; border-color: #707173; color: #707173; font-weight: bold; text-align: center; width: 133px;" valign="undefined">CPRUP</td>
<td style="border-style: solid none; border-color: #707173; font-weight: bold; text-align: center; color: #707173; width: 534px;" valign="undefined">AÑOS</td>
<td style="border-style: solid none; border-color: #707173; font-weight: bold; text-align: center; color: #707173; width: 133px;" valign="undefined">PRESIDENCIA</td>
</tr>
<tr>
<td style="border-style: none none solid; border-color: grey; border-width: 1px; text-align: center; width: 87px;" valign="undefined">XXI</td>
<td style="border-style: none none solid; border-color: grey; border-width: 1px; text-align: center; width: 534px;" valign="undefined">Febrero de 2015 &#8211; septiembre de 2016</td>
<td style="border-style: none none solid; border-color: grey; border-width: 1px; text-align: center; width: 133px;" valign="undefined">Madeira</td>
</tr>
<tr>
<td style="border-style: none none solid; border-color: grey; border-width: 1px; text-align: center; width: 87px;" valign="undefined">XXII</td>
<td style="border-style: none none solid; border-color: grey; border-width: 1px; text-align: center; width: 534px;" valign="undefined">Septiembre de 2016 &#8211; octubre de 2017</td>
<td style="border-style: none none solid; border-color: grey; border-width: 1px; text-align: center; width: 133px;" valign="undefined">Guayana</td>
</tr>
<tr>
<td style="border-style: none none solid; border-color: grey; border-width: 1px; text-align: center; width: 87px;" valign="undefined">XXIII</td>
<td style="border-style: none none solid; border-color: grey; border-width: 1px; text-align: center; width: 534px;" valign="undefined">2017 / 2018</td>
<td style="border-style: none none solid; border-color: grey; border-width: 1px; text-align: center; width: 133px;" valign="undefined">Canarias</td>
</tr>
<tr>
<td style="border-style: none none solid; border-color: grey; border-width: 1px; text-align: center; width: 87px;" valign="undefined">XXIV</td>
<td style="border-style: none none solid; border-color: grey; border-width: 1px; text-align: center; width: 534px;" valign="undefined">2018 / 2019</td>
<td style="border-style: none none solid; border-color: grey; border-width: 1px; text-align: center; width: 133px;" valign="undefined">San Martín</td>
</tr>
<tr>
<td style="border-style: none none solid; border-color: grey; border-width: 1px; text-align: center; width: 87px;" valign="undefined">XXV</td>
<td style="border-style: none none solid; border-color: grey; border-width: 1px; text-align: center; width: 534px;" valign="undefined">2019 / 2020</td>
<td style="border-style: none none solid; border-color: grey; border-width: 1px; text-align: center; width: 133px;" valign="undefined">Mayotte</td>
</tr>
<tr>
<td style="border-style: none none solid; border-color: grey; border-width: 1px; text-align: center; width: 87px;" valign="undefined">XXVI</td>
<td style="border-style: none none solid; border-color: grey; border-width: 1px; text-align: center; width: 534px;" valign="undefined">2020 / 2021<br />
(Presidencia portuguesa del Consejo de enero a junio de 2021)</td>
<td style="border-style: none none solid; border-color: grey; border-width: 1px; text-align: center; width: 133px;" valign="undefined">Azores</td>
</tr>
<tr>
<td style="border-style: none none solid; border-color: grey; border-width: 1px; text-align: center; width: 87px;" valign="undefined">XXVII</td>
<td style="border-style: none none solid; border-color: grey; border-width: 1px; text-align: center; width: 534px;" valign="undefined">2021 / 2022<br />
(Presidencia francesa del Consejo de enero a junio de 2022)</td>
<td style="border-style: none none solid; border-color: grey; border-width: 1px; text-align: center; width: 133px;" valign="undefined">Martinica</td>
</tr>
<tr>
<td style="border-style: none none solid; border-color: grey; border-width: 1px; text-align: center; width: 87px;" valign="undefined">XXVIII</td>
<td style="border-style: none none solid; border-color: grey; border-width: 1px; text-align: center; width: 534px;" valign="undefined">2022 / 2023<br />
(Presidencia española del Consejo de julio a diciembre de 2023)</td>
<td style="border-style: none none solid; border-color: grey; border-width: 1px; text-align: center; width: 133px;" valign="undefined">Canarias</td>
</tr>
<tr>
<td style="border-style: none none solid; border-color: grey; border-width: 1px; text-align: center; width: 87px;" valign="undefined">XXIX</td>
<td style="border-style: none none solid; border-color: grey; border-width: 1px; text-align: center; width: 534px;" valign="undefined">2023 / 2024</td>
<td style="border-style: none none solid; border-color: grey; border-width: 1px; text-align: center; width: 133px;" valign="undefined">Reunión</td>
</tr>
<tr>
<td style="border-style: none none solid; border-color: grey; border-width: 1px; text-align: center; width: 87px;" valign="undefined">XXX</td>
<td style="border-style: none none solid; border-color: grey; border-width: 1px; text-align: center; width: 534px;" valign="undefined">2024 / 2025</td>
<td style="border-style: none none solid; border-color: grey; border-width: 1px; text-align: center; width: 133px;" valign="undefined">Guadalupe</td>
</tr>
<tr>
<td style="border-style: none none solid; border-color: grey; border-width: 1px; text-align: center; width: 87px;" valign="undefined">XXXI</td>
<td style="border-style: none none solid; border-color: grey; border-width: 1px; text-align: center; width: 534px;" valign="undefined">2025 / 2026</td>
<td style="border-style: none none solid; border-color: grey; border-width: 1px; text-align: center; width: 133px;" valign="undefined">Madeira</td>
</tr>
</tbody>
</table>
</div>
<p>&nbsp;</p>
<p>En el marco de la XXVII Conferencia Anual de Presidentes de las Regiones Ultraperiféricas, celebrada los días 15 y 16 de noviembre de 2022 en Bruselas, se traspasó la presidencia de Martinica a Canarias, representada por su Presidente, Ángel Víctor TORRES PÉREZ, que ostentará la Presidencia de la Conferencia de Presidentes de las Regiones Ultraperiféricas hasta noviembre de 2023.</p>
<h2 style="text-align: center;"> Funciones</h2>
<p>El presidente de la RUP que asume la presidencia de la Conferencia, de acuerdo con el protocolo de cooperación suscrito entre ellas, ejerce las siguientes funciones:</p>
<ul>
<li>Representar a la Conferencia ante las instituciones, los órganos y los organismos europeos;</li>
<li>Coordinar las acciones y las iniciativas en aras de la defensa de los intereses de las regiones ultraperiféricas;</li>
<li>Convocar las reuniones de la Conferencia;</li>
<li>Presidir las reuniones de la Conferencia;</li>
<li>Cualquier otra función que le sea atribuida por la Conferencia.</li>
</ul>
<p>Asimismo, se encarga de:</p>
<ul>
<li>Elaborar y presentar el programa de su presidencia al inicio de su mandato;</li>
<li>Asumir las relaciones con las instituciones europeas en nombre de la Conferencia;</li>
<li>Coordinar la representación de las regiones ultra periféricas en los foros europeos de todo tipo a fin de garantizar la defensa de la ultraperiferia;</li>
<li>Participar en el Buró Político de la Conferencia de Regiones Periféricas y Marítimas de Europa (CRPM)</li>
<li>Transmitir las posiciones conjuntas de la Conferencia a las instituciones europeas;</li>
<li>Organizar la sesión anual de la Conferencia en su territorio.</li>
</ul>
<div id="metaslider-id-2630" style="max-width: 1200px;" class="ml-slider-3-20-3 metaslider metaslider-flex metaslider-2630 ml-slider">
    <div id="metaslider_container_2630">
        <div id="metaslider_2630">
            <ul aria-live="polite" class="slides">
                <li style="display: block; width: 100%;" class="slide-7370 ms-image"><img loading="lazy" decoding="async" src="https://www.cp-rup.com/wp-content/uploads/2022/01/CPRUP-18.11.21_2-1200x400.jpg" height="400" width="1200" alt="" class="slider-2630 slide-7370" title="CPRUP-18.11.21_2" /></li>
                <li style="display: none; width: 100%;" class="slide-7368 ms-image"><img loading="lazy" decoding="async" src="https://www.cp-rup.com/wp-content/uploads/2022/01/CPRUP-18.11.21_1-1200x400.jpg" height="400" width="1200" alt="" class="slider-2630 slide-7368" title="CPRUP-18.11.21_1" /></li>
                <li style="display: none; width: 100%;" class="slide-7372 ms-image"><img loading="lazy" decoding="async" src="https://www.cp-rup.com/wp-content/uploads/2022/01/CPRUP-18.11.21_3-1200x400.jpg" height="400" width="1200" alt="" class="slider-2630 slide-7372" title="CPRUP-18.11.21_3" /></li>
                <li style="display: none; width: 100%;" class="slide-7374 ms-image"><img loading="lazy" decoding="async" src="https://www.cp-rup.com/wp-content/uploads/2022/01/CPRUP-18.11.21_4-1200x400.jpg" height="400" width="1200" alt="" class="slider-2630 slide-7374" title="CPRUP-18.11.21_4" /></li>
                <li style="display: none; width: 100%;" class="slide-7376 ms-image"><img loading="lazy" decoding="async" src="https://www.cp-rup.com/wp-content/uploads/2022/01/CPRUP-18.11.21_5-1200x400.jpg" height="400" width="1200" alt="" class="slider-2630 slide-7376" title="CPRUP-18.11.21_5" /></li>
            </ul>
        </div>
        
    </div>
</div>

<p>Presidencia anual La presidencia de la Conferencia es ejercida de manera sucesiva por cada RUP, durante un mandato de al menos un año. Durante la sesión ordinaria celebrada en la región que ostenta la presidencia de turno, la Conferencia designa de entre sus miembros al siguiente de la Conferencia y decide la duración de su [&hellip;]</p>
