{"id":6050,"date":"2021-03-19T23:03:41","date_gmt":"2021-03-19T23:03:41","guid":{"rendered":"https:\/\/cp-rup.com\/?page_id=6050"},"modified":"2021-03-19T23:03:41","modified_gmt":"2021-03-19T23:03:41","slug":"acerca-de","status":"publish","type":"page","link":"https:\/\/www.cp-rup.com\/es\/acerca-de\/","title":{"rendered":"Acerca de"},"content":{"rendered":"<h1 style=\"text-align: center;\">Acerca de<\/h1>\n<p>La Conferencia de Presidentes de las Regiones Ultraperif\u00e9ricas, puesta en marcha en 1988, es el \u00f3rgano principal de la cooperaci\u00f3n entre las RUP tanto a nivel pol\u00edtico como t\u00e9cnico, para actuar de manera concertada en la defensa del estatuto de la ultraperiferia ante las instancias nacionales, comunitarias, e internacionales.<\/p>\n<p>El reconocimiento del r\u00e9gimen espec\u00edfico de integraci\u00f3n de las Regiones Ultraperif\u00e9ricas en el marco comunitario implica un proceso constante de adaptaci\u00f3n al contexto europeo y una negociaci\u00f3n permanente con las instituciones comunitarias para defender las especialidades de estos territorios y alcanzar la efectiva igualdad de oportunidades respecto al resto de ciudadanos de la Uni\u00f3n.<\/p>\n<p>Con este portal queremos contribuir a visibilizar la especial situaci\u00f3n de las Regiones Ultraperif\u00e9ricas en la UE y su voluntad de cooperaci\u00f3n expresada a su m\u00e1ximo nivel, que representa la Conferencia de Presidentes de las Regiones Ultraperif\u00e9ricas, divulgando informaciones que faciliten el conocimiento de las especificidades de las RUP, las actuaciones de la Conferencia de Presidentes, la situaci\u00f3n de las RUP en el entramado institucional de la EU y proporcionando el acceso los documentos m\u00e1s importantes que se producen sobre las RUP (dict\u00e1menes del Comit\u00e9 de las Regiones o del Consejo Econ\u00f3mico y Social Europeo, Comunicaciones de la Comisi\u00f3n Europea, etc.).<\/p>\n<p>&nbsp;<\/p>\n","protected":false},"excerpt":{"rendered":"<p>Acerca de La Conferencia de Presidentes de las Regiones Ultraperif\u00e9ricas, puesta en marcha en 1988, es el \u00f3rgano principal de la cooperaci\u00f3n entre las RUP tanto a nivel pol\u00edtico como t\u00e9cnico, para actuar de manera concertada en la defensa del estatuto de la ultraperiferia ante las instancias nacionales, comunitarias, e internacionales. El reconocimiento del r\u00e9gimen [&hellip;]<\/p>\n","protected":false},"author":37,"featured_media":0,"parent":0,"menu_order":0,"comment_status":"closed","ping_status":"closed","template":"","meta":{"_acf_changed":false,"footnotes":"","_links_to":"","_links_to_target":""},"class_list":["post-6050","page","type-page","status-publish","hentry"],"acf":[],"_links":{"self":[{"href":"https:\/\/www.cp-rup.com\/es\/wp-json\/wp\/v2\/pages\/6050","targetHints":{"allow":["GET"]}}],"collection":[{"href":"https:\/\/www.cp-rup.com\/es\/wp-json\/wp\/v2\/pages"}],"about":[{"href":"https:\/\/www.cp-rup.com\/es\/wp-json\/wp\/v2\/types\/page"}],"author":[{"embeddable":true,"href":"https:\/\/www.cp-rup.com\/es\/wp-json\/wp\/v2\/users\/37"}],"replies":[{"embeddable":true,"href":"https:\/\/www.cp-rup.com\/es\/wp-json\/wp\/v2\/comments?post=6050"}],"version-history":[{"count":1,"href":"https:\/\/www.cp-rup.com\/es\/wp-json\/wp\/v2\/pages\/6050\/revisions"}],"predecessor-version":[{"id":6051,"href":"https:\/\/www.cp-rup.com\/es\/wp-json\/wp\/v2\/pages\/6050\/revisions\/6051"}],"wp:attachment":[{"href":"https:\/\/www.cp-rup.com\/es\/wp-json\/wp\/v2\/media?parent=6050"}],"curies":[{"name":"wp","href":"https:\/\/api.w.org\/{rel}","templated":true}]}}

<h1 style="text-align: center;">Acerca de</h1>
<p>La Conferencia de Presidentes de las Regiones Ultraperiféricas, puesta en marcha en 1988, es el órgano principal de la cooperación entre las RUP tanto a nivel político como técnico, para actuar de manera concertada en la defensa del estatuto de la ultraperiferia ante las instancias nacionales, comunitarias, e internacionales.</p>
<p>El reconocimiento del régimen específico de integración de las Regiones Ultraperiféricas en el marco comunitario implica un proceso constante de adaptación al contexto europeo y una negociación permanente con las instituciones comunitarias para defender las especialidades de estos territorios y alcanzar la efectiva igualdad de oportunidades respecto al resto de ciudadanos de la Unión.</p>
<p>Con este portal queremos contribuir a visibilizar la especial situación de las Regiones Ultraperiféricas en la UE y su voluntad de cooperación expresada a su máximo nivel, que representa la Conferencia de Presidentes de las Regiones Ultraperiféricas, divulgando informaciones que faciliten el conocimiento de las especificidades de las RUP, las actuaciones de la Conferencia de Presidentes, la situación de las RUP en el entramado institucional de la EU y proporcionando el acceso los documentos más importantes que se producen sobre las RUP (dictámenes del Comité de las Regiones o del Consejo Económico y Social Europeo, Comunicaciones de la Comisión Europea, etc.).</p>
<p>&nbsp;</p>

<p>Acerca de La Conferencia de Presidentes de las Regiones Ultraperiféricas, puesta en marcha en 1988, es el órgano principal de la cooperación entre las RUP tanto a nivel político como técnico, para actuar de manera concertada en la defensa del estatuto de la ultraperiferia ante las instancias nacionales, comunitarias, e internacionales. El reconocimiento del régimen [&hellip;]</p>
