{"id":9538,"date":"2024-01-25T11:43:51","date_gmt":"2024-01-25T11:43:51","guid":{"rendered":"https:\/\/cp-rup.com\/?page_id=9538"},"modified":"2024-01-30T04:35:08","modified_gmt":"2024-01-30T04:35:08","slug":"mensaje-de-la-presidenta","status":"publish","type":"page","link":"https:\/\/www.cp-rup.com\/es\/presidencia-anual\/mensaje-de-la-presidenta\/","title":{"rendered":"Mensaje de la presidenta"},"content":{"rendered":"<h1 style=\"text-align: center;\">Mensaje de la presidenta<\/h1>\n<p>&nbsp;<\/p>\n<p><a href=\"https:\/\/cp-rup.com\/es\/presidencia-anual\/mensaje-de-la-presidenta\/presidente_photo-officielle-4\/\" rel=\"attachment wp-att-9539\"><img loading=\"lazy\" decoding=\"async\" class=\"alignleft size-medium wp-image-9539\" src=\"https:\/\/cp-rup.com\/wp-content\/uploads\/2024\/01\/PRESIDENTE_PHOTO-OFFICIELLE-3-277x300.jpg\" alt=\"\" width=\"277\" height=\"300\" srcset=\"https:\/\/www.cp-rup.com\/wp-content\/uploads\/2024\/01\/PRESIDENTE_PHOTO-OFFICIELLE-3-277x300.jpg 277w, https:\/\/www.cp-rup.com\/wp-content\/uploads\/2024\/01\/PRESIDENTE_PHOTO-OFFICIELLE-3-944x1024.jpg 944w, https:\/\/www.cp-rup.com\/wp-content\/uploads\/2024\/01\/PRESIDENTE_PHOTO-OFFICIELLE-3-768x833.jpg 768w, https:\/\/www.cp-rup.com\/wp-content\/uploads\/2024\/01\/PRESIDENTE_PHOTO-OFFICIELLE-3.jpg 1414w\" sizes=\"auto, (max-width: 277px) 100vw, 277px\" \/><\/a>Nuestro compromiso com\u00fan, en el seno de la Conferencia de las RUP, permite introducir perspectivas distintas de la visi\u00f3n estrictamente continental de las pol\u00edticas europeas. Estamos trabajando para garantizar que la Uni\u00f3n Europea se abra plenamente a la realidad de nuestra lejan\u00eda del continente y sea m\u00e1s sensible a la realidad de nuestra proximidad de terceros pa\u00edses. Por ello, abogamos por que, en la nueva estrategia europea se reconozca m\u00e1s a\u00fan a las RUP como territorios que unen Europa con todos los rincones del planeta, territorios que se abren hacia redes de intercambio y solidaridad con espacios m\u00e1s alejados del continente. Nuestras regiones representan un activo considerable para toda la Uni\u00f3n Europea, lo cual le confiere una dimensi\u00f3n global.<\/p>\n<p>Cuando la Uni\u00f3n Europea accede a recurrir a lo establecido en el art\u00edculo 349 de su derecho primario, las RUP logran obtener resultados concretos y beneficiosos, como los contenidos en la pol\u00edtica de cohesi\u00f3n o incluso en la pol\u00edtica fiscal y aduanera. Y es precisamente aqu\u00ed donde Europa resulta m\u00e1s convincente.<\/p>\n<p>La finalidad misma de la integraci\u00f3n europea es, ante todo, defender y promover un modelo social, por lo que espero que la pr\u00f3xima estrategia en favor de las RUP est\u00e9 profundamente marcada por esta dimensi\u00f3n social. Esta aspiraci\u00f3n deber\u00e1 centrarse en las cuestiones clave de la educaci\u00f3n, la formaci\u00f3n y el empleo, as\u00ed como en la necesidad de reforzar la dimensi\u00f3n humana de las pol\u00edticas europeas a favor de las RUP. Con esta premisa, Europa podr\u00e1 volver a llegar al coraz\u00f3n de nuestros conciudadanos y, en particular, al de nuestros j\u00f3venes&#8230;<\/p>\n<p><span class=\"HwtZe\" lang=\"es\"><span class=\"jCAhz ChMk0b\"><span class=\"ryNqvb\">Huguette Bello<\/span><\/span><\/span><\/p>\n<p><span class=\"HwtZe\" lang=\"es\"><span class=\"jCAhz ChMk0b\"><span class=\"ryNqvb\">Presidenta del consejo Reginal de la Reuni\u00f3n<\/span><\/span><\/span><\/p>\n","protected":false},"excerpt":{"rendered":"<p>Mensaje de la presidenta &nbsp; Nuestro compromiso com\u00fan, en el seno de la Conferencia de las RUP, permite introducir perspectivas distintas de la visi\u00f3n estrictamente continental de las pol\u00edticas europeas. Estamos trabajando para garantizar que la Uni\u00f3n Europea se abra plenamente a la realidad de nuestra lejan\u00eda del continente y sea m\u00e1s sensible a la [&hellip;]<\/p>\n","protected":false},"author":36,"featured_media":0,"parent":5986,"menu_order":2,"comment_status":"closed","ping_status":"closed","template":"page-static-rich.php","meta":{"_acf_changed":false,"footnotes":"","_links_to":"","_links_to_target":""},"class_list":["post-9538","page","type-page","status-publish","hentry"],"acf":[],"_links":{"self":[{"href":"https:\/\/www.cp-rup.com\/es\/wp-json\/wp\/v2\/pages\/9538","targetHints":{"allow":["GET"]}}],"collection":[{"href":"https:\/\/www.cp-rup.com\/es\/wp-json\/wp\/v2\/pages"}],"about":[{"href":"https:\/\/www.cp-rup.com\/es\/wp-json\/wp\/v2\/types\/page"}],"author":[{"embeddable":true,"href":"https:\/\/www.cp-rup.com\/es\/wp-json\/wp\/v2\/users\/36"}],"replies":[{"embeddable":true,"href":"https:\/\/www.cp-rup.com\/es\/wp-json\/wp\/v2\/comments?post=9538"}],"version-history":[{"count":4,"href":"https:\/\/www.cp-rup.com\/es\/wp-json\/wp\/v2\/pages\/9538\/revisions"}],"predecessor-version":[{"id":9545,"href":"https:\/\/www.cp-rup.com\/es\/wp-json\/wp\/v2\/pages\/9538\/revisions\/9545"}],"up":[{"embeddable":true,"href":"https:\/\/www.cp-rup.com\/es\/wp-json\/wp\/v2\/pages\/5986"}],"wp:attachment":[{"href":"https:\/\/www.cp-rup.com\/es\/wp-json\/wp\/v2\/media?parent=9538"}],"curies":[{"name":"wp","href":"https:\/\/api.w.org\/{rel}","templated":true}]}}

<h1 style="text-align: center;">Mensaje de la presidenta</h1>
<p>&nbsp;</p>
<p><a href="https://cp-rup.com/es/presidencia-anual/mensaje-de-la-presidenta/presidente_photo-officielle-4/" rel="attachment wp-att-9539"><img loading="lazy" decoding="async" class="alignleft size-medium wp-image-9539" src="https://cp-rup.com/wp-content/uploads/2024/01/PRESIDENTE_PHOTO-OFFICIELLE-3-277x300.jpg" alt="" width="277" height="300" srcset="https://www.cp-rup.com/wp-content/uploads/2024/01/PRESIDENTE_PHOTO-OFFICIELLE-3-277x300.jpg 277w, https://www.cp-rup.com/wp-content/uploads/2024/01/PRESIDENTE_PHOTO-OFFICIELLE-3-944x1024.jpg 944w, https://www.cp-rup.com/wp-content/uploads/2024/01/PRESIDENTE_PHOTO-OFFICIELLE-3-768x833.jpg 768w, https://www.cp-rup.com/wp-content/uploads/2024/01/PRESIDENTE_PHOTO-OFFICIELLE-3.jpg 1414w" sizes="auto, (max-width: 277px) 100vw, 277px" /></a>Nuestro compromiso común, en el seno de la Conferencia de las RUP, permite introducir perspectivas distintas de la visión estrictamente continental de las políticas europeas. Estamos trabajando para garantizar que la Unión Europea se abra plenamente a la realidad de nuestra lejanía del continente y sea más sensible a la realidad de nuestra proximidad de terceros países. Por ello, abogamos por que, en la nueva estrategia europea se reconozca más aún a las RUP como territorios que unen Europa con todos los rincones del planeta, territorios que se abren hacia redes de intercambio y solidaridad con espacios más alejados del continente. Nuestras regiones representan un activo considerable para toda la Unión Europea, lo cual le confiere una dimensión global.</p>
<p>Cuando la Unión Europea accede a recurrir a lo establecido en el artículo 349 de su derecho primario, las RUP logran obtener resultados concretos y beneficiosos, como los contenidos en la política de cohesión o incluso en la política fiscal y aduanera. Y es precisamente aquí donde Europa resulta más convincente.</p>
<p>La finalidad misma de la integración europea es, ante todo, defender y promover un modelo social, por lo que espero que la próxima estrategia en favor de las RUP esté profundamente marcada por esta dimensión social. Esta aspiración deberá centrarse en las cuestiones clave de la educación, la formación y el empleo, así como en la necesidad de reforzar la dimensión humana de las políticas europeas a favor de las RUP. Con esta premisa, Europa podrá volver a llegar al corazón de nuestros conciudadanos y, en particular, al de nuestros jóvenes&#8230;</p>
<p><span class="HwtZe" lang="es"><span class="jCAhz ChMk0b"><span class="ryNqvb">Huguette Bello</span></span></span></p>
<p><span class="HwtZe" lang="es"><span class="jCAhz ChMk0b"><span class="ryNqvb">Presidenta del consejo Reginal de la Reunión</span></span></span></p>

<p>Mensaje de la presidenta &nbsp; Nuestro compromiso común, en el seno de la Conferencia de las RUP, permite introducir perspectivas distintas de la visión estrictamente continental de las políticas europeas. Estamos trabajando para garantizar que la Unión Europea se abra plenamente a la realidad de nuestra lejanía del continente y sea más sensible a la [&hellip;]</p>
