{"id":5875,"date":"2021-03-19T17:59:35","date_gmt":"2021-03-19T17:59:35","guid":{"rendered":"https:\/\/cp-rup.com\/?page_id=5875"},"modified":"2021-03-19T17:59:35","modified_gmt":"2021-03-19T17:59:35","slug":"les-rup-dans-lue","status":"publish","type":"page","link":"https:\/\/www.cp-rup.com\/fr\/les-rup-dans-lue\/","title":{"rendered":"Les RUP dans l&rsquo;UE"},"content":{"rendered":"<h1 style=\"text-align: center;\"><span id=\"result_box\" class=\"short_text\" lang=\"fr\"><span class=\"alt-edited\">Les RUP dans l&rsquo;UE<\/span><\/span><\/h1>\n<h2 style=\"text-align: center;\">Nos diff\u00e9rences se rassemblent, nous rassemblent.<\/h2>\n<p>&nbsp;<\/p>\n<p>A\u00e7ores, Canaries, Guadeloupe, Guyane, Mad\u00e8re, Mayotte, Martinique, R\u00e9union et Saint Martin\u00a0: neuf r\u00e9gions insulaires et une r\u00e9gion isol\u00e9e au nord-ouest du continent sud-am\u00e9ricain, \u00e0 des milliers de kilom\u00e8tres de l\u2019Europe\u00a0; certaines sont baign\u00e9es par la mer des Cara\u00efbes, d\u2019autres par les oc\u00e9ans Atlantique et Indien. Le portugais, le fran\u00e7ais et l\u2019espagnol, trois langues officielles et trois nationalit\u00e9s diff\u00e9rentes pour un groupe de r\u00e9gions int\u00e9grant pleinement l\u2019Union europ\u00e9enne et formant un groupe particulier et bien d\u00e9fini en son sein\u00a0: les r\u00e9gions ultrap\u00e9riph\u00e9riques de l\u2019Union europ\u00e9enne (RUP).<\/p>\n<p>G\u00e9ographiquement \u00e9loign\u00e9es et isol\u00e9es du march\u00e9 europ\u00e9en, mais pleinement europ\u00e9ennes \u00e0 travers l&rsquo;adh\u00e9sion de leurs \u00c9tats membres, les RUP se trouvent dans un contexte naturel marqu\u00e9 par l&rsquo;insularit\u00e9, le volcanisme, le climat tropical, la proximit\u00e9 d&rsquo;autres pays tiers moins d\u00e9velopp\u00e9s et le lien historique et culturel avec d&rsquo;autres pays avec lesquels ils entretiennent des relations particuli\u00e8res.<\/p>\n<p>Ces r\u00e9gions sont confront\u00e9es aux m\u00eames difficult\u00e9s\u00a0:<\/p>\n<ul>\n<li>La d\u00e9pendance \u00e9conomique vis-\u00e0-vis d&rsquo;un petit nombre de produits constitue \u00e9videmment un frein puissant \u00e0 la comp\u00e9titivit\u00e9 de ces territoires marqu\u00e9s par l&rsquo;\u00e9troitesse de leurs march\u00e9s domestiques et par une balance commerciale lourdement et structurellement d\u00e9ficitaire\u00a0;<\/li>\n<li>D\u2019importants surco\u00fbts de production en comparaison des entreprises europ\u00e9ennes continentales d\u00fb notamment au grand \u00e9loignement et \u00e0 l\u2019insularit\u00e9\u00a0;<\/li>\n<li>La taille critique de leurs march\u00e9s restreignant le d\u00e9veloppement de la production locale \u00e0 destination de la consommation locale\u00a0;<\/li>\n<li>Ce sont des r\u00e9gions dans lesquelles le niveau de vie est anormalement bas ou dans lesquelles s\u00e9vit un grave sous-emploi, notamment des jeunes\u00a0;<\/li>\n<li>Des probl\u00e9matiques propres en raison de leur insertion dans des environnements g\u00e9ographiques non europ\u00e9ens et notamment celle d\u2019une concurrence in\u00e9gale avec les pays tiers.<\/li>\n<\/ul>\n<p>L\u2019ensemble de ces facteurs, combin\u00e9s et cumul\u00e9s, affecte leur d\u00e9veloppement \u00e9conomique et social.<\/p>\n<p>Malgr\u00e9 son faible poids \u00e9conomique et d\u00e9mographique \u00e0 l\u2019\u00e9chelle de l\u2019UE, les RUP offrent des atouts significatifs \u00e0 l\u2019Union europ\u00e9enne. Sa situation g\u00e9ographique et son environnement naturel ajoutent une dimension r\u00e9ellement mondiale \u00e0 l&rsquo;Union europ\u00e9enne : une zone maritime et une position g\u00e9ostrat\u00e9gique pr\u00e9cieuses; des lieux privil\u00e9gi\u00e9s pour la mise en \u0153uvre d&rsquo;activit\u00e9s de recherche scientifique et de haute technologie, un grand potentiel de d\u00e9veloppement des \u00e9nergies renouvelables et un cadre naturel exceptionnel pour un tourisme s\u00fbr et respectueux de l&rsquo;environnement.<\/p>\n<p>Cette situation partag\u00e9e a amen\u00e9 les RUP \u00e0 renforcer leur partenariat. Ce front commun aura, dans un premier temps, recours \u00e0 une d\u00e9marche fond\u00e9e sur la recherche d\u2019une plus grande reconnaissance de leur r\u00e9alit\u00e9 r\u00e9gionale, de leurs atouts en mati\u00e8re de d\u00e9veloppement durable, de la valorisation de leur localisation dans des espaces g\u00e9o\u00e9conomiques diff\u00e9renci\u00e9s notamment, avant de s\u2019attaquer au Trait\u00e9 lui-m\u00eame afin d\u2019en faire modifier le contenu. Cette \u00e9tape d\u00e9cisive sera franchie en octobre 1997 par le Trait\u00e9 d\u2019Amsterdam, avec le nouvel article 299\u00a72.<\/p>\n<p>&nbsp;<\/p>\n<h2><span id=\"result_box\" class=\"short_text\" lang=\"es\"><span class=\"alt-edited\"><div id=\"metaslider-id-2075\" style=\"width: 100%;\" class=\"ml-slider-3-20-3 metaslider metaslider-flex metaslider-2075 ml-slider\">\n    <div id=\"metaslider_container_2075\">\n        <div id=\"metaslider_2075\">\n            <ul aria-live=\"polite\" class=\"slides\">\n                <li style=\"display: block; width: 100%;\" class=\"slide-2377 ms-image\"><img loading=\"lazy\" decoding=\"async\" src=\"https:\/\/www.cp-rup.com\/wp-content\/uploads\/2018\/07\/Reuni\u00f3n-slider-6-1088x400.jpg\" height=\"400\" width=\"1088\" alt=\"\" class=\"slider-2075 slide-2377\" \/><div class=\"caption-wrap\"><div class=\"caption\">Reunion<\/div><\/div><\/li>\n                <li style=\"display: none; width: 100%;\" class=\"slide-2378 ms-image\"><img loading=\"lazy\" decoding=\"async\" src=\"https:\/\/www.cp-rup.com\/wp-content\/uploads\/2018\/07\/Madeira-slider-5-1-1088x400.jpg\" height=\"400\" width=\"1088\" alt=\"\" class=\"slider-2075 slide-2378\" \/><div class=\"caption-wrap\"><div class=\"caption\">Madeira<\/div><\/div><\/li>\n                <li style=\"display: none; width: 100%;\" class=\"slide-3662 ms-image\"><img loading=\"lazy\" decoding=\"async\" src=\"https:\/\/www.cp-rup.com\/wp-content\/uploads\/2018\/09\/SMT-7-1088x400.jpg\" height=\"400\" width=\"1088\" alt=\"\" class=\"slider-2075 slide-3662\" \/><div class=\"caption-wrap\"><div class=\"caption\">Saint Martin<\/div><\/div><\/li>\n                <li style=\"display: none; width: 100%;\" class=\"slide-3718 ms-image\"><img loading=\"lazy\" decoding=\"async\" src=\"https:\/\/www.cp-rup.com\/wp-content\/uploads\/2018\/10\/Azores-JAR-Flores-Island-1088x400.jpg\" height=\"400\" width=\"1088\" alt=\"\" class=\"slider-2075 slide-3718\" \/><div class=\"caption-wrap\"><div class=\"caption\">A\u00e7ores<\/div><\/div><\/li>\n                <li style=\"display: none; width: 100%;\" class=\"slide-3719 ms-image\"><img loading=\"lazy\" decoding=\"async\" src=\"https:\/\/www.cp-rup.com\/wp-content\/uploads\/2018\/10\/GUY-MER-\u00ceLES-DU-SALUT-03-1-1088x400.jpg\" height=\"400\" width=\"1088\" alt=\"\" class=\"slider-2075 slide-3719\" \/><div class=\"caption-wrap\"><div class=\"caption\">Guyane<\/div><\/div><\/li>\n                <li style=\"display: none; width: 100%;\" class=\"slide-3723 ms-image\"><img loading=\"lazy\" decoding=\"async\" src=\"https:\/\/www.cp-rup.com\/wp-content\/uploads\/2018\/09\/GUA-9-1-1088x400.jpg\" height=\"400\" width=\"1088\" alt=\"\" class=\"slider-2075 slide-3723\" \/><div class=\"caption-wrap\"><div class=\"caption\">Guadeloupe<\/div><\/div><\/li>\n                <li style=\"display: none; width: 100%;\" class=\"slide-3724 ms-image\"><img loading=\"lazy\" decoding=\"async\" src=\"https:\/\/www.cp-rup.com\/wp-content\/uploads\/2018\/06\/Parque-Nacional-Timanfaya-Lanzarote-1088x400.jpg\" height=\"400\" width=\"1088\" alt=\"\" class=\"slider-2075 slide-3724\" \/><div class=\"caption-wrap\"><div class=\"caption\">Canarias<\/div><\/div><\/li>\n            <\/ul>\n        <\/div>\n        \n    <\/div>\n<\/div><\/span><\/span><\/h2>\n","protected":false},"excerpt":{"rendered":"<p>Les RUP dans l&rsquo;UE Nos diff\u00e9rences se rassemblent, nous rassemblent. &nbsp; A\u00e7ores, Canaries, Guadeloupe, Guyane, Mad\u00e8re, Mayotte, Martinique, R\u00e9union et Saint Martin\u00a0: neuf r\u00e9gions insulaires et une r\u00e9gion isol\u00e9e au nord-ouest du continent sud-am\u00e9ricain, \u00e0 des milliers de kilom\u00e8tres de l\u2019Europe\u00a0; certaines sont baign\u00e9es par la mer des Cara\u00efbes, d\u2019autres par les oc\u00e9ans Atlantique et [&hellip;]<\/p>\n","protected":false},"author":37,"featured_media":0,"parent":0,"menu_order":0,"comment_status":"closed","ping_status":"closed","template":"page-static-rich.php","meta":{"_acf_changed":false,"footnotes":"","_links_to":"","_links_to_target":""},"class_list":["post-5875","page","type-page","status-publish","hentry"],"acf":[],"_links":{"self":[{"href":"https:\/\/www.cp-rup.com\/fr\/wp-json\/wp\/v2\/pages\/5875","targetHints":{"allow":["GET"]}}],"collection":[{"href":"https:\/\/www.cp-rup.com\/fr\/wp-json\/wp\/v2\/pages"}],"about":[{"href":"https:\/\/www.cp-rup.com\/fr\/wp-json\/wp\/v2\/types\/page"}],"author":[{"embeddable":true,"href":"https:\/\/www.cp-rup.com\/fr\/wp-json\/wp\/v2\/users\/37"}],"replies":[{"embeddable":true,"href":"https:\/\/www.cp-rup.com\/fr\/wp-json\/wp\/v2\/comments?post=5875"}],"version-history":[{"count":1,"href":"https:\/\/www.cp-rup.com\/fr\/wp-json\/wp\/v2\/pages\/5875\/revisions"}],"predecessor-version":[{"id":5876,"href":"https:\/\/www.cp-rup.com\/fr\/wp-json\/wp\/v2\/pages\/5875\/revisions\/5876"}],"wp:attachment":[{"href":"https:\/\/www.cp-rup.com\/fr\/wp-json\/wp\/v2\/media?parent=5875"}],"curies":[{"name":"wp","href":"https:\/\/api.w.org\/{rel}","templated":true}]}}

<h1 style="text-align: center;"><span id="result_box" class="short_text" lang="fr"><span class="alt-edited">Les RUP dans l&rsquo;UE</span></span></h1>
<h2 style="text-align: center;">Nos différences se rassemblent, nous rassemblent.</h2>
<p>&nbsp;</p>
<p>Açores, Canaries, Guadeloupe, Guyane, Madère, Mayotte, Martinique, Réunion et Saint Martin : neuf régions insulaires et une région isolée au nord-ouest du continent sud-américain, à des milliers de kilomètres de l’Europe ; certaines sont baignées par la mer des Caraïbes, d’autres par les océans Atlantique et Indien. Le portugais, le français et l’espagnol, trois langues officielles et trois nationalités différentes pour un groupe de régions intégrant pleinement l’Union européenne et formant un groupe particulier et bien défini en son sein : les régions ultrapériphériques de l’Union européenne (RUP).</p>
<p>Géographiquement éloignées et isolées du marché européen, mais pleinement européennes à travers l&rsquo;adhésion de leurs États membres, les RUP se trouvent dans un contexte naturel marqué par l&rsquo;insularité, le volcanisme, le climat tropical, la proximité d&rsquo;autres pays tiers moins développés et le lien historique et culturel avec d&rsquo;autres pays avec lesquels ils entretiennent des relations particulières.</p>
<p>Ces régions sont confrontées aux mêmes difficultés :</p>
<ul>
<li>La dépendance économique vis-à-vis d&rsquo;un petit nombre de produits constitue évidemment un frein puissant à la compétitivité de ces territoires marqués par l&rsquo;étroitesse de leurs marchés domestiques et par une balance commerciale lourdement et structurellement déficitaire ;</li>
<li>D’importants surcoûts de production en comparaison des entreprises européennes continentales dû notamment au grand éloignement et à l’insularité ;</li>
<li>La taille critique de leurs marchés restreignant le développement de la production locale à destination de la consommation locale ;</li>
<li>Ce sont des régions dans lesquelles le niveau de vie est anormalement bas ou dans lesquelles sévit un grave sous-emploi, notamment des jeunes ;</li>
<li>Des problématiques propres en raison de leur insertion dans des environnements géographiques non européens et notamment celle d’une concurrence inégale avec les pays tiers.</li>
</ul>
<p>L’ensemble de ces facteurs, combinés et cumulés, affecte leur développement économique et social.</p>
<p>Malgré son faible poids économique et démographique à l’échelle de l’UE, les RUP offrent des atouts significatifs à l’Union européenne. Sa situation géographique et son environnement naturel ajoutent une dimension réellement mondiale à l&rsquo;Union européenne : une zone maritime et une position géostratégique précieuses; des lieux privilégiés pour la mise en œuvre d&rsquo;activités de recherche scientifique et de haute technologie, un grand potentiel de développement des énergies renouvelables et un cadre naturel exceptionnel pour un tourisme sûr et respectueux de l&rsquo;environnement.</p>
<p>Cette situation partagée a amené les RUP à renforcer leur partenariat. Ce front commun aura, dans un premier temps, recours à une démarche fondée sur la recherche d’une plus grande reconnaissance de leur réalité régionale, de leurs atouts en matière de développement durable, de la valorisation de leur localisation dans des espaces géoéconomiques différenciés notamment, avant de s’attaquer au Traité lui-même afin d’en faire modifier le contenu. Cette étape décisive sera franchie en octobre 1997 par le Traité d’Amsterdam, avec le nouvel article 299§2.</p>
<p>&nbsp;</p>
<h2><span id="result_box" class="short_text" lang="es"><span class="alt-edited"><div id="metaslider-id-2075" style="width: 100%;" class="ml-slider-3-20-3 metaslider metaslider-flex metaslider-2075 ml-slider">
    <div id="metaslider_container_2075">
        <div id="metaslider_2075">
            <ul aria-live="polite" class="slides">
                <li style="display: block; width: 100%;" class="slide-2377 ms-image"><img loading="lazy" decoding="async" src="https://www.cp-rup.com/wp-content/uploads/2018/07/Reunión-slider-6-1088x400.jpg" height="400" width="1088" alt="" class="slider-2075 slide-2377" /><div class="caption-wrap"><div class="caption">Reunion</div></div></li>
                <li style="display: none; width: 100%;" class="slide-2378 ms-image"><img loading="lazy" decoding="async" src="https://www.cp-rup.com/wp-content/uploads/2018/07/Madeira-slider-5-1-1088x400.jpg" height="400" width="1088" alt="" class="slider-2075 slide-2378" /><div class="caption-wrap"><div class="caption">Madeira</div></div></li>
                <li style="display: none; width: 100%;" class="slide-3662 ms-image"><img loading="lazy" decoding="async" src="https://www.cp-rup.com/wp-content/uploads/2018/09/SMT-7-1088x400.jpg" height="400" width="1088" alt="" class="slider-2075 slide-3662" /><div class="caption-wrap"><div class="caption">Saint Martin</div></div></li>
                <li style="display: none; width: 100%;" class="slide-3718 ms-image"><img loading="lazy" decoding="async" src="https://www.cp-rup.com/wp-content/uploads/2018/10/Azores-JAR-Flores-Island-1088x400.jpg" height="400" width="1088" alt="" class="slider-2075 slide-3718" /><div class="caption-wrap"><div class="caption">Açores</div></div></li>
                <li style="display: none; width: 100%;" class="slide-3719 ms-image"><img loading="lazy" decoding="async" src="https://www.cp-rup.com/wp-content/uploads/2018/10/GUY-MER-ÎLES-DU-SALUT-03-1-1088x400.jpg" height="400" width="1088" alt="" class="slider-2075 slide-3719" /><div class="caption-wrap"><div class="caption">Guyane</div></div></li>
                <li style="display: none; width: 100%;" class="slide-3723 ms-image"><img loading="lazy" decoding="async" src="https://www.cp-rup.com/wp-content/uploads/2018/09/GUA-9-1-1088x400.jpg" height="400" width="1088" alt="" class="slider-2075 slide-3723" /><div class="caption-wrap"><div class="caption">Guadeloupe</div></div></li>
                <li style="display: none; width: 100%;" class="slide-3724 ms-image"><img loading="lazy" decoding="async" src="https://www.cp-rup.com/wp-content/uploads/2018/06/Parque-Nacional-Timanfaya-Lanzarote-1088x400.jpg" height="400" width="1088" alt="" class="slider-2075 slide-3724" /><div class="caption-wrap"><div class="caption">Canarias</div></div></li>
            </ul>
        </div>
        
    </div>
</div></span></span></h2>

<p>Les RUP dans l&rsquo;UE Nos différences se rassemblent, nous rassemblent. &nbsp; Açores, Canaries, Guadeloupe, Guyane, Madère, Mayotte, Martinique, Réunion et Saint Martin : neuf régions insulaires et une région isolée au nord-ouest du continent sud-américain, à des milliers de kilomètres de l’Europe ; certaines sont baignées par la mer des Caraïbes, d’autres par les océans Atlantique et [&hellip;]</p>
