{"id":5982,"date":"2021-03-19T19:55:37","date_gmt":"2021-03-19T19:55:37","guid":{"rendered":"https:\/\/cp-rup.com\/?page_id=5982"},"modified":"2022-12-20T12:39:53","modified_gmt":"2022-12-20T12:39:53","slug":"presidence-annuelle","status":"publish","type":"page","link":"https:\/\/www.cp-rup.com\/fr\/presidence-annuelle\/","title":{"rendered":"Pr\u00e9sidence Annuelle"},"content":{"rendered":"<h1 style=\"text-align: left;\"><span id=\"result_box\" class=\"short_text\" lang=\"fr\"><img loading=\"lazy\" decoding=\"async\" class=\"size-medium wp-image-7617 alignleft\" src=\"https:\/\/cp-rup.com\/wp-content\/uploads\/2022\/12\/RUP-PERFIL-RRSS_Mesa-de-trabajo-1-2-300x300.png\" alt=\"\" width=\"300\" height=\"300\" srcset=\"https:\/\/www.cp-rup.com\/wp-content\/uploads\/2022\/12\/RUP-PERFIL-RRSS_Mesa-de-trabajo-1-2-300x300.png 300w, https:\/\/www.cp-rup.com\/wp-content\/uploads\/2022\/12\/RUP-PERFIL-RRSS_Mesa-de-trabajo-1-2-150x150.png 150w, https:\/\/www.cp-rup.com\/wp-content\/uploads\/2022\/12\/RUP-PERFIL-RRSS_Mesa-de-trabajo-1-2.png 750w\" sizes=\"auto, (max-width: 300px) 100vw, 300px\" \/>Pr\u00e9sidence Annuelle<\/span><\/h1>\n<p>La pr\u00e9sidence de la Conf\u00e9rence est exerc\u00e9e successivement par chaque RUP, pour une dur\u00e9e d\u2019au moins un an. Lors de la session ordinaire tenue dans la r\u00e9gion qui assure la pr\u00e9sidence tournante, la Conf\u00e9rence d\u00e9signe parmi ses membres le prochain membre de la Conf\u00e9rence et d\u00e9cide de la dur\u00e9e de son mandat en fonction de l\u2019agenda europ\u00e9en, national et r\u00e9gional.<\/p>\n<p>Sans pr\u00e9judice de ce qui pr\u00e9c\u00e8de, un calendrier indicatif des pr\u00e9sidences pour les ann\u00e9es \u00e0 venir a \u00e9t\u00e9 adopt\u00e9 en 2017 :<\/p>\n<table style=\"text-align: left; font-family: 'Calibri',sans-serif; font-size: 80%; color: #707173; height: 185px; width: 700px; margin: 0 auto;\" cellspacing=\"0\" cellpadding=\"2\">\n<tbody>\n<tr style=\"border-style: solid none; border-color: #ededed; border-width: 3px;\">\n<td style=\"border-style: solid none; border-color: #707173; color: #707173; font-weight: bold; text-align: center; width: 115.448px; height: 19px;\" valign=\"undefined\">CPRUP<\/td>\n<td style=\"border-style: solid none; border-color: #707173; font-weight: bold; text-align: center; color: #707173; width: 448.875px; height: 19px;\" valign=\"undefined\">ANN\u00c9ES<\/td>\n<td style=\"border-style: solid none; border-color: #707173; font-weight: bold; text-align: center; color: #707173; width: 121.677px; height: 19px;\" valign=\"undefined\">PR\u00c9SIDENCE<\/td>\n<\/tr>\n<tr style=\"height: 19px;\">\n<td style=\"border-style: none none solid; border-color: grey; border-width: 1px; text-align: center; width: 115.448px; height: 19px;\" valign=\"undefined\">XXI<\/td>\n<td style=\"border-style: none none solid; border-color: grey; border-width: 1px; text-align: center; width: 448.875px; height: 19px;\" valign=\"undefined\">F\u00e9vrier 2015 \u2013 septembre 2016<\/td>\n<td style=\"border-style: none none solid; border-color: grey; border-width: 1px; text-align: center; width: 121.677px; height: 19px;\" valign=\"undefined\">Mad\u00e8re<\/td>\n<\/tr>\n<tr style=\"height: 19px;\">\n<td style=\"border-style: none none solid; border-color: grey; border-width: 1px; text-align: center; width: 115.448px; height: 19px;\" valign=\"undefined\">XXII<\/td>\n<td style=\"border-style: none none solid; border-color: grey; border-width: 1px; text-align: center; width: 448.875px; height: 19px;\" valign=\"undefined\">Septembre 2016 \u2013 octobre 2017<\/td>\n<td style=\"border-style: none none solid; border-color: grey; border-width: 1px; text-align: center; width: 121.677px; height: 19px;\" valign=\"undefined\">Guyane<\/td>\n<\/tr>\n<tr style=\"height: 19px;\">\n<td style=\"border-style: none none solid; border-color: grey; border-width: 1px; text-align: center; width: 115.448px; height: 19px;\" valign=\"undefined\">XXIII<\/td>\n<td style=\"border-style: none none solid; border-color: grey; border-width: 1px; text-align: center; width: 448.875px; height: 19px;\" valign=\"undefined\">2017 \/ 2018<\/td>\n<td style=\"border-style: none none solid; border-color: grey; border-width: 1px; text-align: center; width: 121.677px; height: 19px;\" valign=\"undefined\">Canaries<\/td>\n<\/tr>\n<tr style=\"height: 19px;\">\n<td style=\"border-style: none none solid; border-color: grey; border-width: 1px; text-align: center; width: 115.448px; height: 19px;\" valign=\"undefined\">XXIV<\/td>\n<td style=\"border-style: none none solid; border-color: grey; border-width: 1px; text-align: center; width: 448.875px; height: 19px;\" valign=\"undefined\">2018 \/ 2019<\/td>\n<td style=\"border-style: none none solid; border-color: grey; border-width: 1px; text-align: center; width: 121.677px; height: 19px;\" valign=\"undefined\">Saint Martin<\/td>\n<\/tr>\n<tr style=\"height: 19px;\">\n<td style=\"border-style: none none solid; border-color: grey; border-width: 1px; text-align: center; width: 115.448px; height: 19px;\" valign=\"undefined\">XXV<\/td>\n<td style=\"border-style: none none solid; border-color: grey; border-width: 1px; text-align: center; width: 448.875px; height: 19px;\" valign=\"undefined\">2019 \/ 2020<\/td>\n<td style=\"border-style: none none solid; border-color: grey; border-width: 1px; text-align: center; width: 121.677px; height: 19px;\" valign=\"undefined\">Mayotte<\/td>\n<\/tr>\n<tr style=\"height: 38px;\">\n<td style=\"border-style: none none solid; border-color: grey; border-width: 1px; text-align: center; width: 115.448px; height: 38px;\" valign=\"undefined\">XXVI<\/td>\n<td style=\"border-style: none none solid; border-color: grey; border-width: 1px; text-align: center; width: 448.875px; height: 38px;\" valign=\"undefined\">2020 \/ 2021<br \/>\n(Pr\u00e9sidence portugaise du Conseil de janvier \u00e0 juin 2021)<\/td>\n<td style=\"border-style: none none solid; border-color: grey; border-width: 1px; text-align: center; width: 121.677px; height: 38px;\" valign=\"undefined\">A\u00e7ores<\/td>\n<\/tr>\n<tr style=\"height: 38px;\">\n<td style=\"border-style: none none solid; border-color: grey; border-width: 1px; text-align: center; width: 115.448px; height: 38px;\" valign=\"undefined\">XXVII<\/td>\n<td style=\"border-style: none none solid; border-color: grey; border-width: 1px; text-align: center; width: 448.875px; height: 38px;\" valign=\"undefined\">2021 \/ 2022<br \/>\n(Pr\u00e9sidence fran\u00e7aise du Conseil de janvier \u00e0 juin 2022)<\/td>\n<td style=\"border-style: none none solid; border-color: grey; border-width: 1px; text-align: center; width: 121.677px; height: 38px;\" valign=\"undefined\">Martinique<\/td>\n<\/tr>\n<tr style=\"height: 38px;\">\n<td style=\"border-style: none none solid; border-color: grey; border-width: 1px; text-align: center; width: 115.448px; height: 38px;\" valign=\"undefined\">XXVIII<\/td>\n<td style=\"border-style: none none solid; border-color: grey; border-width: 1px; text-align: center; width: 448.875px; height: 38px;\" valign=\"undefined\">2022 \/ 2023<br \/>\n(Pr\u00e9sidence espagnole du Conseil de juillet \u00e0 d\u00e9cembre<br \/>\n2023)<\/td>\n<td style=\"border-style: none none solid; border-color: grey; border-width: 1px; text-align: center; width: 121.677px; height: 38px;\" valign=\"undefined\">Canaries<\/td>\n<\/tr>\n<tr style=\"height: 19px;\">\n<td style=\"border-style: none none solid; border-color: grey; border-width: 1px; text-align: center; width: 115.448px; height: 19px;\" valign=\"undefined\">XXIX<\/td>\n<td style=\"border-style: none none solid; border-color: grey; border-width: 1px; text-align: center; width: 448.875px; height: 19px;\" valign=\"undefined\">2023 \/ 2024<\/td>\n<td style=\"border-style: none none solid; border-color: grey; border-width: 1px; text-align: center; width: 121.677px; height: 19px;\" valign=\"undefined\">La R\u00e9union<\/td>\n<\/tr>\n<tr style=\"height: 19px;\">\n<td style=\"border-style: none none solid; border-color: grey; border-width: 1px; text-align: center; width: 115.448px; height: 19px;\" valign=\"undefined\">XXX<\/td>\n<td style=\"border-style: none none solid; border-color: grey; border-width: 1px; text-align: center; width: 448.875px; height: 19px;\" valign=\"undefined\">2024 \/ 2025<\/td>\n<td style=\"border-style: none none solid; border-color: grey; border-width: 1px; text-align: center; width: 121.677px; height: 19px;\" valign=\"undefined\">Guadeloupe<\/td>\n<\/tr>\n<tr style=\"height: 19px;\">\n<td style=\"border-style: none none solid; border-color: grey; border-width: 1px; text-align: center; width: 115.448px; height: 19px;\" valign=\"undefined\">XXXI<\/td>\n<td style=\"border-style: none none solid; border-color: grey; border-width: 1px; text-align: center; width: 448.875px; height: 19px;\" valign=\"undefined\">2025 \/ 2026<\/td>\n<td style=\"border-style: none none solid; border-color: grey; border-width: 1px; text-align: center; width: 121.677px; height: 19px;\" valign=\"undefined\">Mad\u00e8re<\/td>\n<\/tr>\n<\/tbody>\n<\/table>\n<div><\/div>\n<div>\n<p>&nbsp;<\/p>\n<h2 style=\"text-align: center;\"><\/h2>\n<p>Lors de la XXVII\u00e8me Conf\u00e9rence annuelle des Pr\u00e9sidents des R\u00e9gions Ultrap\u00e9riph\u00e9riques qui s\u2019est tenue le 15 et 16 novembre 2022, \u00e0 Bruxelles, la passation de pr\u00e9sidence a eu lieu entre la Martinique et les \u00celes Canaries, repr\u00e9sent\u00e9s par le Pr\u00e9sident M. \u00c1ngel V\u00edctor TORRES P\u00c9REZ, qui assurera la Pr\u00e9sidence de la Conf\u00e9rence des Pr\u00e9sidentes des RUP jusqu\u2019en novembre 2023.<\/p>\n<\/div>\n<p>Le pr\u00e9sident des RUP qui assume la pr\u00e9sidence de la Conf\u00e9rence, conform\u00e9ment au protocole de coop\u00e9ration sign\u00e9 entre eux, exerce les fonctions suivantes :<\/p>\n<ul>\n<li>Repr\u00e9senter la Conf\u00e9rence aupr\u00e8s des institutions, organes et organismes europ\u00e9ens ;<\/li>\n<li>Coordonner les actions et les initiatives dans l\u2019int\u00e9r\u00eat de la d\u00e9fense des int\u00e9r\u00eats des r\u00e9gions ultrap\u00e9riph\u00e9riques ;<\/li>\n<li>Convoquer les r\u00e9unions de la Conf\u00e9rence ;<\/li>\n<li>Pr\u00e9sider les r\u00e9unions de la Conf\u00e9rence ;<\/li>\n<li>Toute autre fonction qui lui est attribu\u00e9e par la Conf\u00e9rence.<\/li>\n<\/ul>\n<p>En outre, il est responsable de :<\/p>\n<ul>\n<li>Pr\u00e9parer et pr\u00e9senter le programme de sa pr\u00e9sidence au d\u00e9but de son mandat ;<\/li>\n<li>Assurer les relations avec les institutions europ\u00e9ennes au nom de la Conf\u00e9rence ;<\/li>\n<li>Coordonner la repr\u00e9sentation des r\u00e9gions ultrap\u00e9riph\u00e9riques dans les forums europ\u00e9ens afin de garantir la d\u00e9fense des r\u00e9gions ultrap\u00e9riph\u00e9riques ;<\/li>\n<li>Participer au Bureau Politique de la Conf\u00e9rence des R\u00e9gions P\u00e9riph\u00e9riques et Maritimes d\u2019Europe (CRPM) ;<\/li>\n<li>Transmettre les positions communes de la Conf\u00e9rence aux institutions europ\u00e9ennes ;<\/li>\n<li>Organiser la session annuelle de la Conf\u00e9rence sur son territoire.<\/li>\n<\/ul>\n<h2>\u00a0<div id=\"metaslider-id-2630\" style=\"max-width: 1200px;\" class=\"ml-slider-3-20-3 metaslider metaslider-flex metaslider-2630 ml-slider\">\n    <div id=\"metaslider_container_2630\">\n        <div id=\"metaslider_2630\">\n            <ul aria-live=\"polite\" class=\"slides\">\n                <li style=\"display: block; width: 100%;\" class=\"slide-7370 ms-image\"><img loading=\"lazy\" decoding=\"async\" src=\"https:\/\/www.cp-rup.com\/wp-content\/uploads\/2022\/01\/CPRUP-18.11.21_2-1200x400.jpg\" height=\"400\" width=\"1200\" alt=\"\" class=\"slider-2630 slide-7370\" title=\"CPRUP-18.11.21_2\" \/><\/li>\n                <li style=\"display: none; width: 100%;\" class=\"slide-7368 ms-image\"><img loading=\"lazy\" decoding=\"async\" src=\"https:\/\/www.cp-rup.com\/wp-content\/uploads\/2022\/01\/CPRUP-18.11.21_1-1200x400.jpg\" height=\"400\" width=\"1200\" alt=\"\" class=\"slider-2630 slide-7368\" title=\"CPRUP-18.11.21_1\" \/><\/li>\n                <li style=\"display: none; width: 100%;\" class=\"slide-7372 ms-image\"><img loading=\"lazy\" decoding=\"async\" src=\"https:\/\/www.cp-rup.com\/wp-content\/uploads\/2022\/01\/CPRUP-18.11.21_3-1200x400.jpg\" height=\"400\" width=\"1200\" alt=\"\" class=\"slider-2630 slide-7372\" title=\"CPRUP-18.11.21_3\" \/><\/li>\n                <li style=\"display: none; width: 100%;\" class=\"slide-7374 ms-image\"><img loading=\"lazy\" decoding=\"async\" src=\"https:\/\/www.cp-rup.com\/wp-content\/uploads\/2022\/01\/CPRUP-18.11.21_4-1200x400.jpg\" height=\"400\" width=\"1200\" alt=\"\" class=\"slider-2630 slide-7374\" title=\"CPRUP-18.11.21_4\" \/><\/li>\n                <li style=\"display: none; width: 100%;\" class=\"slide-7376 ms-image\"><img loading=\"lazy\" decoding=\"async\" src=\"https:\/\/www.cp-rup.com\/wp-content\/uploads\/2022\/01\/CPRUP-18.11.21_5-1200x400.jpg\" height=\"400\" width=\"1200\" alt=\"\" class=\"slider-2630 slide-7376\" title=\"CPRUP-18.11.21_5\" \/><\/li>\n            <\/ul>\n        <\/div>\n        \n    <\/div>\n<\/div><\/h2>\n<p>&nbsp;<\/p>\n","protected":false},"excerpt":{"rendered":"<p>Pr\u00e9sidence Annuelle La pr\u00e9sidence de la Conf\u00e9rence est exerc\u00e9e successivement par chaque RUP, pour une dur\u00e9e d\u2019au moins un an. Lors de la session ordinaire tenue dans la r\u00e9gion qui assure la pr\u00e9sidence tournante, la Conf\u00e9rence d\u00e9signe parmi ses membres le prochain membre de la Conf\u00e9rence et d\u00e9cide de la dur\u00e9e de son mandat en [&hellip;]<\/p>\n","protected":false},"author":37,"featured_media":0,"parent":0,"menu_order":0,"comment_status":"closed","ping_status":"closed","template":"page-static-rich.php","meta":{"_acf_changed":false,"footnotes":"","_links_to":"","_links_to_target":""},"class_list":["post-5982","page","type-page","status-publish","hentry"],"acf":[],"_links":{"self":[{"href":"https:\/\/www.cp-rup.com\/fr\/wp-json\/wp\/v2\/pages\/5982","targetHints":{"allow":["GET"]}}],"collection":[{"href":"https:\/\/www.cp-rup.com\/fr\/wp-json\/wp\/v2\/pages"}],"about":[{"href":"https:\/\/www.cp-rup.com\/fr\/wp-json\/wp\/v2\/types\/page"}],"author":[{"embeddable":true,"href":"https:\/\/www.cp-rup.com\/fr\/wp-json\/wp\/v2\/users\/37"}],"replies":[{"embeddable":true,"href":"https:\/\/www.cp-rup.com\/fr\/wp-json\/wp\/v2\/comments?post=5982"}],"version-history":[{"count":16,"href":"https:\/\/www.cp-rup.com\/fr\/wp-json\/wp\/v2\/pages\/5982\/revisions"}],"predecessor-version":[{"id":7786,"href":"https:\/\/www.cp-rup.com\/fr\/wp-json\/wp\/v2\/pages\/5982\/revisions\/7786"}],"wp:attachment":[{"href":"https:\/\/www.cp-rup.com\/fr\/wp-json\/wp\/v2\/media?parent=5982"}],"curies":[{"name":"wp","href":"https:\/\/api.w.org\/{rel}","templated":true}]}}

Présidence Annuelle

<h1 style="text-align: left;"><span id="result_box" class="short_text" lang="fr"><img loading="lazy" decoding="async" class="size-medium wp-image-7617 alignleft" src="https://cp-rup.com/wp-content/uploads/2022/12/RUP-PERFIL-RRSS_Mesa-de-trabajo-1-2-300x300.png" alt="" width="300" height="300" srcset="https://www.cp-rup.com/wp-content/uploads/2022/12/RUP-PERFIL-RRSS_Mesa-de-trabajo-1-2-300x300.png 300w, https://www.cp-rup.com/wp-content/uploads/2022/12/RUP-PERFIL-RRSS_Mesa-de-trabajo-1-2-150x150.png 150w, https://www.cp-rup.com/wp-content/uploads/2022/12/RUP-PERFIL-RRSS_Mesa-de-trabajo-1-2.png 750w" sizes="auto, (max-width: 300px) 100vw, 300px" />Présidence Annuelle</span></h1>
<p>La présidence de la Conférence est exercée successivement par chaque RUP, pour une durée d’au moins un an. Lors de la session ordinaire tenue dans la région qui assure la présidence tournante, la Conférence désigne parmi ses membres le prochain membre de la Conférence et décide de la durée de son mandat en fonction de l’agenda européen, national et régional.</p>
<p>Sans préjudice de ce qui précède, un calendrier indicatif des présidences pour les années à venir a été adopté en 2017 :</p>
<table style="text-align: left; font-family: 'Calibri',sans-serif; font-size: 80%; color: #707173; height: 185px; width: 700px; margin: 0 auto;" cellspacing="0" cellpadding="2">
<tbody>
<tr style="border-style: solid none; border-color: #ededed; border-width: 3px;">
<td style="border-style: solid none; border-color: #707173; color: #707173; font-weight: bold; text-align: center; width: 115.448px; height: 19px;" valign="undefined">CPRUP</td>
<td style="border-style: solid none; border-color: #707173; font-weight: bold; text-align: center; color: #707173; width: 448.875px; height: 19px;" valign="undefined">ANNÉES</td>
<td style="border-style: solid none; border-color: #707173; font-weight: bold; text-align: center; color: #707173; width: 121.677px; height: 19px;" valign="undefined">PRÉSIDENCE</td>
</tr>
<tr style="height: 19px;">
<td style="border-style: none none solid; border-color: grey; border-width: 1px; text-align: center; width: 115.448px; height: 19px;" valign="undefined">XXI</td>
<td style="border-style: none none solid; border-color: grey; border-width: 1px; text-align: center; width: 448.875px; height: 19px;" valign="undefined">Février 2015 – septembre 2016</td>
<td style="border-style: none none solid; border-color: grey; border-width: 1px; text-align: center; width: 121.677px; height: 19px;" valign="undefined">Madère</td>
</tr>
<tr style="height: 19px;">
<td style="border-style: none none solid; border-color: grey; border-width: 1px; text-align: center; width: 115.448px; height: 19px;" valign="undefined">XXII</td>
<td style="border-style: none none solid; border-color: grey; border-width: 1px; text-align: center; width: 448.875px; height: 19px;" valign="undefined">Septembre 2016 – octobre 2017</td>
<td style="border-style: none none solid; border-color: grey; border-width: 1px; text-align: center; width: 121.677px; height: 19px;" valign="undefined">Guyane</td>
</tr>
<tr style="height: 19px;">
<td style="border-style: none none solid; border-color: grey; border-width: 1px; text-align: center; width: 115.448px; height: 19px;" valign="undefined">XXIII</td>
<td style="border-style: none none solid; border-color: grey; border-width: 1px; text-align: center; width: 448.875px; height: 19px;" valign="undefined">2017 / 2018</td>
<td style="border-style: none none solid; border-color: grey; border-width: 1px; text-align: center; width: 121.677px; height: 19px;" valign="undefined">Canaries</td>
</tr>
<tr style="height: 19px;">
<td style="border-style: none none solid; border-color: grey; border-width: 1px; text-align: center; width: 115.448px; height: 19px;" valign="undefined">XXIV</td>
<td style="border-style: none none solid; border-color: grey; border-width: 1px; text-align: center; width: 448.875px; height: 19px;" valign="undefined">2018 / 2019</td>
<td style="border-style: none none solid; border-color: grey; border-width: 1px; text-align: center; width: 121.677px; height: 19px;" valign="undefined">Saint Martin</td>
</tr>
<tr style="height: 19px;">
<td style="border-style: none none solid; border-color: grey; border-width: 1px; text-align: center; width: 115.448px; height: 19px;" valign="undefined">XXV</td>
<td style="border-style: none none solid; border-color: grey; border-width: 1px; text-align: center; width: 448.875px; height: 19px;" valign="undefined">2019 / 2020</td>
<td style="border-style: none none solid; border-color: grey; border-width: 1px; text-align: center; width: 121.677px; height: 19px;" valign="undefined">Mayotte</td>
</tr>
<tr style="height: 38px;">
<td style="border-style: none none solid; border-color: grey; border-width: 1px; text-align: center; width: 115.448px; height: 38px;" valign="undefined">XXVI</td>
<td style="border-style: none none solid; border-color: grey; border-width: 1px; text-align: center; width: 448.875px; height: 38px;" valign="undefined">2020 / 2021<br />
(Présidence portugaise du Conseil de janvier à juin 2021)</td>
<td style="border-style: none none solid; border-color: grey; border-width: 1px; text-align: center; width: 121.677px; height: 38px;" valign="undefined">Açores</td>
</tr>
<tr style="height: 38px;">
<td style="border-style: none none solid; border-color: grey; border-width: 1px; text-align: center; width: 115.448px; height: 38px;" valign="undefined">XXVII</td>
<td style="border-style: none none solid; border-color: grey; border-width: 1px; text-align: center; width: 448.875px; height: 38px;" valign="undefined">2021 / 2022<br />
(Présidence française du Conseil de janvier à juin 2022)</td>
<td style="border-style: none none solid; border-color: grey; border-width: 1px; text-align: center; width: 121.677px; height: 38px;" valign="undefined">Martinique</td>
</tr>
<tr style="height: 38px;">
<td style="border-style: none none solid; border-color: grey; border-width: 1px; text-align: center; width: 115.448px; height: 38px;" valign="undefined">XXVIII</td>
<td style="border-style: none none solid; border-color: grey; border-width: 1px; text-align: center; width: 448.875px; height: 38px;" valign="undefined">2022 / 2023<br />
(Présidence espagnole du Conseil de juillet à décembre<br />
2023)</td>
<td style="border-style: none none solid; border-color: grey; border-width: 1px; text-align: center; width: 121.677px; height: 38px;" valign="undefined">Canaries</td>
</tr>
<tr style="height: 19px;">
<td style="border-style: none none solid; border-color: grey; border-width: 1px; text-align: center; width: 115.448px; height: 19px;" valign="undefined">XXIX</td>
<td style="border-style: none none solid; border-color: grey; border-width: 1px; text-align: center; width: 448.875px; height: 19px;" valign="undefined">2023 / 2024</td>
<td style="border-style: none none solid; border-color: grey; border-width: 1px; text-align: center; width: 121.677px; height: 19px;" valign="undefined">La Réunion</td>
</tr>
<tr style="height: 19px;">
<td style="border-style: none none solid; border-color: grey; border-width: 1px; text-align: center; width: 115.448px; height: 19px;" valign="undefined">XXX</td>
<td style="border-style: none none solid; border-color: grey; border-width: 1px; text-align: center; width: 448.875px; height: 19px;" valign="undefined">2024 / 2025</td>
<td style="border-style: none none solid; border-color: grey; border-width: 1px; text-align: center; width: 121.677px; height: 19px;" valign="undefined">Guadeloupe</td>
</tr>
<tr style="height: 19px;">
<td style="border-style: none none solid; border-color: grey; border-width: 1px; text-align: center; width: 115.448px; height: 19px;" valign="undefined">XXXI</td>
<td style="border-style: none none solid; border-color: grey; border-width: 1px; text-align: center; width: 448.875px; height: 19px;" valign="undefined">2025 / 2026</td>
<td style="border-style: none none solid; border-color: grey; border-width: 1px; text-align: center; width: 121.677px; height: 19px;" valign="undefined">Madère</td>
</tr>
</tbody>
</table>
<div></div>
<div>
<p>&nbsp;</p>
<h2 style="text-align: center;"></h2>
<p>Lors de la XXVIIème Conférence annuelle des Présidents des Régions Ultrapériphériques qui s’est tenue le 15 et 16 novembre 2022, à Bruxelles, la passation de présidence a eu lieu entre la Martinique et les Îles Canaries, représentés par le Président M. Ángel Víctor TORRES PÉREZ, qui assurera la Présidence de la Conférence des Présidentes des RUP jusqu’en novembre 2023.</p>
</div>
<p>Le président des RUP qui assume la présidence de la Conférence, conformément au protocole de coopération signé entre eux, exerce les fonctions suivantes :</p>
<ul>
<li>Représenter la Conférence auprès des institutions, organes et organismes européens ;</li>
<li>Coordonner les actions et les initiatives dans l’intérêt de la défense des intérêts des régions ultrapériphériques ;</li>
<li>Convoquer les réunions de la Conférence ;</li>
<li>Présider les réunions de la Conférence ;</li>
<li>Toute autre fonction qui lui est attribuée par la Conférence.</li>
</ul>
<p>En outre, il est responsable de :</p>
<ul>
<li>Préparer et présenter le programme de sa présidence au début de son mandat ;</li>
<li>Assurer les relations avec les institutions européennes au nom de la Conférence ;</li>
<li>Coordonner la représentation des régions ultrapériphériques dans les forums européens afin de garantir la défense des régions ultrapériphériques ;</li>
<li>Participer au Bureau Politique de la Conférence des Régions Périphériques et Maritimes d’Europe (CRPM) ;</li>
<li>Transmettre les positions communes de la Conférence aux institutions européennes ;</li>
<li>Organiser la session annuelle de la Conférence sur son territoire.</li>
</ul>
<h2> <div id="metaslider-id-2630" style="max-width: 1200px;" class="ml-slider-3-20-3 metaslider metaslider-flex metaslider-2630 ml-slider">
    <div id="metaslider_container_2630">
        <div id="metaslider_2630">
            <ul aria-live="polite" class="slides">
                <li style="display: block; width: 100%;" class="slide-7370 ms-image"><img loading="lazy" decoding="async" src="https://www.cp-rup.com/wp-content/uploads/2022/01/CPRUP-18.11.21_2-1200x400.jpg" height="400" width="1200" alt="" class="slider-2630 slide-7370" title="CPRUP-18.11.21_2" /></li>
                <li style="display: none; width: 100%;" class="slide-7368 ms-image"><img loading="lazy" decoding="async" src="https://www.cp-rup.com/wp-content/uploads/2022/01/CPRUP-18.11.21_1-1200x400.jpg" height="400" width="1200" alt="" class="slider-2630 slide-7368" title="CPRUP-18.11.21_1" /></li>
                <li style="display: none; width: 100%;" class="slide-7372 ms-image"><img loading="lazy" decoding="async" src="https://www.cp-rup.com/wp-content/uploads/2022/01/CPRUP-18.11.21_3-1200x400.jpg" height="400" width="1200" alt="" class="slider-2630 slide-7372" title="CPRUP-18.11.21_3" /></li>
                <li style="display: none; width: 100%;" class="slide-7374 ms-image"><img loading="lazy" decoding="async" src="https://www.cp-rup.com/wp-content/uploads/2022/01/CPRUP-18.11.21_4-1200x400.jpg" height="400" width="1200" alt="" class="slider-2630 slide-7374" title="CPRUP-18.11.21_4" /></li>
                <li style="display: none; width: 100%;" class="slide-7376 ms-image"><img loading="lazy" decoding="async" src="https://www.cp-rup.com/wp-content/uploads/2022/01/CPRUP-18.11.21_5-1200x400.jpg" height="400" width="1200" alt="" class="slider-2630 slide-7376" title="CPRUP-18.11.21_5" /></li>
            </ul>
        </div>
        
    </div>
</div></h2>
<p>&nbsp;</p>

<p>Présidence Annuelle La présidence de la Conférence est exercée successivement par chaque RUP, pour une durée d’au moins un an. Lors de la session ordinaire tenue dans la région qui assure la présidence tournante, la Conférence désigne parmi ses membres le prochain membre de la Conférence et décide de la durée de son mandat en [&hellip;]</p>
