{"id":6046,"date":"2021-03-19T23:03:11","date_gmt":"2021-03-19T23:03:11","guid":{"rendered":"https:\/\/cp-rup.com\/?page_id=6046"},"modified":"2021-03-19T23:03:11","modified_gmt":"2021-03-19T23:03:11","slug":"a-propos-de","status":"publish","type":"page","link":"https:\/\/www.cp-rup.com\/fr\/a-propos-de\/","title":{"rendered":"\u00c0 propos de"},"content":{"rendered":"<h1 style=\"text-align: center;\">\u00c0 propos de<\/h1>\n<p>La Conf\u00e9rence des pr\u00e9sidents des r\u00e9gions ultrap\u00e9riph\u00e9riques, lanc\u00e9e en 1988, est le principal organe de coop\u00e9ration entre les RUP, tant sur le plan politique que sur le plan technique, pour agir de mani\u00e8re concert\u00e9e dans la d\u00e9fense du statut des r\u00e9gions ultrap\u00e9riph\u00e9riques devant les autorit\u00e9s nationales, communautaires et internationales.<\/p>\n<p>La reconnaissance des dispositions sp\u00e9cifiques pour l&rsquo;int\u00e9gration des r\u00e9gions ultrap\u00e9riph\u00e9riques dans le cadre communautaire implique un processus constant d&rsquo;adaptation au contexte europ\u00e9en et les n\u00e9gociations en cours avec les institutions europ\u00e9ennes pour d\u00e9fendre les sp\u00e9cialit\u00e9s de ces territoires et de r\u00e9aliser l&rsquo;\u00e9galit\u00e9 de chances par rapport aux autres citoyens de l&rsquo;Union.<\/p>\n<p>Avec ce site, nous voulons aider \u00e0 visualiser la situation particuli\u00e8re des r\u00e9gions ultrap\u00e9riph\u00e9riques de l&rsquo;UE et sa volont\u00e9 de coop\u00e9ration exprim\u00e9e au plus haut niveau, repr\u00e9sentant la Conf\u00e9rence des pr\u00e9sidents des r\u00e9gions ultrap\u00e9riph\u00e9riques, diffuser de l&rsquo;information pour faciliter la compr\u00e9hension des sp\u00e9cificit\u00e9s de RUP, les travaux de la Conf\u00e9rence des pr\u00e9sidents, la situation des RUP dans le cadre institutionnel de l&rsquo;UE et donner acc\u00e8s aux documents les plus importants produits sur les RUP (avis du Comit\u00e9 europ\u00e9en des r\u00e9gions ou du Conseil \u00e9conomique et social , Communications de la Commission europ\u00e9enne, etc.).<\/p>\n","protected":false},"excerpt":{"rendered":"<p>\u00c0 propos de La Conf\u00e9rence des pr\u00e9sidents des r\u00e9gions ultrap\u00e9riph\u00e9riques, lanc\u00e9e en 1988, est le principal organe de coop\u00e9ration entre les RUP, tant sur le plan politique que sur le plan technique, pour agir de mani\u00e8re concert\u00e9e dans la d\u00e9fense du statut des r\u00e9gions ultrap\u00e9riph\u00e9riques devant les autorit\u00e9s nationales, communautaires et internationales. La reconnaissance des [&hellip;]<\/p>\n","protected":false},"author":37,"featured_media":0,"parent":0,"menu_order":0,"comment_status":"closed","ping_status":"closed","template":"","meta":{"_acf_changed":false,"footnotes":"","_links_to":"","_links_to_target":""},"class_list":["post-6046","page","type-page","status-publish","hentry"],"acf":[],"_links":{"self":[{"href":"https:\/\/www.cp-rup.com\/fr\/wp-json\/wp\/v2\/pages\/6046","targetHints":{"allow":["GET"]}}],"collection":[{"href":"https:\/\/www.cp-rup.com\/fr\/wp-json\/wp\/v2\/pages"}],"about":[{"href":"https:\/\/www.cp-rup.com\/fr\/wp-json\/wp\/v2\/types\/page"}],"author":[{"embeddable":true,"href":"https:\/\/www.cp-rup.com\/fr\/wp-json\/wp\/v2\/users\/37"}],"replies":[{"embeddable":true,"href":"https:\/\/www.cp-rup.com\/fr\/wp-json\/wp\/v2\/comments?post=6046"}],"version-history":[{"count":1,"href":"https:\/\/www.cp-rup.com\/fr\/wp-json\/wp\/v2\/pages\/6046\/revisions"}],"predecessor-version":[{"id":6047,"href":"https:\/\/www.cp-rup.com\/fr\/wp-json\/wp\/v2\/pages\/6046\/revisions\/6047"}],"wp:attachment":[{"href":"https:\/\/www.cp-rup.com\/fr\/wp-json\/wp\/v2\/media?parent=6046"}],"curies":[{"name":"wp","href":"https:\/\/api.w.org\/{rel}","templated":true}]}}

À propos de

<h1 style="text-align: center;">À propos de</h1>
<p>La Conférence des présidents des régions ultrapériphériques, lancée en 1988, est le principal organe de coopération entre les RUP, tant sur le plan politique que sur le plan technique, pour agir de manière concertée dans la défense du statut des régions ultrapériphériques devant les autorités nationales, communautaires et internationales.</p>
<p>La reconnaissance des dispositions spécifiques pour l&rsquo;intégration des régions ultrapériphériques dans le cadre communautaire implique un processus constant d&rsquo;adaptation au contexte européen et les négociations en cours avec les institutions européennes pour défendre les spécialités de ces territoires et de réaliser l&rsquo;égalité de chances par rapport aux autres citoyens de l&rsquo;Union.</p>
<p>Avec ce site, nous voulons aider à visualiser la situation particulière des régions ultrapériphériques de l&rsquo;UE et sa volonté de coopération exprimée au plus haut niveau, représentant la Conférence des présidents des régions ultrapériphériques, diffuser de l&rsquo;information pour faciliter la compréhension des spécificités de RUP, les travaux de la Conférence des présidents, la situation des RUP dans le cadre institutionnel de l&rsquo;UE et donner accès aux documents les plus importants produits sur les RUP (avis du Comité européen des régions ou du Conseil économique et social , Communications de la Commission européenne, etc.).</p>

<p>À propos de La Conférence des présidents des régions ultrapériphériques, lancée en 1988, est le principal organe de coopération entre les RUP, tant sur le plan politique que sur le plan technique, pour agir de manière concertée dans la défense du statut des régions ultrapériphériques devant les autorités nationales, communautaires et internationales. La reconnaissance des [&hellip;]</p>
