{"id":6089,"date":"2021-03-19T23:59:30","date_gmt":"2021-03-19T23:59:30","guid":{"rendered":"https:\/\/cp-rup.com\/?page_id=6089"},"modified":"2021-03-19T23:59:30","modified_gmt":"2021-03-19T23:59:30","slug":"agenda-des-activites","status":"publish","type":"page","link":"https:\/\/www.cp-rup.com\/fr\/presidence-annuelle\/agenda-des-activites\/","title":{"rendered":"Agenda des activit\u00e9s"},"content":{"rendered":"<h1 style=\"text-align: center;\">Agenda des activit\u00e9s<\/h1>\n<p>Les activit\u00e9s ci-dessous mentionn\u00e9es sont pr\u00e9visionnelles et susceptibles d\u2019\u00e9voluer en fonction de l\u2019agenda europ\u00e9en :<\/p>\n<ul>\n<li>Atelier d\u00e9di\u00e9 aux RUP dans le cadre de la journ\u00e9e europ\u00e9enne maritime \u00e0 Lisbonne le 16 et 17 mai 2019. \/ Outermost worskhop during the European Maritime Day in Lisbon on May 16 and 17.<\/li>\n<li>Conf\u00e9rence \u00ab\u00a0Copernicus Marine pour les RUP et les r\u00e9gions maritimes\u00a0\u00bb, organis\u00e9e par Mercator international en collaboration avec la Conf\u00e9rence des Pr\u00e9sidents des RUP, le 6 et 7 juin 2019 aux A\u00e7ores.<\/li>\n<\/ul>\n<p>http:\/\/marine.copernicus.eu\/cmems4or\/<\/p>\n<ul>\n<li>La semaine europ\u00e9enne de l&rsquo;\u00e9nergie durable \u00e0 Bruxelles le 17 au 21 juin 2019<\/li>\n<li>La semaine des RUP qui aura lieu \u00e0 Saint-Martin en septembre 2019, sur les th\u00e9matiques de la croissance bleue et verte et le changement climatique.<\/li>\n<li>Atelier d\u00e9di\u00e9 aux RUP dans le cadre de la semaine europ\u00e9enne des r\u00e9gions et des villes (REGIO WEEK) \u00e0 Bruxelles qui se tiendra du 7 au 10 octobre 2019.<\/li>\n<li>Rencontre des Pr\u00e9sidents des RUP au second semestre 2019.<\/li>\n<\/ul>\n","protected":false},"excerpt":{"rendered":"<p>Agenda des activit\u00e9s Les activit\u00e9s ci-dessous mentionn\u00e9es sont pr\u00e9visionnelles et susceptibles d\u2019\u00e9voluer en fonction de l\u2019agenda europ\u00e9en : Atelier d\u00e9di\u00e9 aux RUP dans le cadre de la journ\u00e9e europ\u00e9enne maritime \u00e0 Lisbonne le 16 et 17 mai 2019. \/ Outermost worskhop during the European Maritime Day in Lisbon on May 16 and 17. Conf\u00e9rence \u00ab\u00a0Copernicus [&hellip;]<\/p>\n","protected":false},"author":37,"featured_media":0,"parent":5982,"menu_order":4,"comment_status":"closed","ping_status":"closed","template":"page-static-rich.php","meta":{"_acf_changed":false,"footnotes":"","_links_to":"","_links_to_target":""},"class_list":["post-6089","page","type-page","status-publish","hentry"],"acf":[],"_links":{"self":[{"href":"https:\/\/www.cp-rup.com\/fr\/wp-json\/wp\/v2\/pages\/6089","targetHints":{"allow":["GET"]}}],"collection":[{"href":"https:\/\/www.cp-rup.com\/fr\/wp-json\/wp\/v2\/pages"}],"about":[{"href":"https:\/\/www.cp-rup.com\/fr\/wp-json\/wp\/v2\/types\/page"}],"author":[{"embeddable":true,"href":"https:\/\/www.cp-rup.com\/fr\/wp-json\/wp\/v2\/users\/37"}],"replies":[{"embeddable":true,"href":"https:\/\/www.cp-rup.com\/fr\/wp-json\/wp\/v2\/comments?post=6089"}],"version-history":[{"count":1,"href":"https:\/\/www.cp-rup.com\/fr\/wp-json\/wp\/v2\/pages\/6089\/revisions"}],"predecessor-version":[{"id":6090,"href":"https:\/\/www.cp-rup.com\/fr\/wp-json\/wp\/v2\/pages\/6089\/revisions\/6090"}],"up":[{"embeddable":true,"href":"https:\/\/www.cp-rup.com\/fr\/wp-json\/wp\/v2\/pages\/5982"}],"wp:attachment":[{"href":"https:\/\/www.cp-rup.com\/fr\/wp-json\/wp\/v2\/media?parent=6089"}],"curies":[{"name":"wp","href":"https:\/\/api.w.org\/{rel}","templated":true}]}}

Agenda des activités

<h1 style="text-align: center;">Agenda des activités</h1>
<p>Les activités ci-dessous mentionnées sont prévisionnelles et susceptibles d’évoluer en fonction de l’agenda européen :</p>
<ul>
<li>Atelier dédié aux RUP dans le cadre de la journée européenne maritime à Lisbonne le 16 et 17 mai 2019. / Outermost worskhop during the European Maritime Day in Lisbon on May 16 and 17.</li>
<li>Conférence « Copernicus Marine pour les RUP et les régions maritimes », organisée par Mercator international en collaboration avec la Conférence des Présidents des RUP, le 6 et 7 juin 2019 aux Açores.</li>
</ul>
<p>http://marine.copernicus.eu/cmems4or/</p>
<ul>
<li>La semaine européenne de l&rsquo;énergie durable à Bruxelles le 17 au 21 juin 2019</li>
<li>La semaine des RUP qui aura lieu à Saint-Martin en septembre 2019, sur les thématiques de la croissance bleue et verte et le changement climatique.</li>
<li>Atelier dédié aux RUP dans le cadre de la semaine européenne des régions et des villes (REGIO WEEK) à Bruxelles qui se tiendra du 7 au 10 octobre 2019.</li>
<li>Rencontre des Présidents des RUP au second semestre 2019.</li>
</ul>

<p>Agenda des activités Les activités ci-dessous mentionnées sont prévisionnelles et susceptibles d’évoluer en fonction de l’agenda européen : Atelier dédié aux RUP dans le cadre de la journée européenne maritime à Lisbonne le 16 et 17 mai 2019. / Outermost worskhop during the European Maritime Day in Lisbon on May 16 and 17. Conférence « Copernicus [&hellip;]</p>
