{"id":1502,"date":"2018-03-22T11:06:28","date_gmt":"2018-03-22T11:06:28","guid":{"rendered":"https:\/\/cp-rup.com\/?page_id=1502"},"modified":"2021-03-19T23:02:58","modified_gmt":"2021-03-19T23:02:58","slug":"sobre","status":"publish","type":"page","link":"https:\/\/www.cp-rup.com\/pt\/sobre\/","title":{"rendered":"Sobre"},"content":{"rendered":"<h1 style=\"text-align: center;\">Sobre<\/h1>\n<p>A Confer\u00eancia dos Presidentes das Regi\u00f5es Ultraperif\u00e9ricas, criada em 1988, \u00e9 o principal \u00f3rg\u00e3o de coopera\u00e7\u00e3o entre as RUP, tanto pol\u00edtica quanto tecnicamente para atuar em conjunto para defender o estatuto das regi\u00f5es ultraperif\u00e9ricas perante as autoridades nacionais e internacionais.<\/p>\n<p>O reconhecimento do regime espec\u00edfico para a integra\u00e7\u00e3o das regi\u00f5es ultraperif\u00e9ricas no quadro comunit\u00e1rio envolve um processo constante de adapta\u00e7\u00e3o \u00e0s negocia\u00e7\u00f5es europeias em curso e com as institui\u00e7\u00f5es da UE para defender as especificidades desses territ\u00f3rios e alcan\u00e7ar a igualdade efetiva de oportunidades em compara\u00e7\u00e3o com outros cidad\u00e3os da Uni\u00e3o.<\/p>\n<p>Com este site, queremos ajudar a divulgar a situa\u00e7\u00e3o especial das regi\u00f5es ultraperif\u00e9ricas da UE e a sua vontade de cooperar ao mais alto n\u00edvel, representando a Confer\u00eancia dos Presidentes das Regi\u00f5es Ultraperif\u00e9ricas, divulgar informa\u00e7\u00f5es para facilitar a compreens\u00e3o das especificidades das RUP, os trabalhos da Confer\u00eancia dos Presidentes, a situa\u00e7\u00e3o das RUP no quadro institucional da UE e fornecer acesso aos documentos mais importantes produzidos nas RUP (pareceres do Comit\u00e9 das Regi\u00f5es ou o Conselho Econ\u00f3mico e Social , Comunica\u00e7\u00f5es da Comiss\u00e3o Europeia, etc).<\/p>\n","protected":false},"excerpt":{"rendered":"<p>Sobre A Confer\u00eancia dos Presidentes das Regi\u00f5es Ultraperif\u00e9ricas, criada em 1988, \u00e9 o principal \u00f3rg\u00e3o de coopera\u00e7\u00e3o entre as RUP, tanto pol\u00edtica quanto tecnicamente para atuar em conjunto para defender o estatuto das regi\u00f5es ultraperif\u00e9ricas perante as autoridades nacionais e internacionais. O reconhecimento do regime espec\u00edfico para a integra\u00e7\u00e3o das regi\u00f5es ultraperif\u00e9ricas no quadro comunit\u00e1rio [&hellip;]<\/p>\n","protected":false},"author":45,"featured_media":0,"parent":0,"menu_order":0,"comment_status":"closed","ping_status":"closed","template":"","meta":{"_acf_changed":false,"footnotes":"","_links_to":"","_links_to_target":""},"class_list":["post-1502","page","type-page","status-publish","hentry"],"acf":[],"_links":{"self":[{"href":"https:\/\/www.cp-rup.com\/pt\/wp-json\/wp\/v2\/pages\/1502","targetHints":{"allow":["GET"]}}],"collection":[{"href":"https:\/\/www.cp-rup.com\/pt\/wp-json\/wp\/v2\/pages"}],"about":[{"href":"https:\/\/www.cp-rup.com\/pt\/wp-json\/wp\/v2\/types\/page"}],"author":[{"embeddable":true,"href":"https:\/\/www.cp-rup.com\/pt\/wp-json\/wp\/v2\/users\/45"}],"replies":[{"embeddable":true,"href":"https:\/\/www.cp-rup.com\/pt\/wp-json\/wp\/v2\/comments?post=1502"}],"version-history":[{"count":20,"href":"https:\/\/www.cp-rup.com\/pt\/wp-json\/wp\/v2\/pages\/1502\/revisions"}],"predecessor-version":[{"id":6045,"href":"https:\/\/www.cp-rup.com\/pt\/wp-json\/wp\/v2\/pages\/1502\/revisions\/6045"}],"wp:attachment":[{"href":"https:\/\/www.cp-rup.com\/pt\/wp-json\/wp\/v2\/media?parent=1502"}],"curies":[{"name":"wp","href":"https:\/\/api.w.org\/{rel}","templated":true}]}}

<h1 style="text-align: center;">Sobre</h1>
<p>A Conferência dos Presidentes das Regiões Ultraperiféricas, criada em 1988, é o principal órgão de cooperação entre as RUP, tanto política quanto tecnicamente para atuar em conjunto para defender o estatuto das regiões ultraperiféricas perante as autoridades nacionais e internacionais.</p>
<p>O reconhecimento do regime específico para a integração das regiões ultraperiféricas no quadro comunitário envolve um processo constante de adaptação às negociações europeias em curso e com as instituições da UE para defender as especificidades desses territórios e alcançar a igualdade efetiva de oportunidades em comparação com outros cidadãos da União.</p>
<p>Com este site, queremos ajudar a divulgar a situação especial das regiões ultraperiféricas da UE e a sua vontade de cooperar ao mais alto nível, representando a Conferência dos Presidentes das Regiões Ultraperiféricas, divulgar informações para facilitar a compreensão das especificidades das RUP, os trabalhos da Conferência dos Presidentes, a situação das RUP no quadro institucional da UE e fornecer acesso aos documentos mais importantes produzidos nas RUP (pareceres do Comité das Regiões ou o Conselho Económico e Social , Comunicações da Comissão Europeia, etc).</p>

<p>Sobre A Conferência dos Presidentes das Regiões Ultraperiféricas, criada em 1988, é o principal órgão de cooperação entre as RUP, tanto política quanto tecnicamente para atuar em conjunto para defender o estatuto das regiões ultraperiféricas perante as autoridades nacionais e internacionais. O reconhecimento do regime específico para a integração das regiões ultraperiféricas no quadro comunitário [&hellip;]</p>
