{"id":1714,"date":"2018-05-29T09:44:35","date_gmt":"2018-05-29T09:44:35","guid":{"rendered":"https:\/\/cp-rup.com\/?page_id=1714"},"modified":"2022-12-16T16:59:55","modified_gmt":"2022-12-16T16:59:55","slug":"conselho-europeu","status":"publish","type":"page","link":"https:\/\/www.cp-rup.com\/pt\/as-rup-na-ue\/conselho-europeu\/","title":{"rendered":"Conselho Europeu"},"content":{"rendered":"<h1 style=\"text-align: center;\"><strong>\u00a0<\/strong>Conselho Europeu<\/h1>\n<p>Esta institui\u00e7\u00e3o \u00e9 o resultado da pr\u00e1tica de reunir regularmente os Chefes de Estado ou de Governo das primeiras Comunidades Europeias e os seus Ministros dos Neg\u00f3cios Estrangeiros com a finalidade de organizar uma coopera\u00e7\u00e3o pol\u00edtica refor\u00e7ada. A sua formaliza\u00e7\u00e3o legal acontece com o Ato \u00danico Europeu de 1987, considerando-o como um \u00f3rg\u00e3o da UE. Uma das principais novidades do Tratado de Lisboa foi elev\u00e1-lo \u00e0 categoria de institui\u00e7\u00e3o europeia.<\/p>\n<p>A sua principal fun\u00e7\u00e3o \u00e9 dar \u00e0 Uni\u00e3o os impulsos necess\u00e1rios ao seu desenvolvimento, bem como definir as suas orienta\u00e7\u00f5es e prioridades pol\u00edticas gerais, sem exercer qualquer fun\u00e7\u00e3o legislativa.<\/p>\n<p>As RUP, atrav\u00e9s dos Chefes de Estado ou de Governo dos respetivos Estados, instam esta institui\u00e7\u00e3o a ter em conta os seus interesses. Um bom exemplo disso \u00e9 a declara\u00e7\u00e3o dos Presidentes da Confer\u00eancia dos Presidentes das RUP sobre o Quadro Financeiro Plurianual p\u00f3s-2020.<\/p>\n","protected":false},"excerpt":{"rendered":"<p>\u00a0Conselho Europeu Esta institui\u00e7\u00e3o \u00e9 o resultado da pr\u00e1tica de reunir regularmente os Chefes de Estado ou de Governo das primeiras Comunidades Europeias e os seus Ministros dos Neg\u00f3cios Estrangeiros com a finalidade de organizar uma coopera\u00e7\u00e3o pol\u00edtica refor\u00e7ada. A sua formaliza\u00e7\u00e3o legal acontece com o Ato \u00danico Europeu de 1987, considerando-o como um \u00f3rg\u00e3o [&hellip;]<\/p>\n","protected":false},"author":45,"featured_media":0,"parent":40,"menu_order":1,"comment_status":"closed","ping_status":"closed","template":"page-static-rich.php","meta":{"_acf_changed":false,"footnotes":"","_links_to":"","_links_to_target":""},"class_list":["post-1714","page","type-page","status-publish","hentry"],"acf":[],"_links":{"self":[{"href":"https:\/\/www.cp-rup.com\/pt\/wp-json\/wp\/v2\/pages\/1714","targetHints":{"allow":["GET"]}}],"collection":[{"href":"https:\/\/www.cp-rup.com\/pt\/wp-json\/wp\/v2\/pages"}],"about":[{"href":"https:\/\/www.cp-rup.com\/pt\/wp-json\/wp\/v2\/types\/page"}],"author":[{"embeddable":true,"href":"https:\/\/www.cp-rup.com\/pt\/wp-json\/wp\/v2\/users\/45"}],"replies":[{"embeddable":true,"href":"https:\/\/www.cp-rup.com\/pt\/wp-json\/wp\/v2\/comments?post=1714"}],"version-history":[{"count":11,"href":"https:\/\/www.cp-rup.com\/pt\/wp-json\/wp\/v2\/pages\/1714\/revisions"}],"predecessor-version":[{"id":7742,"href":"https:\/\/www.cp-rup.com\/pt\/wp-json\/wp\/v2\/pages\/1714\/revisions\/7742"}],"up":[{"embeddable":true,"href":"https:\/\/www.cp-rup.com\/pt\/wp-json\/wp\/v2\/pages\/40"}],"wp:attachment":[{"href":"https:\/\/www.cp-rup.com\/pt\/wp-json\/wp\/v2\/media?parent=1714"}],"curies":[{"name":"wp","href":"https:\/\/api.w.org\/{rel}","templated":true}]}}

<h1 style="text-align: center;"><strong> </strong>Conselho Europeu</h1>
<p>Esta instituição é o resultado da prática de reunir regularmente os Chefes de Estado ou de Governo das primeiras Comunidades Europeias e os seus Ministros dos Negócios Estrangeiros com a finalidade de organizar uma cooperação política reforçada. A sua formalização legal acontece com o Ato Único Europeu de 1987, considerando-o como um órgão da UE. Uma das principais novidades do Tratado de Lisboa foi elevá-lo à categoria de instituição europeia.</p>
<p>A sua principal função é dar à União os impulsos necessários ao seu desenvolvimento, bem como definir as suas orientações e prioridades políticas gerais, sem exercer qualquer função legislativa.</p>
<p>As RUP, através dos Chefes de Estado ou de Governo dos respetivos Estados, instam esta instituição a ter em conta os seus interesses. Um bom exemplo disso é a declaração dos Presidentes da Conferência dos Presidentes das RUP sobre o Quadro Financeiro Plurianual pós-2020.</p>

<p> Conselho Europeu Esta instituição é o resultado da prática de reunir regularmente os Chefes de Estado ou de Governo das primeiras Comunidades Europeias e os seus Ministros dos Negócios Estrangeiros com a finalidade de organizar uma cooperação política reforçada. A sua formalização legal acontece com o Ato Único Europeu de 1987, considerando-o como um órgão [&hellip;]</p>
