{"id":1729,"date":"2018-05-29T10:52:53","date_gmt":"2018-05-29T10:52:53","guid":{"rendered":"https:\/\/cp-rup.com\/?page_id=1729"},"modified":"2022-12-16T16:36:05","modified_gmt":"2022-12-16T16:36:05","slug":"posicoes-comuns","status":"publish","type":"page","link":"https:\/\/www.cp-rup.com\/pt\/conferencia-dos-presidentes\/posicoes-comuns\/","title":{"rendered":"Posi\u00e7\u00f5es Comuns"},"content":{"rendered":"<h1 style=\"text-align: center;\">Posi\u00e7\u00f5es Comuns<\/h1>\n<p>A colabora\u00e7\u00e3o das RUP, desde meados da d\u00e9cada de 1980, na defesa das suas especificidades, permitiu a consolida\u00e7\u00e3o de uma categoria regional espec\u00edfica no cen\u00e1rio europeu, cuja realidade e diversidade devem ser tratadas em conjunto.<\/p>\n<p>As Regi\u00f5es Ultraperif\u00e9ricas tiveram consci\u00eancia, desde o in\u00edcio, de que apenas a sua a\u00e7\u00e3o conjunta proporciona uma visibilidade suficiente em termos europeus, e lhes permite obter, manter e aprofundar um quadro jur\u00eddico espec\u00edfico.<\/p>\n<p>Nesta perspetiva, as RUP t\u00eam feito esfor\u00e7os importantes para chegar a acordo sobre posi\u00e7\u00f5es conjuntas sobre numerosas quest\u00f5es, identificando os seus interesses comuns e elaborando propostas.<\/p>\n<h3 style=\"text-align: center;\">Memorandos<\/h3>\n<p>Os memorandos conjuntos s\u00e3o documentos estrat\u00e9gicos em que, uma vez identificado e acordado o m\u00ednimo denominador comum entre as RUP, s\u00e3o apresentadas propostas concretas a exortar as institui\u00e7\u00f5es europeias para dinamizar e desenvolver a sua estrat\u00e9gia a favor dessas regi\u00f5es.<\/p>\n<p>Em cada Memorando, procede-se a um balan\u00e7o da estrat\u00e9gia da Comiss\u00e3o Europeia a favor das RUP e fazem-se propostas para aprofundar a tomada em considera\u00e7\u00e3o da ultraperiferia nas propostas financeiras, or\u00e7amentais e legislativas europeias, tendo em conta a base jur\u00eddica espec\u00edfica da ultraperiferia, o artigo 349.\u00ba do TFUE, utilizando plenamente o seu potencial.<\/p>\n<h3 style=\"text-align: center;\">Contribui\u00e7\u00f5es conjuntas<\/h3>\n<p>A evolu\u00e7\u00e3o do contexto europeu e mundial impulsiona um processo cont\u00ednuo de atualiza\u00e7\u00e3o e adapta\u00e7\u00e3o do quadro jur\u00eddico europeu. Neste contexto, as institui\u00e7\u00f5es europeias, especialmente a Comiss\u00e3o Europeia, lan\u00e7am, periodicamente, consultas sobre o futuro das suas pol\u00edticas, iniciativas, programas e a\u00e7\u00f5es em diferentes \u00e1reas. Neste contexto, as RUP alinham os seus interesses com a finalidade de remeter \u00e0s institui\u00e7\u00f5es europeias documenta\u00e7\u00e3o onde plasmam, de forma concreta, as suas posi\u00e7\u00f5es t\u00e9cnicas nas diferentes \u00e1reas submetidas a consulta.<\/p>\n<p style=\"text-align: center;\"><a href=\"https:\/\/cp-rup.com\/biblioteca\/?file_name=&amp;file_category=none&amp;search=true\">Contribui\u00e7\u00f5es conjuntas apresentadas pela Confer\u00eancia dos Presidentes das RUP<\/a><\/p>\n","protected":false},"excerpt":{"rendered":"<p>Posi\u00e7\u00f5es Comuns A colabora\u00e7\u00e3o das RUP, desde meados da d\u00e9cada de 1980, na defesa das suas especificidades, permitiu a consolida\u00e7\u00e3o de uma categoria regional espec\u00edfica no cen\u00e1rio europeu, cuja realidade e diversidade devem ser tratadas em conjunto. As Regi\u00f5es Ultraperif\u00e9ricas tiveram consci\u00eancia, desde o in\u00edcio, de que apenas a sua a\u00e7\u00e3o conjunta proporciona uma visibilidade [&hellip;]<\/p>\n","protected":false},"author":45,"featured_media":0,"parent":33,"menu_order":3,"comment_status":"closed","ping_status":"closed","template":"page-static-rich.php","meta":{"_acf_changed":false,"footnotes":"","_links_to":"","_links_to_target":""},"class_list":["post-1729","page","type-page","status-publish","hentry"],"acf":[],"_links":{"self":[{"href":"https:\/\/www.cp-rup.com\/pt\/wp-json\/wp\/v2\/pages\/1729","targetHints":{"allow":["GET"]}}],"collection":[{"href":"https:\/\/www.cp-rup.com\/pt\/wp-json\/wp\/v2\/pages"}],"about":[{"href":"https:\/\/www.cp-rup.com\/pt\/wp-json\/wp\/v2\/types\/page"}],"author":[{"embeddable":true,"href":"https:\/\/www.cp-rup.com\/pt\/wp-json\/wp\/v2\/users\/45"}],"replies":[{"embeddable":true,"href":"https:\/\/www.cp-rup.com\/pt\/wp-json\/wp\/v2\/comments?post=1729"}],"version-history":[{"count":18,"href":"https:\/\/www.cp-rup.com\/pt\/wp-json\/wp\/v2\/pages\/1729\/revisions"}],"predecessor-version":[{"id":7729,"href":"https:\/\/www.cp-rup.com\/pt\/wp-json\/wp\/v2\/pages\/1729\/revisions\/7729"}],"up":[{"embeddable":true,"href":"https:\/\/www.cp-rup.com\/pt\/wp-json\/wp\/v2\/pages\/33"}],"wp:attachment":[{"href":"https:\/\/www.cp-rup.com\/pt\/wp-json\/wp\/v2\/media?parent=1729"}],"curies":[{"name":"wp","href":"https:\/\/api.w.org\/{rel}","templated":true}]}}

Posições Comuns

<h1 style="text-align: center;">Posições Comuns</h1>
<p>A colaboração das RUP, desde meados da década de 1980, na defesa das suas especificidades, permitiu a consolidação de uma categoria regional específica no cenário europeu, cuja realidade e diversidade devem ser tratadas em conjunto.</p>
<p>As Regiões Ultraperiféricas tiveram consciência, desde o início, de que apenas a sua ação conjunta proporciona uma visibilidade suficiente em termos europeus, e lhes permite obter, manter e aprofundar um quadro jurídico específico.</p>
<p>Nesta perspetiva, as RUP têm feito esforços importantes para chegar a acordo sobre posições conjuntas sobre numerosas questões, identificando os seus interesses comuns e elaborando propostas.</p>
<h3 style="text-align: center;">Memorandos</h3>
<p>Os memorandos conjuntos são documentos estratégicos em que, uma vez identificado e acordado o mínimo denominador comum entre as RUP, são apresentadas propostas concretas a exortar as instituições europeias para dinamizar e desenvolver a sua estratégia a favor dessas regiões.</p>
<p>Em cada Memorando, procede-se a um balanço da estratégia da Comissão Europeia a favor das RUP e fazem-se propostas para aprofundar a tomada em consideração da ultraperiferia nas propostas financeiras, orçamentais e legislativas europeias, tendo em conta a base jurídica específica da ultraperiferia, o artigo 349.º do TFUE, utilizando plenamente o seu potencial.</p>
<h3 style="text-align: center;">Contribuições conjuntas</h3>
<p>A evolução do contexto europeu e mundial impulsiona um processo contínuo de atualização e adaptação do quadro jurídico europeu. Neste contexto, as instituições europeias, especialmente a Comissão Europeia, lançam, periodicamente, consultas sobre o futuro das suas políticas, iniciativas, programas e ações em diferentes áreas. Neste contexto, as RUP alinham os seus interesses com a finalidade de remeter às instituições europeias documentação onde plasmam, de forma concreta, as suas posições técnicas nas diferentes áreas submetidas a consulta.</p>
<p style="text-align: center;"><a href="https://cp-rup.com/biblioteca/?file_name=&amp;file_category=none&amp;search=true">Contribuições conjuntas apresentadas pela Conferência dos Presidentes das RUP</a></p>

<p>Posições Comuns A colaboração das RUP, desde meados da década de 1980, na defesa das suas especificidades, permitiu a consolidação de uma categoria regional específica no cenário europeu, cuja realidade e diversidade devem ser tratadas em conjunto. As Regiões Ultraperiféricas tiveram consciência, desde o início, de que apenas a sua ação conjunta proporciona uma visibilidade [&hellip;]</p>
