{"id":35,"date":"2017-09-20T08:46:26","date_gmt":"2017-09-20T08:46:26","guid":{"rendered":"http:\/\/rup.dev\/?page_id=35"},"modified":"2025-12-04T14:52:06","modified_gmt":"2025-12-04T14:52:06","slug":"comite-de-acompanhamento-da-conferencia","status":"publish","type":"page","link":"https:\/\/www.cp-rup.com\/pt\/conferencia-dos-presidentes\/comite-de-acompanhamento-da-conferencia\/","title":{"rendered":"Comit\u00e9 de Acompanhamento da Confer\u00eancia"},"content":{"rendered":"<p><\/p>\n<h2 style=\"text-align: center;\"><span id=\"result_box\" class=\"short_text\" lang=\"fr\"><img loading=\"lazy\" decoding=\"async\" class=\"size-large wp-image-4337 aligncenter\" src=\"https:\/\/cp-rup.com\/wp-content\/uploads\/2019\/03\/comite-suivi-2019-1-1024x341.jpg\" alt=\"\" width=\"640\" height=\"213\" srcset=\"https:\/\/www.cp-rup.com\/wp-content\/uploads\/2019\/03\/comite-suivi-2019-1-1024x341.jpg 1024w, https:\/\/www.cp-rup.com\/wp-content\/uploads\/2019\/03\/comite-suivi-2019-1-300x100.jpg 300w, https:\/\/www.cp-rup.com\/wp-content\/uploads\/2019\/03\/comite-suivi-2019-1-768x256.jpg 768w, https:\/\/www.cp-rup.com\/wp-content\/uploads\/2019\/03\/comite-suivi-2019-1.jpg 1200w\" sizes=\"auto, (max-width: 640px) 100vw, 640px\" \/><\/span><\/h2>\n<h1 style=\"text-align: center;\">Comit\u00e9 de Acompanhamento da Confer\u00eancia<\/h1>\n<p>A Confer\u00eancia \u00e9 assistida por um Comit\u00e9 de Acompanhamento que implementa as suas orienta\u00e7\u00f5es. \u00c9 composto por altos funcion\u00e1rios e\/ou correspondentes, da administra\u00e7\u00e3o das Regi\u00f5es Ultraperif\u00e9ricas, devidamente nomeados por cada Presidente, autorizados a representar a regi\u00e3o.<\/p>\n<p>Cada regi\u00e3o designa um titular e um membro suplente. Atualmente, os membros do Comit\u00e9 s\u00e3o:<\/p>\n<p><strong>A\u00e7ores <\/strong><\/p>\n<p><u>Membro titular<\/u>: Sandra Garcia &#8211; Diretora Regional dos Assuntos Europeus e Coopera\u00e7\u00e3o Externa<\/p>\n<p><u>Membro suplente:<\/u> Jo\u00e3o Lan\u00e7a &#8211; Coordenador do Gabinete dos A\u00e7ores em Bruxelas<\/p>\n<p><u>Membro suplente:<\/u> Maria Jo\u00e3o Machado &#8211; Dire\u00e7\u00e3o Regional dos Assuntos Europeus e Coopera\u00e7\u00e3o Externa<\/p>\n<p><u>Membro suplente:<\/u> Ana Nunes &#8211; Dire\u00e7\u00e3o Regional dos Assuntos Europeus e Coopera\u00e7\u00e3o Externa<\/p>\n<p><strong>Can\u00e1rias<\/strong><\/p>\n<p><u>Membro titular<\/u>: Celia Alberto P\u00e9rez &#8211; Directora-Geral dos Assuntos Europeus<\/p>\n<p><u>Membro suplente:<\/u> Juli\u00e1n Zafra D\u00edaz &#8211; Chefe da Unidade dos Assuntos Europeus<\/p>\n<p><strong>Guadalupe<\/strong><\/p>\n<p><u>Membro titular:<\/u> Cassandre Gatoux &#8211; Representante da Regi\u00e3o de Guadalupe em Bruxelas<\/p>\n<p><strong>Guiana<\/strong><\/p>\n<p><u>Membro titular:<\/u>\u00a0Alice Colombo &#8211; Respons\u00e1vel pela Antena da Coletividade Territorial da Guiana em Bruxelas<\/p>\n<p><u>Membro suplente<\/u>: Delphine Lasselin &#8211; Respons\u00e1vel pela Antena do Hexagone da Coletividade Territorial da Guiana<\/p>\n<p><strong>Madeira<\/strong><\/p>\n<p><u>Membro titular<\/u>: Fernanda Cardoso &#8211; Diretora Regional dos Assuntos Europeus e Coopera\u00e7\u00e3o Externa<\/p>\n<p><u>Membro suplente<\/u>: S\u00e9rgio Mendon\u00e7a &#8211; Dire\u00e7\u00e3o de Servi\u00e7os das Pol\u00edticas da Uni\u00e3o Europeia e dos Assuntos da Ultraperiferia<\/p>\n<p><strong>Martinica<\/strong><\/p>\n<p><u>Membro titular<\/u>: Christ\u00e8le Allaud &#8211; Representante da Colectividade da Martinica junto da Uni\u00e3o Europeia em Bruxelas<\/p>\n<p><strong>Maiote<\/strong><\/p>\n<p><u>Membro titular<\/u>: Mohamed MOINDJIE &#8211; Chefe de miss\u00e3o das parcerias institucionais<\/p>\n<p><u>Membro suplente<\/u>: Moiyegue ZOUBERT &#8211; Respons\u00e1vel pelas rela\u00e7\u00f5es externas<\/p>\n<p><u>Membro suplente<\/u>: Tahamida IBRAHIM &#8211; Gabinete do Presidente, conselheira t\u00e9cnica<\/p>\n<p><strong>Reuni\u00e3o<\/strong><\/p>\n<p><u>Membro titular<\/u>: Candida Aldehuelo &#8211; Gestora de projectos<\/p>\n<p><u>Membro suplente<\/u>: Jean-Marc Cassam Chenai &#8211; Gestor de projeto<\/p>\n<p><strong>Saint-Martin<\/strong><\/p>\n<p><u>Membro titular<\/u>: Rudya Lake &#8211; Chefe da Miss\u00e3o de Assuntos Europeus<\/p>\n<p><u>Membro suplente:<\/u> Karine Bertaux &#8211; Responsable\u00a0da Miss\u00e3o de Assuntos Europeus<\/p>\n<div id=\"metaslider-id-1428\" style=\"max-width: 1200px;\" class=\"ml-slider-3-20-3 metaslider metaslider-flex metaslider-1428 ml-slider\">\n    <div id=\"metaslider_container_1428\">\n        <div id=\"metaslider_1428\">\n            <ul aria-live=\"polite\" class=\"slides\">\n                <li style=\"display: block; width: 100%;\" class=\"slide-4340 ms-image\"><img loading=\"lazy\" decoding=\"async\" src=\"https:\/\/www.cp-rup.com\/wp-content\/uploads\/2019\/03\/comite-suivi-2019-2.jpg\" height=\"400\" width=\"1200\" alt=\"\" class=\"slider-1428 slide-4340\" \/><\/li>\n                <li style=\"display: none; width: 100%;\" class=\"slide-1429 ms-image\"><img loading=\"lazy\" decoding=\"async\" src=\"https:\/\/www.cp-rup.com\/wp-content\/uploads\/2018\/03\/Comite.Seguimiento.Guadalupe-1-1169x389.jpg\" height=\"400\" width=\"1200\" alt=\"\" class=\"slider-1428 slide-1429\" \/><\/li>\n                <li style=\"display: none; width: 100%;\" class=\"slide-1432 ms-image\"><img loading=\"lazy\" decoding=\"async\" src=\"https:\/\/www.cp-rup.com\/wp-content\/uploads\/2018\/03\/CS-2017-11-091-w.jpg\" height=\"400\" width=\"1200\" alt=\"\" class=\"slider-1428 slide-1432\" \/><\/li>\n                <li style=\"display: none; width: 100%;\" class=\"slide-1433 ms-image\"><img loading=\"lazy\" decoding=\"async\" src=\"https:\/\/www.cp-rup.com\/wp-content\/uploads\/2018\/03\/CS-2018-02-01-w.jpg\" height=\"400\" width=\"1200\" alt=\"\" class=\"slider-1428 slide-1433\" \/><\/li>\n                <li style=\"display: none; width: 100%;\" class=\"slide-2476 ms-image\"><img loading=\"lazy\" decoding=\"async\" src=\"https:\/\/www.cp-rup.com\/wp-content\/uploads\/2018\/07\/Reuni\u00f3n-Grupo-de-Trabajo-RUP-1200x400.jpg\" height=\"400\" width=\"1200\" alt=\"\" class=\"slider-1428 slide-2476\" \/><\/li>\n                <li style=\"display: none; width: 100%;\" class=\"slide-2610 ms-image\"><img loading=\"lazy\" decoding=\"async\" src=\"https:\/\/www.cp-rup.com\/wp-content\/uploads\/2018\/07\/CdS-URUP-mayo-2018-e1535629440112-986x328.jpg\" height=\"400\" width=\"1200\" alt=\"\" class=\"slider-1428 slide-2610\" \/><\/li>\n            <\/ul>\n        <\/div>\n        \n    <\/div>\n<\/div>\n<p>&nbsp;<\/p>","protected":false},"excerpt":{"rendered":"<p>Comit\u00e9 de Acompanhamento da Confer\u00eancia A Confer\u00eancia \u00e9 assistida por um Comit\u00e9 de Acompanhamento que implementa as suas orienta\u00e7\u00f5es. \u00c9 composto por altos funcion\u00e1rios e\/ou correspondentes, da administra\u00e7\u00e3o das Regi\u00f5es Ultraperif\u00e9ricas, devidamente nomeados por cada Presidente, autorizados a representar a regi\u00e3o. Cada regi\u00e3o designa um titular e um membro suplente. Atualmente, os membros do Comit\u00e9 [&hellip;]<\/p>\n","protected":false},"author":45,"featured_media":0,"parent":33,"menu_order":2,"comment_status":"closed","ping_status":"closed","template":"page-static-rich.php","meta":{"_acf_changed":false,"footnotes":"","_links_to":"","_links_to_target":""},"class_list":["post-35","page","type-page","status-publish","hentry"],"acf":[],"_links":{"self":[{"href":"https:\/\/www.cp-rup.com\/pt\/wp-json\/wp\/v2\/pages\/35","targetHints":{"allow":["GET"]}}],"collection":[{"href":"https:\/\/www.cp-rup.com\/pt\/wp-json\/wp\/v2\/pages"}],"about":[{"href":"https:\/\/www.cp-rup.com\/pt\/wp-json\/wp\/v2\/types\/page"}],"author":[{"embeddable":true,"href":"https:\/\/www.cp-rup.com\/pt\/wp-json\/wp\/v2\/users\/45"}],"replies":[{"embeddable":true,"href":"https:\/\/www.cp-rup.com\/pt\/wp-json\/wp\/v2\/comments?post=35"}],"version-history":[{"count":86,"href":"https:\/\/www.cp-rup.com\/pt\/wp-json\/wp\/v2\/pages\/35\/revisions"}],"predecessor-version":[{"id":10293,"href":"https:\/\/www.cp-rup.com\/pt\/wp-json\/wp\/v2\/pages\/35\/revisions\/10293"}],"up":[{"embeddable":true,"href":"https:\/\/www.cp-rup.com\/pt\/wp-json\/wp\/v2\/pages\/33"}],"wp:attachment":[{"href":"https:\/\/www.cp-rup.com\/pt\/wp-json\/wp\/v2\/media?parent=35"}],"curies":[{"name":"wp","href":"https:\/\/api.w.org\/{rel}","templated":true}]}}

Comité de Acompanhamento da Conferência

<p></p>
<h2 style="text-align: center;"><span id="result_box" class="short_text" lang="fr"><img loading="lazy" decoding="async" class="size-large wp-image-4337 aligncenter" src="https://cp-rup.com/wp-content/uploads/2019/03/comite-suivi-2019-1-1024x341.jpg" alt="" width="640" height="213" srcset="https://www.cp-rup.com/wp-content/uploads/2019/03/comite-suivi-2019-1-1024x341.jpg 1024w, https://www.cp-rup.com/wp-content/uploads/2019/03/comite-suivi-2019-1-300x100.jpg 300w, https://www.cp-rup.com/wp-content/uploads/2019/03/comite-suivi-2019-1-768x256.jpg 768w, https://www.cp-rup.com/wp-content/uploads/2019/03/comite-suivi-2019-1.jpg 1200w" sizes="auto, (max-width: 640px) 100vw, 640px" /></span></h2>
<h1 style="text-align: center;">Comité de Acompanhamento da Conferência</h1>
<p>A Conferência é assistida por um Comité de Acompanhamento que implementa as suas orientações. É composto por altos funcionários e/ou correspondentes, da administração das Regiões Ultraperiféricas, devidamente nomeados por cada Presidente, autorizados a representar a região.</p>
<p>Cada região designa um titular e um membro suplente. Atualmente, os membros do Comité são:</p>
<p><strong>Açores </strong></p>
<p><u>Membro titular</u>: Sandra Garcia &#8211; Diretora Regional dos Assuntos Europeus e Cooperação Externa</p>
<p><u>Membro suplente:</u> João Lança &#8211; Coordenador do Gabinete dos Açores em Bruxelas</p>
<p><u>Membro suplente:</u> Maria João Machado &#8211; Direção Regional dos Assuntos Europeus e Cooperação Externa</p>
<p><u>Membro suplente:</u> Ana Nunes &#8211; Direção Regional dos Assuntos Europeus e Cooperação Externa</p>
<p><strong>Canárias</strong></p>
<p><u>Membro titular</u>: Celia Alberto Pérez &#8211; Directora-Geral dos Assuntos Europeus</p>
<p><u>Membro suplente:</u> Julián Zafra Díaz &#8211; Chefe da Unidade dos Assuntos Europeus</p>
<p><strong>Guadalupe</strong></p>
<p><u>Membro titular:</u> Cassandre Gatoux &#8211; Representante da Região de Guadalupe em Bruxelas</p>
<p><strong>Guiana</strong></p>
<p><u>Membro titular:</u> Alice Colombo &#8211; Responsável pela Antena da Coletividade Territorial da Guiana em Bruxelas</p>
<p><u>Membro suplente</u>: Delphine Lasselin &#8211; Responsável pela Antena do Hexagone da Coletividade Territorial da Guiana</p>
<p><strong>Madeira</strong></p>
<p><u>Membro titular</u>: Fernanda Cardoso &#8211; Diretora Regional dos Assuntos Europeus e Cooperação Externa</p>
<p><u>Membro suplente</u>: Sérgio Mendonça &#8211; Direção de Serviços das Políticas da União Europeia e dos Assuntos da Ultraperiferia</p>
<p><strong>Martinica</strong></p>
<p><u>Membro titular</u>: Christèle Allaud &#8211; Representante da Colectividade da Martinica junto da União Europeia em Bruxelas</p>
<p><strong>Maiote</strong></p>
<p><u>Membro titular</u>: Mohamed MOINDJIE &#8211; Chefe de missão das parcerias institucionais</p>
<p><u>Membro suplente</u>: Moiyegue ZOUBERT &#8211; Responsável pelas relações externas</p>
<p><u>Membro suplente</u>: Tahamida IBRAHIM &#8211; Gabinete do Presidente, conselheira técnica</p>
<p><strong>Reunião</strong></p>
<p><u>Membro titular</u>: Candida Aldehuelo &#8211; Gestora de projectos</p>
<p><u>Membro suplente</u>: Jean-Marc Cassam Chenai &#8211; Gestor de projeto</p>
<p><strong>Saint-Martin</strong></p>
<p><u>Membro titular</u>: Rudya Lake &#8211; Chefe da Missão de Assuntos Europeus</p>
<p><u>Membro suplente:</u> Karine Bertaux &#8211; Responsable da Missão de Assuntos Europeus</p>
<div id="metaslider-id-1428" style="max-width: 1200px;" class="ml-slider-3-20-3 metaslider metaslider-flex metaslider-1428 ml-slider">
    <div id="metaslider_container_1428">
        <div id="metaslider_1428">
            <ul aria-live="polite" class="slides">
                <li style="display: block; width: 100%;" class="slide-4340 ms-image"><img loading="lazy" decoding="async" src="https://www.cp-rup.com/wp-content/uploads/2019/03/comite-suivi-2019-2.jpg" height="400" width="1200" alt="" class="slider-1428 slide-4340" /></li>
                <li style="display: none; width: 100%;" class="slide-1429 ms-image"><img loading="lazy" decoding="async" src="https://www.cp-rup.com/wp-content/uploads/2018/03/Comite.Seguimiento.Guadalupe-1-1169x389.jpg" height="400" width="1200" alt="" class="slider-1428 slide-1429" /></li>
                <li style="display: none; width: 100%;" class="slide-1432 ms-image"><img loading="lazy" decoding="async" src="https://www.cp-rup.com/wp-content/uploads/2018/03/CS-2017-11-091-w.jpg" height="400" width="1200" alt="" class="slider-1428 slide-1432" /></li>
                <li style="display: none; width: 100%;" class="slide-1433 ms-image"><img loading="lazy" decoding="async" src="https://www.cp-rup.com/wp-content/uploads/2018/03/CS-2018-02-01-w.jpg" height="400" width="1200" alt="" class="slider-1428 slide-1433" /></li>
                <li style="display: none; width: 100%;" class="slide-2476 ms-image"><img loading="lazy" decoding="async" src="https://www.cp-rup.com/wp-content/uploads/2018/07/Reunión-Grupo-de-Trabajo-RUP-1200x400.jpg" height="400" width="1200" alt="" class="slider-1428 slide-2476" /></li>
                <li style="display: none; width: 100%;" class="slide-2610 ms-image"><img loading="lazy" decoding="async" src="https://www.cp-rup.com/wp-content/uploads/2018/07/CdS-URUP-mayo-2018-e1535629440112-986x328.jpg" height="400" width="1200" alt="" class="slider-1428 slide-2610" /></li>
            </ul>
        </div>
        
    </div>
</div>
<p>&nbsp;</p>

<p>Comité de Acompanhamento da Conferência A Conferência é assistida por um Comité de Acompanhamento que implementa as suas orientações. É composto por altos funcionários e/ou correspondentes, da administração das Regiões Ultraperiféricas, devidamente nomeados por cada Presidente, autorizados a representar a região. Cada região designa um titular e um membro suplente. Atualmente, os membros do Comité [&hellip;]</p>
