{"id":52,"date":"2017-09-20T08:47:59","date_gmt":"2017-09-20T08:47:59","guid":{"rendered":"http:\/\/rup.dev\/?page_id=52"},"modified":"2021-03-22T14:02:15","modified_gmt":"2021-03-22T14:02:15","slug":"comite-economico-e-social-europeu","status":"publish","type":"page","link":"https:\/\/www.cp-rup.com\/pt\/as-rup-na-ue\/comite-economico-e-social-europeu\/","title":{"rendered":"Comit\u00e9 Econ\u00f3mico e Social Europeu"},"content":{"rendered":"<h1 style=\"text-align: center;\"><span id=\"result_box\" class=\"short_text\" lang=\"pt\"><span class=\"\">O Comit\u00e9 Econ\u00f3mico e Social Europeu<\/span><\/span><\/h1>\n<p>O Comit\u00e9 Econ\u00f3mico e Social Europeu (CESE) \u00e9, juntamente com o Comit\u00e9 das Regi\u00f5es, um dos \u00f3rg\u00e3os consultivos das institui\u00e7\u00f5es europeias. \u00c9 composto por representantes de organiza\u00e7\u00f5es de trabalhadores e empregadores e outros grupos de interesse. Emite pareceres sobre quest\u00f5es relevantes da UE e constitui uma ponte entre as institui\u00e7\u00f5es europeias envolvidas no processo legislativo e os cidad\u00e3os europeus.<\/p>\n<p>O CESE emitiu pareceres sobre quest\u00f5es relacionadas com as RUP, refor\u00e7ando a sua colabora\u00e7\u00e3o com as RUP nos \u00faltimos anos atrav\u00e9s de workshops e mesas redondas para tratar de quest\u00f5es espec\u00edficas que afetam a sociedade civil das RUP.<\/p>\n<p>&nbsp;<\/p>\n<p><a href=\"https:\/\/cp-rup.com\/wp-content\/uploads\/2018\/03\/CESE-w.jpg\"><img loading=\"lazy\" decoding=\"async\" class=\"aligncenter size-full wp-image-1390\" src=\"https:\/\/cp-rup.com\/wp-content\/uploads\/2018\/03\/CESE-w.jpg\" alt=\"\" width=\"1200\" height=\"400\" srcset=\"https:\/\/www.cp-rup.com\/wp-content\/uploads\/2018\/03\/CESE-w.jpg 1200w, https:\/\/www.cp-rup.com\/wp-content\/uploads\/2018\/03\/CESE-w-300x100.jpg 300w, https:\/\/www.cp-rup.com\/wp-content\/uploads\/2018\/03\/CESE-w-768x256.jpg 768w, https:\/\/www.cp-rup.com\/wp-content\/uploads\/2018\/03\/CESE-w-1024x341.jpg 1024w\" sizes=\"auto, (max-width: 1200px) 100vw, 1200px\" \/><\/a><\/p>\n<p>&nbsp;<\/p>\n","protected":false},"excerpt":{"rendered":"<p>O Comit\u00e9 Econ\u00f3mico e Social Europeu O Comit\u00e9 Econ\u00f3mico e Social Europeu (CESE) \u00e9, juntamente com o Comit\u00e9 das Regi\u00f5es, um dos \u00f3rg\u00e3os consultivos das institui\u00e7\u00f5es europeias. \u00c9 composto por representantes de organiza\u00e7\u00f5es de trabalhadores e empregadores e outros grupos de interesse. Emite pareceres sobre quest\u00f5es relevantes da UE e constitui uma ponte entre as [&hellip;]<\/p>\n","protected":false},"author":45,"featured_media":0,"parent":40,"menu_order":7,"comment_status":"closed","ping_status":"closed","template":"page-static-rich.php","meta":{"_acf_changed":false,"footnotes":"","_links_to":"","_links_to_target":""},"class_list":["post-52","page","type-page","status-publish","hentry"],"acf":[],"_links":{"self":[{"href":"https:\/\/www.cp-rup.com\/pt\/wp-json\/wp\/v2\/pages\/52","targetHints":{"allow":["GET"]}}],"collection":[{"href":"https:\/\/www.cp-rup.com\/pt\/wp-json\/wp\/v2\/pages"}],"about":[{"href":"https:\/\/www.cp-rup.com\/pt\/wp-json\/wp\/v2\/types\/page"}],"author":[{"embeddable":true,"href":"https:\/\/www.cp-rup.com\/pt\/wp-json\/wp\/v2\/users\/45"}],"replies":[{"embeddable":true,"href":"https:\/\/www.cp-rup.com\/pt\/wp-json\/wp\/v2\/comments?post=52"}],"version-history":[{"count":44,"href":"https:\/\/www.cp-rup.com\/pt\/wp-json\/wp\/v2\/pages\/52\/revisions"}],"predecessor-version":[{"id":5930,"href":"https:\/\/www.cp-rup.com\/pt\/wp-json\/wp\/v2\/pages\/52\/revisions\/5930"}],"up":[{"embeddable":true,"href":"https:\/\/www.cp-rup.com\/pt\/wp-json\/wp\/v2\/pages\/40"}],"wp:attachment":[{"href":"https:\/\/www.cp-rup.com\/pt\/wp-json\/wp\/v2\/media?parent=52"}],"curies":[{"name":"wp","href":"https:\/\/api.w.org\/{rel}","templated":true}]}}

Comité Económico e Social Europeu

<h1 style="text-align: center;"><span id="result_box" class="short_text" lang="pt"><span class="">O Comité Económico e Social Europeu</span></span></h1>
<p>O Comité Económico e Social Europeu (CESE) é, juntamente com o Comité das Regiões, um dos órgãos consultivos das instituições europeias. É composto por representantes de organizações de trabalhadores e empregadores e outros grupos de interesse. Emite pareceres sobre questões relevantes da UE e constitui uma ponte entre as instituições europeias envolvidas no processo legislativo e os cidadãos europeus.</p>
<p>O CESE emitiu pareceres sobre questões relacionadas com as RUP, reforçando a sua colaboração com as RUP nos últimos anos através de workshops e mesas redondas para tratar de questões específicas que afetam a sociedade civil das RUP.</p>
<p>&nbsp;</p>
<p><a href="https://cp-rup.com/wp-content/uploads/2018/03/CESE-w.jpg"><img loading="lazy" decoding="async" class="aligncenter size-full wp-image-1390" src="https://cp-rup.com/wp-content/uploads/2018/03/CESE-w.jpg" alt="" width="1200" height="400" srcset="https://www.cp-rup.com/wp-content/uploads/2018/03/CESE-w.jpg 1200w, https://www.cp-rup.com/wp-content/uploads/2018/03/CESE-w-300x100.jpg 300w, https://www.cp-rup.com/wp-content/uploads/2018/03/CESE-w-768x256.jpg 768w, https://www.cp-rup.com/wp-content/uploads/2018/03/CESE-w-1024x341.jpg 1024w" sizes="auto, (max-width: 1200px) 100vw, 1200px" /></a></p>
<p>&nbsp;</p>

<p>O Comité Económico e Social Europeu O Comité Económico e Social Europeu (CESE) é, juntamente com o Comité das Regiões, um dos órgãos consultivos das instituições europeias. É composto por representantes de organizações de trabalhadores e empregadores e outros grupos de interesse. Emite pareceres sobre questões relevantes da UE e constitui uma ponte entre as [&hellip;]</p>
